{"id":36,"date":"2017-10-29T21:37:31","date_gmt":"2017-10-29T19:37:31","guid":{"rendered":"http:\/\/kutluyayinevi.com\/magaza\/?page_id=36"},"modified":"2026-02-02T13:56:31","modified_gmt":"2026-02-02T10:56:31","slug":"hakkimizda","status":"publish","type":"page","link":"https:\/\/kutluyayinevi.com\/magaza\/hakkimizda\/","title":{"rendered":"Hakk\u0131m\u0131zda"},"content":{"rendered":"<p>Yay\u0131nc\u0131l\u0131k faaliyetlerine 2012 y\u0131l\u0131nda ba\u015flayan <strong>Kutlu Yay\u0131nevi Bas\u0131m Yay\u0131m Da\u011f\u0131t\u0131m Ltd. \u015eti.<\/strong> Tevfikbey Mah. \u015eehit Adem Tamrak Sok. No: 2\/7 K\u00fc\u00e7\u00fck\u00e7ekmece, \u0130stanbul adresinde bulunmaktad\u0131r. Kitap yay\u0131m\u0131n\u0131n yan\u0131nda parakende kitap ve hediyelik \u00fcr\u00fcnleri de sanal ma\u011fazas\u0131ndan okuyucu ve kullan\u0131c\u0131lar\u0131na sat\u0131\u015fa sunmaktad\u0131r.<\/p>\n<p><strong> TC K\u00fclt\u00fcr Bakanl\u0131\u011f\u0131 Sertifikas\u0131<\/strong>: 50661<br \/>\n<strong>Vergi Dairesi<\/strong>: K\u00fc\u00e7\u00fck\u00e7ekmece<br \/>\n<strong>Vergi No<\/strong>: 5990753818<br \/>\n<strong>Telefon<\/strong>: 08502417634<\/p>\n<p><img loading=\"lazy\" decoding=\"async\" class=\"aligncenter wp-image-441 \" src=\"https:\/\/kutluyayinevi.com\/magaza\/wp-content\/uploads\/2018\/04\/kutlu-yayinevi-duvari.jpg\" alt=\"\" width=\"505\" height=\"357\" srcset=\"https:\/\/kutluyayinevi.com\/magaza\/wp-content\/uploads\/2018\/04\/kutlu-yayinevi-duvari.jpg 960w, https:\/\/kutluyayinevi.com\/magaza\/wp-content\/uploads\/2018\/04\/kutlu-yayinevi-duvari-300x212.jpg 300w, https:\/\/kutluyayinevi.com\/magaza\/wp-content\/uploads\/2018\/04\/kutlu-yayinevi-duvari-768x543.jpg 768w, https:\/\/kutluyayinevi.com\/magaza\/wp-content\/uploads\/2018\/04\/kutlu-yayinevi-duvari-416x294.jpg 416w\" sizes=\"auto, (max-width: 505px) 100vw, 505px\" \/><\/p>\n","protected":false},"excerpt":{"rendered":"<p>Yay\u0131nc\u0131l\u0131k faaliyetlerine 2012 y\u0131l\u0131nda ba\u015flayan Kutlu Yay\u0131nevi Bas\u0131m Yay\u0131m Da\u011f\u0131t\u0131m Ltd. \u015eti. Tevfikbey Mah. \u015eehit Adem Tamrak Sok. No: 2\/7 K\u00fc\u00e7\u00fck\u00e7ekmece, \u0130stanbul adresinde bulunmaktad\u0131r. Kitap yay\u0131m\u0131n\u0131n yan\u0131nda parakende kitap ve hediyelik \u00fcr\u00fcnleri de sanal ma\u011fazas\u0131ndan okuyucu ve kullan\u0131c\u0131lar\u0131na sat\u0131\u015fa sunmaktad\u0131r. TC K\u00fclt\u00fcr Bakanl\u0131\u011f\u0131 Sertifikas\u0131: 50661 Vergi Dairesi: K\u00fc\u00e7\u00fck\u00e7ekmece Vergi No: 5990753818 Telefon: 08502417634<\/p>\n","protected":false},"author":1,"featured_media":0,"parent":0,"menu_order":0,"comment_status":"closed","ping_status":"closed","template":"","meta":{"footnotes":""},"class_list":["post-36","page","type-page","status-publish","hentry"],"_links":{"self":[{"href":"https:\/\/kutluyayinevi.com\/magaza\/wp-json\/wp\/v2\/pages\/36","targetHints":{"allow":["GET"]}}],"collection":[{"href":"https:\/\/kutluyayinevi.com\/magaza\/wp-json\/wp\/v2\/pages"}],"about":[{"href":"https:\/\/kutluyayinevi.com\/magaza\/wp-json\/wp\/v2\/types\/page"}],"author":[{"embeddable":true,"href":"https:\/\/kutluyayinevi.com\/magaza\/wp-json\/wp\/v2\/users\/1"}],"replies":[{"embeddable":true,"href":"https:\/\/kutluyayinevi.com\/magaza\/wp-json\/wp\/v2\/comments?post=36"}],"version-history":[{"count":8,"href":"https:\/\/kutluyayinevi.com\/magaza\/wp-json\/wp\/v2\/pages\/36\/revisions"}],"predecessor-version":[{"id":24226,"href":"https:\/\/kutluyayinevi.com\/magaza\/wp-json\/wp\/v2\/pages\/36\/revisions\/24226"}],"wp:attachment":[{"href":"https:\/\/kutluyayinevi.com\/magaza\/wp-json\/wp\/v2\/media?parent=36"}],"curies":[{"name":"wp","href":"https:\/\/api.w.org\/{rel}","templated":true}]}}