{"id":1124,"date":"2018-10-16T15:27:14","date_gmt":"2018-10-16T12:27:14","guid":{"rendered":"https:\/\/kutluyayinevi.com\/magaza\/?post_type=product&#038;p=1124"},"modified":"2026-02-19T15:45:27","modified_gmt":"2026-02-19T12:45:27","slug":"cevap-bekleyen-sorular-metin-sevil","status":"publish","type":"product","link":"https:\/\/kutluyayinevi.com\/magaza\/urun\/cevap-bekleyen-sorular-metin-sevil\/","title":{"rendered":"Cevap Bekleyen Sorular &#8211; Metin Sevil"},"content":{"rendered":"","protected":false},"excerpt":{"rendered":"<p>\u201c\u0130slam\u2019da din adam\u0131 yoktur, herkes dininin adam\u0131d\u0131r!\u201d demi\u015fti eski Diyanet \u0130\u015fleri Ba\u015fkan\u0131 Prof. Dr. Mehmet G\u00f6rmez hoca. Sanki herkes kendine verilen vahiy (Kuran) ve ak\u0131l ile sorgulanmayacak hesap g\u00fcn\u00fcnde! Sanki sadece belli bir z\u00fcmreye g\u00f6nderildi bu din ve sadece onlar hesap verecek! Vahyin muhatab\u0131 her ak\u0131l sahibinin de d\u00fc\u015f\u00fcnme, de\u011ferlendirme ve sorma yetki ve sorumlulu\u011fu oldu\u011funu d\u00fc\u015f\u00fcnerek \u00e7\u0131kt\u0131k bu yola. Ad\u0131m\u0131z\u0131n ba\u015f\u0131nda uzun akademik unvanlar olmasa da yazmaya, g\u00f6r\u00fc\u015f beyan etmeye karar verdik.<\/p>\n<p>As\u0131rlardan beri yap\u0131lageliyor olsa da ak\u0131l almaz h\u0131zla geli\u015fen ileti\u015fim imkanlar\u0131, internet ve sosyal medyan\u0131n yayg\u0131nla\u015fmas\u0131 neticesinde herkesin \u015fahitli\u011fi ve k\u0131smen m\u00fcdahilli\u011fi i\u00e7inde geli\u015fiyor art\u0131k dini tart\u0131\u015fmalar. B\u00f6ylesi kutupla\u015fmam\u0131z ve orta yolu bulamamam\u0131z\u0131n temel nedenlerinden bir tanesi de, tart\u0131\u015fmalara ortada durup bakmay\u0131 pek sevmeyi\u015fimiz bence. \u00c7ok \u015fey yaz\u0131ld\u0131 bu konularda ama hemen her yazan muhakkak bir cenah\u0131n savunucusu oldu\u011fundan, di\u011ferinin tezini d\u00fc\u015f\u00fcnmeye de\u011fer g\u00f6rmeyi\u015finden ve hesab\u0131n\u0131 ba\u015ftan kesmesinden pek mesafe kat edemedik maalesef.<\/p>\n<p>Biz bu \u00e7al\u0131\u015fmam\u0131zda biraz olsun ortadan bakmaya \u00e7al\u0131\u015farak irdelemeye \u00e7al\u0131\u015ft\u0131k tezleri. Bir nebze olsun al\u0131\u015f\u0131lm\u0131\u015f tarzlar\u0131n d\u0131\u015f\u0131na \u00e7\u0131km\u0131\u015f olmak umar\u0131z ki az da olsa katk\u0131 sa\u011flar akl\u0131n yolunda bulu\u015fma \u00e7abalar\u0131na. Amac\u0131m\u0131z hikmet sahibi, ilim erbab\u0131ndan ve t\u00fcm M\u00fcsl\u00fcmanlardan sorular\u0131m\u0131za cevap, g\u00f6r\u00fc\u015f, de\u011ferlendirme alabilmektir. <\/p>\n<p>\u0130ki b\u00f6l\u00fcmden olu\u015fan kitab\u0131m\u0131z\u0131n birinci b\u00f6l\u00fcm\u00fcnde, \u201cDinde h\u00fck\u00fcm kayna\u011f\u0131 nedir\u201d ana sorusu merkezinde olu\u015fan ayr\u0131l\u0131klar, metodoloji sorununun \u00f6n\u00fcm\u00fcze getirdi\u011fi tart\u0131\u015fmalar ve hatta \u00fcmmetin ba\u015f\u0131na a\u00e7t\u0131\u011f\u0131 b\u00fcy\u00fck sorunlar\u0131 irdeleyece\u011fiz.<\/p>\n<p>\u0130kinci b\u00f6l\u00fcmde ise \u201cdinde h\u00fck\u00fcm kayna\u011f\u0131 nedir\u201d meselesini a\u015fm\u0131\u015f olsak, yani rivayet k\u00fclt\u00fcr\u00fcn\u00fc tamamen b\u0131rak\u0131p sadece Kuran\u2019a y\u00f6nelsek bile tart\u0131\u015fmalardan, ayr\u0131\u015fmalardan nas\u0131l kurtulamad\u0131\u011f\u0131m\u0131z\u0131n resmini \u00e7izmeye \u00e7al\u0131\u015facak ve \u00e7\u00f6z\u00fcm yollar\u0131 arayaca\u011f\u0131z.<br \/>\nGayret bizden ba\u015far\u0131 Allah\u2019tan.<\/p>\n","protected":false},"featured_media":1125,"comment_status":"open","ping_status":"closed","template":"","meta":[],"product_brand":[],"product_cat":[19],"product_tag":[],"class_list":{"0":"post-1124","1":"product","2":"type-product","3":"status-publish","4":"has-post-thumbnail","6":"product_cat-din-tasavvuf","8":"first","9":"instock","10":"sale","11":"shipping-taxable","12":"purchasable","13":"product-type-simple"},"_links":{"self":[{"href":"https:\/\/kutluyayinevi.com\/magaza\/wp-json\/wp\/v2\/product\/1124","targetHints":{"allow":["GET"]}}],"collection":[{"href":"https:\/\/kutluyayinevi.com\/magaza\/wp-json\/wp\/v2\/product"}],"about":[{"href":"https:\/\/kutluyayinevi.com\/magaza\/wp-json\/wp\/v2\/types\/product"}],"replies":[{"embeddable":true,"href":"https:\/\/kutluyayinevi.com\/magaza\/wp-json\/wp\/v2\/comments?post=1124"}],"wp:featuredmedia":[{"embeddable":true,"href":"https:\/\/kutluyayinevi.com\/magaza\/wp-json\/wp\/v2\/media\/1125"}],"wp:attachment":[{"href":"https:\/\/kutluyayinevi.com\/magaza\/wp-json\/wp\/v2\/media?parent=1124"}],"wp:term":[{"taxonomy":"product_brand","embeddable":true,"href":"https:\/\/kutluyayinevi.com\/magaza\/wp-json\/wp\/v2\/product_brand?post=1124"},{"taxonomy":"product_cat","embeddable":true,"href":"https:\/\/kutluyayinevi.com\/magaza\/wp-json\/wp\/v2\/product_cat?post=1124"},{"taxonomy":"product_tag","embeddable":true,"href":"https:\/\/kutluyayinevi.com\/magaza\/wp-json\/wp\/v2\/product_tag?post=1124"}],"curies":[{"name":"wp","href":"https:\/\/api.w.org\/{rel}","templated":true}]}}