{"id":131,"date":"2018-03-22T12:56:41","date_gmt":"2018-03-22T09:56:41","guid":{"rendered":"http:\/\/kutluyayinevi.com\/magaza\/?post_type=product&#038;p=131"},"modified":"2026-02-19T16:17:01","modified_gmt":"2026-02-19T13:17:01","slug":"dede-korkut-betigi-gokbey-uluc-turkane-huseynova-aygun-huseynli-dilber-mehdiyeva","status":"publish","type":"product","link":"https:\/\/kutluyayinevi.com\/magaza\/urun\/dede-korkut-betigi-gokbey-uluc-turkane-huseynova-aygun-huseynli-dilber-mehdiyeva\/","title":{"rendered":"Dede Korkut B\u00e9ti\u011fi &#8211; G\u00f6kbey Ulu\u00e7, T\u00fcrkane H\u00fcseynova, Ayg\u00fcn H\u00fcseynli, Dilber Mehdiyeva"},"content":{"rendered":"<table class=\"attribute\">\n<tbody>\n<tr>\n<td>Yay\u0131n Tarihi<\/td>\n<td>2017-08-11<\/td>\n<\/tr>\n<tr>\n<td>ISBN<\/td>\n<td>6059672535<\/td>\n<\/tr>\n<tr>\n<td>Bask\u0131 Say\u0131s\u0131<\/td>\n<td>1. Bask\u0131<\/td>\n<\/tr>\n<tr>\n<td>Dil<\/td>\n<td>T\u00dcRK\u00c7E<\/td>\n<\/tr>\n<tr>\n<td>Sayfa Say\u0131s\u0131<\/td>\n<td>640<\/td>\n<\/tr>\n<tr>\n<td>Cilt Tipi<\/td>\n<td>Karton Kapak<\/td>\n<\/tr>\n<tr>\n<td>Ka\u011f\u0131t Cinsi<\/td>\n<td>Kitap Ka\u011f\u0131d\u0131<\/td>\n<\/tr>\n<tr>\n<td>Boyut<\/td>\n<td>13.5 x 19.5 cm<\/td>\n<\/tr>\n<\/tbody>\n<\/table>\n","protected":false},"excerpt":{"rendered":"<p>\u201cKit\u0101b-\u0131 Dedem \u1e32or\u1e33ud Al\u0101 Lis\u0101n-\u0131 T\u0101ife-i O\u0121uz\u00e2n\u201d ad\u0131yla y\u00fczy\u0131llar \u00f6ncesindeki s\u00f6zl\u00fc yaz\u0131n\u0131m\u0131z\u0131 Arap damgalar\u0131yla (harfleriyle) yaz\u0131ya d\u00f6ken atalar\u0131m\u0131zdan so\u00f1ra, T\u00fcrk Dili D\u00e9rne\u011fi olarak biz de kendi yaz\u0131 d\u00fczene\u011fimizle y\u00e9\u00f1iden yazd\u0131k. Toplumdaki bilinen ad\u0131yla G\u00f6kt\u00fcrk yaz\u0131s\u0131 (T\u00fcrk alfabesi) kullanarak ba\u015ftan so\u00f1a Dresten \u00f6rne\u011fini\/n\u00fcshas\u0131n\u0131 silme elden g\u00e9\u00e7irdik. B\u00f6ylece \u015fimdiye de\u011fin yap\u0131lmam\u0131\u015f bir ilki de g\u00e9r\u00e7ekle\u015ftirdik. \u00dc\u00e7 ayr\u0131 yaz\u0131 d\u00fczene\u011fi ile Dedem Korkut&#8217;u\u00f1 s\u00f6zlerini yazd\u0131k: Arap, L\u00e2tin ve T\u00fcrk alfabeleri.<\/p>\n","protected":false},"featured_media":215,"comment_status":"open","ping_status":"closed","template":"","meta":[],"product_brand":[],"product_cat":[15],"product_tag":[],"class_list":{"0":"post-131","1":"product","2":"type-product","3":"status-publish","4":"has-post-thumbnail","6":"product_cat-dilbilim","8":"first","9":"instock","10":"sale","11":"shipping-taxable","12":"purchasable","13":"product-type-simple"},"_links":{"self":[{"href":"https:\/\/kutluyayinevi.com\/magaza\/wp-json\/wp\/v2\/product\/131","targetHints":{"allow":["GET"]}}],"collection":[{"href":"https:\/\/kutluyayinevi.com\/magaza\/wp-json\/wp\/v2\/product"}],"about":[{"href":"https:\/\/kutluyayinevi.com\/magaza\/wp-json\/wp\/v2\/types\/product"}],"replies":[{"embeddable":true,"href":"https:\/\/kutluyayinevi.com\/magaza\/wp-json\/wp\/v2\/comments?post=131"}],"wp:featuredmedia":[{"embeddable":true,"href":"https:\/\/kutluyayinevi.com\/magaza\/wp-json\/wp\/v2\/media\/215"}],"wp:attachment":[{"href":"https:\/\/kutluyayinevi.com\/magaza\/wp-json\/wp\/v2\/media?parent=131"}],"wp:term":[{"taxonomy":"product_brand","embeddable":true,"href":"https:\/\/kutluyayinevi.com\/magaza\/wp-json\/wp\/v2\/product_brand?post=131"},{"taxonomy":"product_cat","embeddable":true,"href":"https:\/\/kutluyayinevi.com\/magaza\/wp-json\/wp\/v2\/product_cat?post=131"},{"taxonomy":"product_tag","embeddable":true,"href":"https:\/\/kutluyayinevi.com\/magaza\/wp-json\/wp\/v2\/product_tag?post=131"}],"curies":[{"name":"wp","href":"https:\/\/api.w.org\/{rel}","templated":true}]}}