{"id":1886,"date":"2019-04-23T13:12:12","date_gmt":"2019-04-23T10:12:12","guid":{"rendered":"https:\/\/kutluyayinevi.com\/magaza\/?post_type=product&#038;p=1886"},"modified":"2025-01-28T16:44:07","modified_gmt":"2025-01-28T13:44:07","slug":"mutefelsif-bir-zihin-huseyin-yezen","status":"publish","type":"product","link":"https:\/\/kutluyayinevi.com\/magaza\/urun\/mutefelsif-bir-zihin-huseyin-yezen\/","title":{"rendered":"M\u00fctefelsif Bir Zihin &#8211; H\u00fcseyin Yezen"},"content":{"rendered":"","protected":false},"excerpt":{"rendered":"<p>Nefis, kullu\u011fun zahiri k\u00fclfeti alt\u0131na girmek istemeyip o sorumluluktan ka\u00e7mak i\u00e7in m\u00fctemadiyen bir \u00e7\u0131k\u0131\u015f yolu aramaya koyulur. O aray\u0131\u015f neticesinde, insan\u0131n akl\u0131 ve kalbi bir\u00e7ok \u015f\u00fcphelerle m\u00fclevves olur.<\/p>\n<p>Bu \u015f\u00fcphelerin makul cevaplar\u0131 verilmedik\u00e7e, adeta bir sava\u015f topu gibi iman gemisine taarruz edip hasar vermek suretiyle o geminin ink\u00e2r denizinde gark olmas\u0131na sebebiyet verebilir.<\/p>\n<p>Biz de, bu \u015f\u00fcphelerle yaralanm\u0131\u015f kalplere ve m\u00fctefelsif zihinlere, ab-\u0131 hayat t\u00fcr\u00fcnden bir merhem sunabilmek ad\u0131na, zihindeki \u015f\u00fcphelere makul cevaplar vermeye \u00e7al\u0131\u015ft\u0131k. Gayret bizden, muvaffakiyet Allah\u2019tand\u0131r.<\/p>\n","protected":false},"featured_media":1887,"comment_status":"open","ping_status":"closed","template":"","meta":[],"product_brand":[],"product_cat":[19],"product_tag":[],"class_list":{"0":"post-1886","1":"product","2":"type-product","3":"status-publish","4":"has-post-thumbnail","6":"product_cat-din-tasavvuf","8":"first","9":"instock","10":"sale","11":"shipping-taxable","12":"purchasable","13":"product-type-simple"},"_links":{"self":[{"href":"https:\/\/kutluyayinevi.com\/magaza\/wp-json\/wp\/v2\/product\/1886","targetHints":{"allow":["GET"]}}],"collection":[{"href":"https:\/\/kutluyayinevi.com\/magaza\/wp-json\/wp\/v2\/product"}],"about":[{"href":"https:\/\/kutluyayinevi.com\/magaza\/wp-json\/wp\/v2\/types\/product"}],"replies":[{"embeddable":true,"href":"https:\/\/kutluyayinevi.com\/magaza\/wp-json\/wp\/v2\/comments?post=1886"}],"wp:featuredmedia":[{"embeddable":true,"href":"https:\/\/kutluyayinevi.com\/magaza\/wp-json\/wp\/v2\/media\/1887"}],"wp:attachment":[{"href":"https:\/\/kutluyayinevi.com\/magaza\/wp-json\/wp\/v2\/media?parent=1886"}],"wp:term":[{"taxonomy":"product_brand","embeddable":true,"href":"https:\/\/kutluyayinevi.com\/magaza\/wp-json\/wp\/v2\/product_brand?post=1886"},{"taxonomy":"product_cat","embeddable":true,"href":"https:\/\/kutluyayinevi.com\/magaza\/wp-json\/wp\/v2\/product_cat?post=1886"},{"taxonomy":"product_tag","embeddable":true,"href":"https:\/\/kutluyayinevi.com\/magaza\/wp-json\/wp\/v2\/product_tag?post=1886"}],"curies":[{"name":"wp","href":"https:\/\/api.w.org\/{rel}","templated":true}]}}