{"id":18913,"date":"2019-11-22T16:36:04","date_gmt":"2019-11-22T13:36:04","guid":{"rendered":"https:\/\/kutluyayinevi.com\/magaza\/?post_type=product&#038;p=18913"},"modified":"2025-01-29T16:10:16","modified_gmt":"2025-01-29T13:10:16","slug":"yalnizligin-kitabi-kenan-cubukcu","status":"publish","type":"product","link":"https:\/\/kutluyayinevi.com\/magaza\/urun\/yalnizligin-kitabi-kenan-cubukcu\/","title":{"rendered":"Yaln\u0131zl\u0131\u011f\u0131n Kitab\u0131 &#8211; Kenan \u00c7ubukcu"},"content":{"rendered":"","protected":false},"excerpt":{"rendered":"<p>Y\u00e2rin kalbine ba\u011flam\u0131\u015flar sevginin ad\u0131n\u0131<br \/>\nA\u015fk ile al\u0131rs\u0131n demi\u015fler d\u00fcnyan\u0131n tad\u0131n\u0131<br \/>\nSevginle sulars\u0131n hayat deminde g\u00f6n\u00fcl ba\u011f\u0131n\u0131<br \/>\nBunlar bende olmay\u0131nca yazd\u0131m yaln\u0131zl\u0131\u011f\u0131n kitab\u0131n\u0131<\/p>\n","protected":false},"featured_media":18914,"comment_status":"open","ping_status":"closed","template":"","meta":[],"product_brand":[],"product_cat":[22],"product_tag":[],"class_list":{"0":"post-18913","1":"product","2":"type-product","3":"status-publish","4":"has-post-thumbnail","6":"product_cat-siir","8":"first","9":"instock","10":"sale","11":"shipping-taxable","12":"purchasable","13":"product-type-simple"},"_links":{"self":[{"href":"https:\/\/kutluyayinevi.com\/magaza\/wp-json\/wp\/v2\/product\/18913","targetHints":{"allow":["GET"]}}],"collection":[{"href":"https:\/\/kutluyayinevi.com\/magaza\/wp-json\/wp\/v2\/product"}],"about":[{"href":"https:\/\/kutluyayinevi.com\/magaza\/wp-json\/wp\/v2\/types\/product"}],"replies":[{"embeddable":true,"href":"https:\/\/kutluyayinevi.com\/magaza\/wp-json\/wp\/v2\/comments?post=18913"}],"wp:featuredmedia":[{"embeddable":true,"href":"https:\/\/kutluyayinevi.com\/magaza\/wp-json\/wp\/v2\/media\/18914"}],"wp:attachment":[{"href":"https:\/\/kutluyayinevi.com\/magaza\/wp-json\/wp\/v2\/media?parent=18913"}],"wp:term":[{"taxonomy":"product_brand","embeddable":true,"href":"https:\/\/kutluyayinevi.com\/magaza\/wp-json\/wp\/v2\/product_brand?post=18913"},{"taxonomy":"product_cat","embeddable":true,"href":"https:\/\/kutluyayinevi.com\/magaza\/wp-json\/wp\/v2\/product_cat?post=18913"},{"taxonomy":"product_tag","embeddable":true,"href":"https:\/\/kutluyayinevi.com\/magaza\/wp-json\/wp\/v2\/product_tag?post=18913"}],"curies":[{"name":"wp","href":"https:\/\/api.w.org\/{rel}","templated":true}]}}