{"id":19990,"date":"2020-10-16T20:21:37","date_gmt":"2020-10-16T17:21:37","guid":{"rendered":"https:\/\/kutluyayinevi.com\/magaza\/?post_type=product&#038;p=19990"},"modified":"2025-04-25T10:49:41","modified_gmt":"2025-04-25T07:49:41","slug":"kumsalin-annesi-ferhat-sacu","status":"publish","type":"product","link":"https:\/\/kutluyayinevi.com\/magaza\/urun\/kumsalin-annesi-ferhat-sacu\/","title":{"rendered":"Kumsal&#8217;\u0131n Annesi &#8211; Ferhat Sa\u00e7u"},"content":{"rendered":"","protected":false},"excerpt":{"rendered":"<div class=\"phenom-desc\">\n<div class=\"comment-container\">\n<div class=\"action-comment markeddown js-comment\" dir=\"auto\">\n<div class=\"current-comment js-friendly-links js-open-card\">\n<p>Seni Ay\u015fe&#8230;<\/p>\n<p>Her gece d\u00fc\u015flerimde g\u00f6r\u00fcyorum seni; sonraki g\u00fcn o d\u00fc\u015fleri an\u0131ms\u0131yorum; gece tekrar uyudu\u011fumda yeniden d\u00fc\u015flerimde g\u00f6r\u00fcyorum; sonraki g\u00fcn yine o d\u00fc\u015fleri an\u0131ms\u0131yorum&#8230;<\/p>\n<p>Ya\u015fam\u0131\u015f oldu\u011fum bu tahayy\u00fcl d\u00f6ng\u00fcs\u00fc her g\u00fcn artarak devam ediyor.. B\u00f6ylesine seviyorum seni!<\/p>\n<p>Yazar\u0131n ger\u00e7ek hayat\u0131n\u0131 anlatt\u0131\u011f\u0131 bu kitapta:<br \/>\n\u00dczerinizde i\u011fne ucu kadar gurur b\u0131rakmaman\u0131z gerekti\u011fi; b\u00fcy\u00fck ad\u0131m atmaktan korkmaman\u0131z gerekti\u011fi; bilhassa a\u015f\u0131k oldu\u011funuz kad\u0131n\u0131n, korkular\u0131n\u0131zdan daha ehemmiyetli oldu\u011fu ve kalbinize do\u011fmas\u0131n\u0131 istedi\u011finiz g\u00fcne\u015f i\u00e7in t\u00fcm c\u00fcretinizle hayat\u0131n \u00fcst\u00fcne gitmek zaruriyetinde oldu\u011funuz anlat\u0131lmaktad\u0131r!<\/p>\n<p>Unutmay\u0131n: Sevmek i\u00e7in cesaret, kavu\u015fmak i\u00e7in u\u011fra\u015f gerek&#8230;<\/p>\n<\/div>\n<\/div>\n<\/div>\n<\/div>\n","protected":false},"featured_media":19991,"comment_status":"closed","ping_status":"closed","template":"","meta":[],"product_brand":[],"product_cat":[24],"product_tag":[],"class_list":{"0":"post-19990","1":"product","2":"type-product","3":"status-publish","4":"has-post-thumbnail","6":"product_cat-roman","8":"first","9":"outofstock","10":"sale","11":"shipping-taxable","12":"purchasable","13":"product-type-simple"},"_links":{"self":[{"href":"https:\/\/kutluyayinevi.com\/magaza\/wp-json\/wp\/v2\/product\/19990","targetHints":{"allow":["GET"]}}],"collection":[{"href":"https:\/\/kutluyayinevi.com\/magaza\/wp-json\/wp\/v2\/product"}],"about":[{"href":"https:\/\/kutluyayinevi.com\/magaza\/wp-json\/wp\/v2\/types\/product"}],"replies":[{"embeddable":true,"href":"https:\/\/kutluyayinevi.com\/magaza\/wp-json\/wp\/v2\/comments?post=19990"}],"wp:featuredmedia":[{"embeddable":true,"href":"https:\/\/kutluyayinevi.com\/magaza\/wp-json\/wp\/v2\/media\/19991"}],"wp:attachment":[{"href":"https:\/\/kutluyayinevi.com\/magaza\/wp-json\/wp\/v2\/media?parent=19990"}],"wp:term":[{"taxonomy":"product_brand","embeddable":true,"href":"https:\/\/kutluyayinevi.com\/magaza\/wp-json\/wp\/v2\/product_brand?post=19990"},{"taxonomy":"product_cat","embeddable":true,"href":"https:\/\/kutluyayinevi.com\/magaza\/wp-json\/wp\/v2\/product_cat?post=19990"},{"taxonomy":"product_tag","embeddable":true,"href":"https:\/\/kutluyayinevi.com\/magaza\/wp-json\/wp\/v2\/product_tag?post=19990"}],"curies":[{"name":"wp","href":"https:\/\/api.w.org\/{rel}","templated":true}]}}