{"id":20008,"date":"2020-10-29T11:16:18","date_gmt":"2020-10-29T08:16:18","guid":{"rendered":"https:\/\/kutluyayinevi.com\/magaza\/?post_type=product&#038;p=20008"},"modified":"2025-01-31T11:10:41","modified_gmt":"2025-01-31T08:10:41","slug":"gelincik-eylul-ayse-corduk","status":"publish","type":"product","link":"https:\/\/kutluyayinevi.com\/magaza\/urun\/gelincik-eylul-ayse-corduk\/","title":{"rendered":"Gelincik &#8211; Eyl\u00fcl Ay\u015fe \u00c7\u00f6rd\u00fck"},"content":{"rendered":"","protected":false},"excerpt":{"rendered":"<p>Da\u011f \u00e7i\u00e7e\u011fi, k\u00f6ks\u00fcz ba\u011fs\u0131z ince ve narin, k\u0131r\u0131lgan ve zarif, bir gelin duva\u011f\u0131, bir g\u00fcn bat\u0131m\u0131. Duru\u015fu \u015faheser g\u00fczelli\u011fi destan, anlam\u0131 b\u00fcy\u00fck tarifi g\u00fc\u00e7, kan k\u0131rm\u0131z\u0131s\u0131 kadifemsi t\u00fcl.<\/p>\n","protected":false},"featured_media":20009,"comment_status":"closed","ping_status":"closed","template":"","meta":[],"product_brand":[],"product_cat":[24],"product_tag":[],"class_list":{"0":"post-20008","1":"product","2":"type-product","3":"status-publish","4":"has-post-thumbnail","6":"product_cat-roman","8":"first","9":"instock","10":"sale","11":"shipping-taxable","12":"purchasable","13":"product-type-simple"},"_links":{"self":[{"href":"https:\/\/kutluyayinevi.com\/magaza\/wp-json\/wp\/v2\/product\/20008","targetHints":{"allow":["GET"]}}],"collection":[{"href":"https:\/\/kutluyayinevi.com\/magaza\/wp-json\/wp\/v2\/product"}],"about":[{"href":"https:\/\/kutluyayinevi.com\/magaza\/wp-json\/wp\/v2\/types\/product"}],"replies":[{"embeddable":true,"href":"https:\/\/kutluyayinevi.com\/magaza\/wp-json\/wp\/v2\/comments?post=20008"}],"wp:featuredmedia":[{"embeddable":true,"href":"https:\/\/kutluyayinevi.com\/magaza\/wp-json\/wp\/v2\/media\/20009"}],"wp:attachment":[{"href":"https:\/\/kutluyayinevi.com\/magaza\/wp-json\/wp\/v2\/media?parent=20008"}],"wp:term":[{"taxonomy":"product_brand","embeddable":true,"href":"https:\/\/kutluyayinevi.com\/magaza\/wp-json\/wp\/v2\/product_brand?post=20008"},{"taxonomy":"product_cat","embeddable":true,"href":"https:\/\/kutluyayinevi.com\/magaza\/wp-json\/wp\/v2\/product_cat?post=20008"},{"taxonomy":"product_tag","embeddable":true,"href":"https:\/\/kutluyayinevi.com\/magaza\/wp-json\/wp\/v2\/product_tag?post=20008"}],"curies":[{"name":"wp","href":"https:\/\/api.w.org\/{rel}","templated":true}]}}