{"id":20256,"date":"2021-01-21T17:50:36","date_gmt":"2021-01-21T14:50:36","guid":{"rendered":"https:\/\/kutluyayinevi.com\/magaza\/?post_type=product&#038;p=20256"},"modified":"2025-01-31T12:55:34","modified_gmt":"2025-01-31T09:55:34","slug":"unlu-bilim-insanlari-ve-ilginc-hayatlari-fatma-buyukkececi","status":"publish","type":"product","link":"https:\/\/kutluyayinevi.com\/magaza\/urun\/unlu-bilim-insanlari-ve-ilginc-hayatlari-fatma-buyukkececi\/","title":{"rendered":"\u00dcnl\u00fc Bilim \u0130nsanlar\u0131 ve \u0130lgin\u00e7 Hayatlar\u0131 &#8211; Fatma B\u00fcy\u00fckke\u00e7eci"},"content":{"rendered":"","protected":false},"excerpt":{"rendered":"<p>\u2022 Musa Karde\u015flerin, 9. y\u00fczy\u0131lda d\u00fcnyan\u0131n \u00e7evresini yakla\u015f\u0131k olarak 39.000 km olarak \u00f6l\u00e7t\u00fcklerini,<br \/>\n\u2022 Cabir bin Hayyan\u2019\u0131n, atom bombas\u0131n\u0131n ke\u015ffinden 1000 y\u0131l \u00f6nce atomun par\u00e7alanabilece\u011fini ve bunun sonucunda b\u00fcy\u00fck bir g\u00fc\u00e7 meydana \u00e7\u0131kaca\u011f\u0131n\u0131 s\u00f6yledi\u011fini,<br \/>\n\u2022 Abdurrahman Es Sufi\u2019nin Andromeda galaksisini 1050 y\u0131l \u00f6nce tespit etti\u011fini,<br \/>\n\u2022 Avrupa\u2019da c\u00fczzam hastalar\u0131 \u00fcstlerine toprak at\u0131larak \u00f6l\u00fcme terk edilirken \u0130bni Cessar\u2019\u0131n, hastaneler kurup onlar\u0131 tedavi etmeye ba\u015flad\u0131\u011f\u0131n\u0131,<br \/>\n\u2022 Ammar Bin Ali\u2019nin, d\u00fcnyan\u0131n ilk katarakt ameliyat\u0131n\u0131 yapt\u0131\u011f\u0131n\u0131,<br \/>\n\u2022 Robert Boyle\u2019un alt\u0131 ayl\u0131kken konu\u015fmaya ba\u015flay\u0131p bir bu\u00e7uk ya\u015f\u0131ndayken de okuma yazmay\u0131 \u00f6\u011frendi\u011fini,<br \/>\n\u2022 Einstein\u2019\u0131n beyninin, \u00f6l\u00fcm\u00fcn\u00fcn ard\u0131ndan \u00e7al\u0131nd\u0131\u011f\u0131n\u0131, 53 y\u0131l sonra beynin hastaneye iade edildi\u011fini,<br \/>\n\u2022 Niels Bohr\u2019un Danimarka milli futbol tak\u0131m\u0131nda oynad\u0131\u011f\u0131n\u0131,<br \/>\n\u2022 Marconi\u2019ye Titanik\u2019in ilk seyahati i\u00e7in \u00fccretsiz bilet verildi\u011fini ancak \u00fc\u00e7 g\u00fcn \u00f6nce hareket eden ba\u015fka bir gemiye bindi\u011fini,<br \/>\n\u2022 Henry Moseley\u2019in 1915&#8217;de Gelibolu&#8217;da sava\u015f esnas\u0131nda T\u00fcrk keskin ni\u015fanc\u0131 taraf\u0131ndan ba\u015f\u0131ndan vurularak \u00f6ld\u00fc\u011f\u00fcn\u00fc ve mezar\u0131n\u0131n Gelibolu Yar\u0131madas\u0131nda bulundu\u011funu,<br \/>\n\u2022 Kad\u0131n bilim insan\u0131 Cecilia Payne Gaposchkin\u2019in \u00fcniversite okudu\u011fu 1920lerde kad\u0131nlara diploma verilmedi\u011fini,<br \/>\n\u2022 Pierre Curie\u2019nin \u201cEnd\u00fcl\u00fcs&#8217;ten bize 30 kitap kald\u0131 ve atomu par\u00e7alad\u0131k. H\u00fclag\u00fc&#8217;n\u00fcn yakt\u0131\u011f\u0131 y\u00fczbinlerce kitap kalsayd\u0131, \u015fimdilerde galaksiler aras\u0131nda seyahat ediyorduk\u201d dedi\u011fini,<br \/>\n\u2022 Alfred Nobel\u2019in dinamit barutunu buldu\u011funu, daha sonra b\u00fcy\u00fck pi\u015fmanl\u0131k ya\u015fad\u0131\u011f\u0131n\u0131 ve \u00f6l\u00fcnce bir gazetenin \u201c\u00d6l\u00fcm Taciri \u00d6ld\u00fc!\u201d man\u015fetini att\u0131\u011f\u0131n\u0131,<br \/>\n\u2022 Zehra Sayers\u2019in 2019\u2019da \u201cEn Etkili 100 Kad\u0131n\u201d listesine giren tek T\u00fcrk bilim insan\u0131 oldu\u011funu biliyor muydunuz?<\/p>\n","protected":false},"featured_media":20257,"comment_status":"closed","ping_status":"closed","template":"","meta":[],"product_brand":[],"product_cat":[31],"product_tag":[],"class_list":{"0":"post-20256","1":"product","2":"type-product","3":"status-publish","4":"has-post-thumbnail","6":"product_cat-yasamoykusu","8":"first","9":"instock","10":"sale","11":"shipping-taxable","12":"purchasable","13":"product-type-simple"},"_links":{"self":[{"href":"https:\/\/kutluyayinevi.com\/magaza\/wp-json\/wp\/v2\/product\/20256","targetHints":{"allow":["GET"]}}],"collection":[{"href":"https:\/\/kutluyayinevi.com\/magaza\/wp-json\/wp\/v2\/product"}],"about":[{"href":"https:\/\/kutluyayinevi.com\/magaza\/wp-json\/wp\/v2\/types\/product"}],"replies":[{"embeddable":true,"href":"https:\/\/kutluyayinevi.com\/magaza\/wp-json\/wp\/v2\/comments?post=20256"}],"wp:featuredmedia":[{"embeddable":true,"href":"https:\/\/kutluyayinevi.com\/magaza\/wp-json\/wp\/v2\/media\/20257"}],"wp:attachment":[{"href":"https:\/\/kutluyayinevi.com\/magaza\/wp-json\/wp\/v2\/media?parent=20256"}],"wp:term":[{"taxonomy":"product_brand","embeddable":true,"href":"https:\/\/kutluyayinevi.com\/magaza\/wp-json\/wp\/v2\/product_brand?post=20256"},{"taxonomy":"product_cat","embeddable":true,"href":"https:\/\/kutluyayinevi.com\/magaza\/wp-json\/wp\/v2\/product_cat?post=20256"},{"taxonomy":"product_tag","embeddable":true,"href":"https:\/\/kutluyayinevi.com\/magaza\/wp-json\/wp\/v2\/product_tag?post=20256"}],"curies":[{"name":"wp","href":"https:\/\/api.w.org\/{rel}","templated":true}]}}