{"id":20330,"date":"2021-02-10T11:24:23","date_gmt":"2021-02-10T08:24:23","guid":{"rendered":"https:\/\/kutluyayinevi.com\/magaza\/?post_type=product&#038;p=20330"},"modified":"2025-01-31T13:10:39","modified_gmt":"2025-01-31T10:10:39","slug":"atlantik-operasyonu-fahri-kurtulus","status":"publish","type":"product","link":"https:\/\/kutluyayinevi.com\/magaza\/urun\/atlantik-operasyonu-fahri-kurtulus\/","title":{"rendered":"Atlantik Operasyonu &#8211; Fahri Kurtulu\u015f"},"content":{"rendered":"","protected":false},"excerpt":{"rendered":"<p>Amerikal\u0131lar o anlar\u0131 \u0130HA\u2019lar\u0131 ile izlerken CIA operasyon \u015fefinin \u201cT\u00fcrklerin bizden en b\u00fcy\u00fck fark\u0131 bu galiba.\u201d dedi\u011fi duyuldu. \u201cBiz gitti\u011fimiz yerlerden ayr\u0131l\u0131rken insanlar gitti\u011fimiz i\u00e7in Tanr\u0131\u2019ya \u015f\u00fckrederler, T\u00fcrkler ayr\u0131l\u0131rken insanlar onlara te\u015fekk\u00fcr eder, Tanr\u0131\u2019ya da T\u00fcrklerin yeniden gelmesi i\u00e7in dua ederler.\u201d<\/p>\n<p>\u00c7al\u0131nan silah projeleri kurtar\u0131l\u0131rken hesapta olmayan geli\u015fmeler. K\u00fc\u00e7\u00fck ama \u00f6nemli bir operasyonun uluslararas\u0131 bir boyut kazanmas\u0131&#8230;<\/p>\n<p>Okuyucu romanda kendini bazen g\u00f6kte u\u00e7arken, bazen denizde y\u00fczerken ya da bir ma\u011faran\u0131n i\u00e7inde m\u00fccadele ederken bulacak. Askerler aras\u0131 m\u00fccadeleyi de ya\u015fayacak, korsanlarla ya da ter\u00f6ristlere kar\u015f\u0131 yap\u0131lan operasyonlar\u0131 da&#8230; Bunca zorluk aras\u0131nda insanl\u0131\u011f\u0131yla d\u00fcnyaya \u00f6rnek olan T\u00fcrk askerinin g\u00f6n\u00fcl zenginli\u011fine \u015fahit olacak. Bu zenginli\u011fe hayran kal\u0131p sevdaya d\u00fc\u015fenleri de&#8230;<\/p>\n","protected":false},"featured_media":20331,"comment_status":"closed","ping_status":"closed","template":"","meta":[],"product_brand":[],"product_cat":[24],"product_tag":[],"class_list":{"0":"post-20330","1":"product","2":"type-product","3":"status-publish","4":"has-post-thumbnail","6":"product_cat-roman","8":"first","9":"instock","10":"sale","11":"shipping-taxable","12":"purchasable","13":"product-type-simple"},"_links":{"self":[{"href":"https:\/\/kutluyayinevi.com\/magaza\/wp-json\/wp\/v2\/product\/20330","targetHints":{"allow":["GET"]}}],"collection":[{"href":"https:\/\/kutluyayinevi.com\/magaza\/wp-json\/wp\/v2\/product"}],"about":[{"href":"https:\/\/kutluyayinevi.com\/magaza\/wp-json\/wp\/v2\/types\/product"}],"replies":[{"embeddable":true,"href":"https:\/\/kutluyayinevi.com\/magaza\/wp-json\/wp\/v2\/comments?post=20330"}],"wp:featuredmedia":[{"embeddable":true,"href":"https:\/\/kutluyayinevi.com\/magaza\/wp-json\/wp\/v2\/media\/20331"}],"wp:attachment":[{"href":"https:\/\/kutluyayinevi.com\/magaza\/wp-json\/wp\/v2\/media?parent=20330"}],"wp:term":[{"taxonomy":"product_brand","embeddable":true,"href":"https:\/\/kutluyayinevi.com\/magaza\/wp-json\/wp\/v2\/product_brand?post=20330"},{"taxonomy":"product_cat","embeddable":true,"href":"https:\/\/kutluyayinevi.com\/magaza\/wp-json\/wp\/v2\/product_cat?post=20330"},{"taxonomy":"product_tag","embeddable":true,"href":"https:\/\/kutluyayinevi.com\/magaza\/wp-json\/wp\/v2\/product_tag?post=20330"}],"curies":[{"name":"wp","href":"https:\/\/api.w.org\/{rel}","templated":true}]}}