{"id":20369,"date":"2021-03-02T19:58:06","date_gmt":"2021-03-02T16:58:06","guid":{"rendered":"https:\/\/kutluyayinevi.com\/magaza\/?post_type=product&#038;p=20369"},"modified":"2025-01-31T12:36:21","modified_gmt":"2025-01-31T09:36:21","slug":"sakli-hazine-yada-tasi-muhafizlari-yasemin-ak","status":"publish","type":"product","link":"https:\/\/kutluyayinevi.com\/magaza\/urun\/sakli-hazine-yada-tasi-muhafizlari-yasemin-ak\/","title":{"rendered":"Sakl\u0131 Hazine &#8211; Yada Ta\u015f\u0131 Muhaf\u0131zlar\u0131 &#8211; Yasemin Ak"},"content":{"rendered":"","protected":false},"excerpt":{"rendered":"<p>Kanad\u0131ndan yanarak d\u00fc\u015fen bir t\u00fcy, bebe\u011fin sar\u0131l\u0131 oldu\u011fu \u00e7ar\u015fafa hafif\u00e7e dokundu. \u00d6rt\u00fc alev almaya ba\u015flad\u0131\u011f\u0131nda bebek uyuyordu. Tu\u011frul Ku\u015fu bebe\u011fin de alev ald\u0131\u011f\u0131n\u0131 g\u00f6rm\u00fc\u015f ve deh\u015fete kap\u0131lm\u0131\u015ft\u0131. Alevler bedenini, \u00e7aresizlik ise t\u00fcm benli\u011fini sarm\u0131\u015ft\u0131. Huzur i\u00e7inde uyumaya devam eden bebe\u011fin y\u00fcz\u00fcn\u00fc g\u00f6rmek ise tanr\u0131\u00e7an\u0131n iste\u011fini anlamas\u0131n\u0131 sa\u011flad\u0131. Rahatlad\u0131 ve zihnini serbest b\u0131rakarak kanatlar\u0131yla yava\u015f\u00e7a bebe\u011fi sarmalad\u0131. Her ikisi de ate\u015fin yak\u0131c\u0131l\u0131\u011f\u0131na kendini b\u0131rakm\u0131\u015ft\u0131. G\u00fcn do\u011fumunun tamamlanmas\u0131yla birlikte son k\u0131v\u0131lc\u0131m da s\u00f6n\u00fcmlendi\u011finde Tu\u011frul Ku\u015fu ve bebek art\u0131k birbirlerinin k\u00fcllerine kar\u0131\u015fm\u0131\u015ft\u0131.<\/p>\n","protected":false},"featured_media":20370,"comment_status":"closed","ping_status":"closed","template":"","meta":[],"product_brand":[],"product_cat":[24],"product_tag":[],"class_list":{"0":"post-20369","1":"product","2":"type-product","3":"status-publish","4":"has-post-thumbnail","6":"product_cat-roman","8":"first","9":"instock","10":"sale","11":"shipping-taxable","12":"purchasable","13":"product-type-simple"},"_links":{"self":[{"href":"https:\/\/kutluyayinevi.com\/magaza\/wp-json\/wp\/v2\/product\/20369","targetHints":{"allow":["GET"]}}],"collection":[{"href":"https:\/\/kutluyayinevi.com\/magaza\/wp-json\/wp\/v2\/product"}],"about":[{"href":"https:\/\/kutluyayinevi.com\/magaza\/wp-json\/wp\/v2\/types\/product"}],"replies":[{"embeddable":true,"href":"https:\/\/kutluyayinevi.com\/magaza\/wp-json\/wp\/v2\/comments?post=20369"}],"wp:featuredmedia":[{"embeddable":true,"href":"https:\/\/kutluyayinevi.com\/magaza\/wp-json\/wp\/v2\/media\/20370"}],"wp:attachment":[{"href":"https:\/\/kutluyayinevi.com\/magaza\/wp-json\/wp\/v2\/media?parent=20369"}],"wp:term":[{"taxonomy":"product_brand","embeddable":true,"href":"https:\/\/kutluyayinevi.com\/magaza\/wp-json\/wp\/v2\/product_brand?post=20369"},{"taxonomy":"product_cat","embeddable":true,"href":"https:\/\/kutluyayinevi.com\/magaza\/wp-json\/wp\/v2\/product_cat?post=20369"},{"taxonomy":"product_tag","embeddable":true,"href":"https:\/\/kutluyayinevi.com\/magaza\/wp-json\/wp\/v2\/product_tag?post=20369"}],"curies":[{"name":"wp","href":"https:\/\/api.w.org\/{rel}","templated":true}]}}