{"id":20701,"date":"2021-06-09T09:35:35","date_gmt":"2021-06-09T06:35:35","guid":{"rendered":"https:\/\/kutluyayinevi.com\/magaza\/?post_type=product&#038;p=20701"},"modified":"2025-02-04T10:48:01","modified_gmt":"2025-02-04T07:48:01","slug":"ilk-cemre-duserken-ilknur-yesiltas-cemile-caliskan-demirkol","status":"publish","type":"product","link":"https:\/\/kutluyayinevi.com\/magaza\/urun\/ilk-cemre-duserken-ilknur-yesiltas-cemile-caliskan-demirkol\/","title":{"rendered":"\u0130lk Cemre D\u00fc\u015ferken &#8211; \u0130lknur Ye\u015filta\u015f &#8211; Cemile \u00c7al\u0131\u015fkan Demirkol"},"content":{"rendered":"","protected":false},"excerpt":{"rendered":"<p>Onunla konu\u015furken, bebe\u011fin ad\u0131n\u0131n Cemre olmas\u0131n\u0131 istedi\u011fini s\u00f6ylemi\u015fti bana. Var m\u0131 bir sebebi diye sordu\u011fumda &#8220;Her umudumu yitirip bitti zannetti\u011fim anda, hayat yeni bir &#8216;Cemre&#8217; d\u00fc\u015f\u00fcrm\u00fc\u015ft\u00fc bu yorgun can\u0131ma&#8230;&#8221; demi\u015fti biricik k\u0131z\u0131m.<\/p>\n<p>Ge\u00e7mi\u015fiyle y\u00fczle\u015fmeye cesaret edemeyen H\u00fcmeyra\u2019y\u0131 ve yorgun kalbinin enkaz\u0131 alt\u0131nda nefes almaya \u00e7al\u0131\u015fan Esra\u2019y\u0131 bir isim kar\u0131\u015f\u0131kl\u0131\u011f\u0131 ile ba\u015flayan tevafuklar kar\u015f\u0131lar.<\/p>\n<p>Sevgili Okur, Esra ve H\u00fcmeyra\u2019n\u0131n s\u00fcrprizlerle dolu bu yolculu\u011funda, sen de fark\u0131nda olmadan derin hislerini y\u00fcrek valizine alacaks\u0131n.<\/p>\n<p>Sat\u0131rlar\u0131m\u0131za ho\u015f geldin&#8230;<\/p>\n","protected":false},"featured_media":20702,"comment_status":"closed","ping_status":"closed","template":"","meta":[],"product_brand":[],"product_cat":[24],"product_tag":[],"class_list":{"0":"post-20701","1":"product","2":"type-product","3":"status-publish","4":"has-post-thumbnail","6":"product_cat-roman","8":"first","9":"instock","10":"sale","11":"shipping-taxable","12":"purchasable","13":"product-type-simple"},"_links":{"self":[{"href":"https:\/\/kutluyayinevi.com\/magaza\/wp-json\/wp\/v2\/product\/20701","targetHints":{"allow":["GET"]}}],"collection":[{"href":"https:\/\/kutluyayinevi.com\/magaza\/wp-json\/wp\/v2\/product"}],"about":[{"href":"https:\/\/kutluyayinevi.com\/magaza\/wp-json\/wp\/v2\/types\/product"}],"replies":[{"embeddable":true,"href":"https:\/\/kutluyayinevi.com\/magaza\/wp-json\/wp\/v2\/comments?post=20701"}],"wp:featuredmedia":[{"embeddable":true,"href":"https:\/\/kutluyayinevi.com\/magaza\/wp-json\/wp\/v2\/media\/20702"}],"wp:attachment":[{"href":"https:\/\/kutluyayinevi.com\/magaza\/wp-json\/wp\/v2\/media?parent=20701"}],"wp:term":[{"taxonomy":"product_brand","embeddable":true,"href":"https:\/\/kutluyayinevi.com\/magaza\/wp-json\/wp\/v2\/product_brand?post=20701"},{"taxonomy":"product_cat","embeddable":true,"href":"https:\/\/kutluyayinevi.com\/magaza\/wp-json\/wp\/v2\/product_cat?post=20701"},{"taxonomy":"product_tag","embeddable":true,"href":"https:\/\/kutluyayinevi.com\/magaza\/wp-json\/wp\/v2\/product_tag?post=20701"}],"curies":[{"name":"wp","href":"https:\/\/api.w.org\/{rel}","templated":true}]}}