{"id":20773,"date":"2021-06-29T09:31:11","date_gmt":"2021-06-29T06:31:11","guid":{"rendered":"https:\/\/kutluyayinevi.com\/magaza\/?post_type=product&#038;p=20773"},"modified":"2025-02-04T11:00:59","modified_gmt":"2025-02-04T08:00:59","slug":"keloglanin-becerikli-esegi-tahsin-melan","status":"publish","type":"product","link":"https:\/\/kutluyayinevi.com\/magaza\/urun\/keloglanin-becerikli-esegi-tahsin-melan\/","title":{"rendered":"Kelo\u011flan&#8217;\u0131n Becerikli E\u015fe\u011fi &#8211; Tahsin Melan"},"content":{"rendered":"","protected":false},"excerpt":{"rendered":"<p>ONURLU N\u0130CE 45 YILLARA<\/p>\n<p>\u00c7ocuklara y\u00f6nelik oyunumuzun 45. y\u0131l\u0131n\u0131 onurla kutlarken nihayetinde kitapla\u015ft\u0131rmaya karar verdim. Y\u0131llar ge\u00e7tik\u00e7e artan ilginin devam etmesi, yurdun d\u00f6rt bir yan\u0131nda farkl\u0131 topluluklarca y\u00fczlerce kez sergilenmi\u015f olmas\u0131 ve g\u00fcncelli\u011fini yitirmemesi, pek \u00e7ok \u00f6d\u00fcle lay\u0131k g\u00f6r\u00fclmesi bu konuya ili\u015fkin \u00e7al\u0131\u015fmalar\u0131m\u0131z\u0131n ve ilkelerimizin ne denli do\u011fru ve isabetli oldu\u011funun bir g\u00f6stergesidir. Onca eme\u011fin bo\u015fa gitmedi\u011fini g\u00f6rmek bizim i\u00e7in \u00f6d\u00fcllerin en b\u00fcy\u00fc\u011f\u00fc olmu\u015ftur.<\/p>\n<p>T\u00fcrk tiyatrosuna ve \u00e7ocuklar\u0131na arma\u011fan\u0131md\u0131r.<\/p>\n<p>Tahsin MELAN<\/p>\n","protected":false},"featured_media":20774,"comment_status":"closed","ping_status":"closed","template":"","meta":[],"product_brand":[],"product_cat":[61],"product_tag":[],"class_list":{"0":"post-20773","1":"product","2":"type-product","3":"status-publish","4":"has-post-thumbnail","6":"product_cat-tiyatro","8":"first","9":"instock","10":"sale","11":"shipping-taxable","12":"purchasable","13":"product-type-simple"},"_links":{"self":[{"href":"https:\/\/kutluyayinevi.com\/magaza\/wp-json\/wp\/v2\/product\/20773","targetHints":{"allow":["GET"]}}],"collection":[{"href":"https:\/\/kutluyayinevi.com\/magaza\/wp-json\/wp\/v2\/product"}],"about":[{"href":"https:\/\/kutluyayinevi.com\/magaza\/wp-json\/wp\/v2\/types\/product"}],"replies":[{"embeddable":true,"href":"https:\/\/kutluyayinevi.com\/magaza\/wp-json\/wp\/v2\/comments?post=20773"}],"wp:featuredmedia":[{"embeddable":true,"href":"https:\/\/kutluyayinevi.com\/magaza\/wp-json\/wp\/v2\/media\/20774"}],"wp:attachment":[{"href":"https:\/\/kutluyayinevi.com\/magaza\/wp-json\/wp\/v2\/media?parent=20773"}],"wp:term":[{"taxonomy":"product_brand","embeddable":true,"href":"https:\/\/kutluyayinevi.com\/magaza\/wp-json\/wp\/v2\/product_brand?post=20773"},{"taxonomy":"product_cat","embeddable":true,"href":"https:\/\/kutluyayinevi.com\/magaza\/wp-json\/wp\/v2\/product_cat?post=20773"},{"taxonomy":"product_tag","embeddable":true,"href":"https:\/\/kutluyayinevi.com\/magaza\/wp-json\/wp\/v2\/product_tag?post=20773"}],"curies":[{"name":"wp","href":"https:\/\/api.w.org\/{rel}","templated":true}]}}