{"id":20827,"date":"2021-07-28T16:42:33","date_gmt":"2021-07-28T13:42:33","guid":{"rendered":"https:\/\/kutluyayinevi.com\/magaza\/?post_type=product&#038;p=20827"},"modified":"2025-02-04T10:54:07","modified_gmt":"2025-02-04T07:54:07","slug":"rambutan-ensar-kucukaltan","status":"publish","type":"product","link":"https:\/\/kutluyayinevi.com\/magaza\/urun\/rambutan-ensar-kucukaltan\/","title":{"rendered":"Rambutan &#8211; Ensar K\u00fc\u00e7\u00fckaltan"},"content":{"rendered":"","protected":false},"excerpt":{"rendered":"<p>Rambutan<\/p>\n<p>\u0130stanbul&#8217;da bir ak\u015fam\u00fcst\u00fc t\u00fcm duygular\u0131 bir arada\u00a0 ya\u015fatmaz m\u0131 insana?<\/p>\n<p>Ba\u015frol\u00fcnde olmad\u0131\u011f\u0131m\u0131z hik\u00e2yelerimizi g\u00f6md\u00fck bu \u015fehre. G\u00f6md\u00fc\u011f\u00fcm\u00fcz her hik\u00e2ye ki hayat denilen\u00a0 s\u00fcreli \u00e7izelgenin bir b\u00f6l\u00fcm\u00fcnde bize d\u00e2hil olur.<\/p>\n<p>G\u00f6mecek hik\u00e2ye kalmamas\u0131ndan korkuyorum.<\/p>\n<p>\u00c7\u00fcnk\u00fc o zaman perde kapan\u0131r.<\/p>\n","protected":false},"featured_media":20828,"comment_status":"closed","ping_status":"closed","template":"","meta":[],"product_brand":[],"product_cat":[26],"product_tag":[],"class_list":{"0":"post-20827","1":"product","2":"type-product","3":"status-publish","4":"has-post-thumbnail","6":"product_cat-deneme","8":"first","9":"instock","10":"sale","11":"shipping-taxable","12":"purchasable","13":"product-type-simple"},"_links":{"self":[{"href":"https:\/\/kutluyayinevi.com\/magaza\/wp-json\/wp\/v2\/product\/20827","targetHints":{"allow":["GET"]}}],"collection":[{"href":"https:\/\/kutluyayinevi.com\/magaza\/wp-json\/wp\/v2\/product"}],"about":[{"href":"https:\/\/kutluyayinevi.com\/magaza\/wp-json\/wp\/v2\/types\/product"}],"replies":[{"embeddable":true,"href":"https:\/\/kutluyayinevi.com\/magaza\/wp-json\/wp\/v2\/comments?post=20827"}],"wp:featuredmedia":[{"embeddable":true,"href":"https:\/\/kutluyayinevi.com\/magaza\/wp-json\/wp\/v2\/media\/20828"}],"wp:attachment":[{"href":"https:\/\/kutluyayinevi.com\/magaza\/wp-json\/wp\/v2\/media?parent=20827"}],"wp:term":[{"taxonomy":"product_brand","embeddable":true,"href":"https:\/\/kutluyayinevi.com\/magaza\/wp-json\/wp\/v2\/product_brand?post=20827"},{"taxonomy":"product_cat","embeddable":true,"href":"https:\/\/kutluyayinevi.com\/magaza\/wp-json\/wp\/v2\/product_cat?post=20827"},{"taxonomy":"product_tag","embeddable":true,"href":"https:\/\/kutluyayinevi.com\/magaza\/wp-json\/wp\/v2\/product_tag?post=20827"}],"curies":[{"name":"wp","href":"https:\/\/api.w.org\/{rel}","templated":true}]}}