{"id":20840,"date":"2021-08-03T11:18:26","date_gmt":"2021-08-03T08:18:26","guid":{"rendered":"https:\/\/kutluyayinevi.com\/magaza\/?post_type=product&#038;p=20840"},"modified":"2026-02-20T09:20:22","modified_gmt":"2026-02-20T06:20:22","slug":"enayi-kedi-zirtonya-gezegeni-emrah-sari","status":"publish","type":"product","link":"https:\/\/kutluyayinevi.com\/magaza\/urun\/enayi-kedi-zirtonya-gezegeni-emrah-sari\/","title":{"rendered":"Enayi Kedi Z\u0131rtonya Gezegeni &#8211; Emrah Sar\u0131"},"content":{"rendered":"","protected":false},"excerpt":{"rendered":"<p>Bin y\u0131l susmu\u015fken\u2026<br \/>\nBir g\u00fcn,<br \/>\nDayanamay\u0131p<br \/>\nG\u00fcpeg\u00fcnd\u00fcz;<br \/>\n\u00dcst\u00fcne,<br \/>\nAptall\u0131\u011f\u0131 tutuverince<br \/>\nTam ak\u0131lland\u0131 sand\u0131klar\u0131 bir anda,<br \/>\nHem de hi\u00e7 susmaks\u0131z\u0131n<br \/>\nKonu\u015fuverdi:<br \/>\nEnayilik i\u00e7imizde!<\/p>\n","protected":false},"featured_media":20841,"comment_status":"closed","ping_status":"closed","template":"","meta":[],"product_brand":[],"product_cat":[22],"product_tag":[],"class_list":{"0":"post-20840","1":"product","2":"type-product","3":"status-publish","4":"has-post-thumbnail","6":"product_cat-siir","8":"first","9":"instock","10":"sale","11":"shipping-taxable","12":"purchasable","13":"product-type-simple"},"_links":{"self":[{"href":"https:\/\/kutluyayinevi.com\/magaza\/wp-json\/wp\/v2\/product\/20840","targetHints":{"allow":["GET"]}}],"collection":[{"href":"https:\/\/kutluyayinevi.com\/magaza\/wp-json\/wp\/v2\/product"}],"about":[{"href":"https:\/\/kutluyayinevi.com\/magaza\/wp-json\/wp\/v2\/types\/product"}],"replies":[{"embeddable":true,"href":"https:\/\/kutluyayinevi.com\/magaza\/wp-json\/wp\/v2\/comments?post=20840"}],"wp:featuredmedia":[{"embeddable":true,"href":"https:\/\/kutluyayinevi.com\/magaza\/wp-json\/wp\/v2\/media\/20841"}],"wp:attachment":[{"href":"https:\/\/kutluyayinevi.com\/magaza\/wp-json\/wp\/v2\/media?parent=20840"}],"wp:term":[{"taxonomy":"product_brand","embeddable":true,"href":"https:\/\/kutluyayinevi.com\/magaza\/wp-json\/wp\/v2\/product_brand?post=20840"},{"taxonomy":"product_cat","embeddable":true,"href":"https:\/\/kutluyayinevi.com\/magaza\/wp-json\/wp\/v2\/product_cat?post=20840"},{"taxonomy":"product_tag","embeddable":true,"href":"https:\/\/kutluyayinevi.com\/magaza\/wp-json\/wp\/v2\/product_tag?post=20840"}],"curies":[{"name":"wp","href":"https:\/\/api.w.org\/{rel}","templated":true}]}}