{"id":20948,"date":"2021-09-28T15:22:05","date_gmt":"2021-09-28T12:22:05","guid":{"rendered":"https:\/\/kutluyayinevi.com\/magaza\/?post_type=product&#038;p=20948"},"modified":"2025-02-04T11:25:29","modified_gmt":"2025-02-04T08:25:29","slug":"ahi-evran-nedenler-uzerine-ramazan-sen","status":"publish","type":"product","link":"https:\/\/kutluyayinevi.com\/magaza\/urun\/ahi-evran-nedenler-uzerine-ramazan-sen\/","title":{"rendered":"Ahi Evran Nedenler \u00dczerine &#8211; Ramazan \u015fen"},"content":{"rendered":"","protected":false},"excerpt":{"rendered":"<p>Sultan Al\u00e2eddin&#8217;in a\u015f\u00e7\u0131l\u0131\u011f\u0131n\u0131 yapan Hasan, r\u00fcyas\u0131nda g\u00f6rd\u00fc\u011f\u00fc \u00fc\u00e7 olay\u0131 ger\u00e7ek hayatta ya\u015famaya ba\u015flad\u0131\u011f\u0131n\u0131 fark eder ve bunun nedenlerini arar.<\/p>\n","protected":false},"featured_media":20949,"comment_status":"closed","ping_status":"closed","template":"","meta":[],"product_brand":[],"product_cat":[51],"product_tag":[],"class_list":{"0":"post-20948","1":"product","2":"type-product","3":"status-publish","4":"has-post-thumbnail","6":"product_cat-senaryo","8":"first","9":"instock","10":"sale","11":"shipping-taxable","12":"purchasable","13":"product-type-simple"},"_links":{"self":[{"href":"https:\/\/kutluyayinevi.com\/magaza\/wp-json\/wp\/v2\/product\/20948","targetHints":{"allow":["GET"]}}],"collection":[{"href":"https:\/\/kutluyayinevi.com\/magaza\/wp-json\/wp\/v2\/product"}],"about":[{"href":"https:\/\/kutluyayinevi.com\/magaza\/wp-json\/wp\/v2\/types\/product"}],"replies":[{"embeddable":true,"href":"https:\/\/kutluyayinevi.com\/magaza\/wp-json\/wp\/v2\/comments?post=20948"}],"wp:featuredmedia":[{"embeddable":true,"href":"https:\/\/kutluyayinevi.com\/magaza\/wp-json\/wp\/v2\/media\/20949"}],"wp:attachment":[{"href":"https:\/\/kutluyayinevi.com\/magaza\/wp-json\/wp\/v2\/media?parent=20948"}],"wp:term":[{"taxonomy":"product_brand","embeddable":true,"href":"https:\/\/kutluyayinevi.com\/magaza\/wp-json\/wp\/v2\/product_brand?post=20948"},{"taxonomy":"product_cat","embeddable":true,"href":"https:\/\/kutluyayinevi.com\/magaza\/wp-json\/wp\/v2\/product_cat?post=20948"},{"taxonomy":"product_tag","embeddable":true,"href":"https:\/\/kutluyayinevi.com\/magaza\/wp-json\/wp\/v2\/product_tag?post=20948"}],"curies":[{"name":"wp","href":"https:\/\/api.w.org\/{rel}","templated":true}]}}