{"id":20956,"date":"2021-09-28T16:22:34","date_gmt":"2021-09-28T13:22:34","guid":{"rendered":"https:\/\/kutluyayinevi.com\/magaza\/?post_type=product&#038;p=20956"},"modified":"2026-02-20T13:29:43","modified_gmt":"2026-02-20T10:29:43","slug":"merdiven-bir-gunun-hikayesi-rana-yilmaz","status":"publish","type":"product","link":"https:\/\/kutluyayinevi.com\/magaza\/urun\/merdiven-bir-gunun-hikayesi-rana-yilmaz\/","title":{"rendered":"Merdiven &#8211; Bir G\u00fcn\u00fcn Hik\u00e2yesi &#8211; R\u00e2n\u00e2 Y\u0131lmaz"},"content":{"rendered":"","protected":false},"excerpt":{"rendered":"<p>Merdiven\u2019i okurken kendini de okuyor olacaks\u0131n. G\u00f6zlerini sat\u0131rlar\u0131n aras\u0131ndan ba\u015f\u0131nla birlikte yava\u015f\u00e7a kald\u0131r ve ufuk \u00e7izgine odaklan. g\u00f6zlerini bir s\u00fcre kapat ve d\u00fc\u015f\u00fcn: Sen, merdivenin neresindesin, bulundu\u011fun yeri anlamaya \u00e7al\u0131\u015f. Y\u00f6n\u00fcn tam olarak belli mi? \u0130niyor musun ya da oldu\u011fun yerde mi duruyorsun? Alt basamaklarda m\u0131, belki de ortalarda bir yerdesin ya da zirvede&#8230; Bunu hissetmeye odaklan. Kendi y\u00f6n\u00fcnde nas\u0131l hareket ediyorsun? H\u0131zl\u0131 m\u0131, a\u011f\u0131r a\u011f\u0131r m\u0131 ya da bendini da\u011f\u0131tan sel gibi mi? B\u00fct\u00fcn bunlar\u0131 bir d\u00fc\u015f\u00fcn&#8230; Belki de oldu\u011fun yerde duruyorsun. Ba\u015f\u0131n\u0131 ellerinin aras\u0131na al, ya\u015fad\u0131klar\u0131n\u0131 bir film gibi geri say. \u00c7\u0131k\u0131\u015flar\u0131n\u0131, ini\u015flerini, d\u00fc\u015f\u00fc\u015flerini tekrar seyret. \u00c7\u0131karken yard\u0131m edenleri, d\u00fc\u015ferken elini tutanlar\u0131 ve dahi arkandan itenleri hat\u0131rla, onlar\u0131 tan\u0131maya \u00e7al\u0131\u015f. Ba\u015f\u0131n\u0131 ellerinin aras\u0131ndan \u00e7\u0131kar ve g\u00f6zlerini a\u00e7 ve sat\u0131rlara y\u00f6nel. Akl\u0131nda hep \u015fu olsun: \u201cBir merdivendeyim. Ya \u00e7\u0131k\u0131yorum ya iniyorum ya duruyorum ya da d\u00fc\u015f\u00fcn\u00fcyorum.\u201d<\/p>\n","protected":false},"featured_media":20957,"comment_status":"closed","ping_status":"closed","template":"","meta":[],"product_brand":[],"product_cat":[23],"product_tag":[],"class_list":{"0":"post-20956","1":"product","2":"type-product","3":"status-publish","4":"has-post-thumbnail","6":"product_cat-hikaye","8":"first","9":"instock","10":"sale","11":"shipping-taxable","12":"purchasable","13":"product-type-simple"},"_links":{"self":[{"href":"https:\/\/kutluyayinevi.com\/magaza\/wp-json\/wp\/v2\/product\/20956","targetHints":{"allow":["GET"]}}],"collection":[{"href":"https:\/\/kutluyayinevi.com\/magaza\/wp-json\/wp\/v2\/product"}],"about":[{"href":"https:\/\/kutluyayinevi.com\/magaza\/wp-json\/wp\/v2\/types\/product"}],"replies":[{"embeddable":true,"href":"https:\/\/kutluyayinevi.com\/magaza\/wp-json\/wp\/v2\/comments?post=20956"}],"wp:featuredmedia":[{"embeddable":true,"href":"https:\/\/kutluyayinevi.com\/magaza\/wp-json\/wp\/v2\/media\/20957"}],"wp:attachment":[{"href":"https:\/\/kutluyayinevi.com\/magaza\/wp-json\/wp\/v2\/media?parent=20956"}],"wp:term":[{"taxonomy":"product_brand","embeddable":true,"href":"https:\/\/kutluyayinevi.com\/magaza\/wp-json\/wp\/v2\/product_brand?post=20956"},{"taxonomy":"product_cat","embeddable":true,"href":"https:\/\/kutluyayinevi.com\/magaza\/wp-json\/wp\/v2\/product_cat?post=20956"},{"taxonomy":"product_tag","embeddable":true,"href":"https:\/\/kutluyayinevi.com\/magaza\/wp-json\/wp\/v2\/product_tag?post=20956"}],"curies":[{"name":"wp","href":"https:\/\/api.w.org\/{rel}","templated":true}]}}