{"id":21155,"date":"2022-01-13T14:08:38","date_gmt":"2022-01-13T11:08:38","guid":{"rendered":"https:\/\/kutluyayinevi.com\/magaza\/?post_type=product&#038;p=21155"},"modified":"2026-02-23T09:33:42","modified_gmt":"2026-02-23T06:33:42","slug":"sevi-cicekligi-mustafa-ustun","status":"publish","type":"product","link":"https:\/\/kutluyayinevi.com\/magaza\/urun\/sevi-cicekligi-mustafa-ustun\/","title":{"rendered":"Sevi \u00c7i\u00e7ekli\u011fi &#8211; Mustafa \u00dcst\u00fcn"},"content":{"rendered":"<p>\u015eiir,<br \/>\nG\u00fczel s\u00f6ylenmi\u015f bir ho\u015f yank\u0131d\u0131r.<br \/>\nYaz\u0131m kurallar\u0131 vard\u0131r.<br \/>\nD\u00fcz yaz\u0131 de\u011fildir.<br \/>\n\u00dcstyap\u0131 s\u00f6ylemi de de\u011fildir.<br \/>\n\u00c7\u00fcnk\u00fc \u015fiirin \u00f6z kayna\u011f\u0131 halkt\u0131r.<\/p>\n","protected":false},"excerpt":{"rendered":"<p>\u015eiir, G\u00fczel s\u00f6ylenmi\u015f bir ho\u015f yank\u0131d\u0131r. Yaz\u0131m kurallar\u0131 vard\u0131r. D\u00fcz yaz\u0131 de\u011fildir. \u00dcstyap\u0131 s\u00f6ylemi de de\u011fildir. \u00c7\u00fcnk\u00fc \u015fiirin \u00f6z kayna\u011f\u0131 halkt\u0131r.<\/p>\n","protected":false},"featured_media":21156,"comment_status":"closed","ping_status":"closed","template":"","meta":[],"product_brand":[],"product_cat":[22],"product_tag":[],"class_list":{"0":"post-21155","1":"product","2":"type-product","3":"status-publish","4":"has-post-thumbnail","6":"product_cat-siir","8":"first","9":"instock","10":"sale","11":"shipping-taxable","12":"purchasable","13":"product-type-simple"},"_links":{"self":[{"href":"https:\/\/kutluyayinevi.com\/magaza\/wp-json\/wp\/v2\/product\/21155","targetHints":{"allow":["GET"]}}],"collection":[{"href":"https:\/\/kutluyayinevi.com\/magaza\/wp-json\/wp\/v2\/product"}],"about":[{"href":"https:\/\/kutluyayinevi.com\/magaza\/wp-json\/wp\/v2\/types\/product"}],"replies":[{"embeddable":true,"href":"https:\/\/kutluyayinevi.com\/magaza\/wp-json\/wp\/v2\/comments?post=21155"}],"wp:featuredmedia":[{"embeddable":true,"href":"https:\/\/kutluyayinevi.com\/magaza\/wp-json\/wp\/v2\/media\/21156"}],"wp:attachment":[{"href":"https:\/\/kutluyayinevi.com\/magaza\/wp-json\/wp\/v2\/media?parent=21155"}],"wp:term":[{"taxonomy":"product_brand","embeddable":true,"href":"https:\/\/kutluyayinevi.com\/magaza\/wp-json\/wp\/v2\/product_brand?post=21155"},{"taxonomy":"product_cat","embeddable":true,"href":"https:\/\/kutluyayinevi.com\/magaza\/wp-json\/wp\/v2\/product_cat?post=21155"},{"taxonomy":"product_tag","embeddable":true,"href":"https:\/\/kutluyayinevi.com\/magaza\/wp-json\/wp\/v2\/product_tag?post=21155"}],"curies":[{"name":"wp","href":"https:\/\/api.w.org\/{rel}","templated":true}]}}