{"id":21323,"date":"2022-04-21T10:58:27","date_gmt":"2022-04-21T07:58:27","guid":{"rendered":"https:\/\/kutluyayinevi.com\/magaza\/?post_type=product&#038;p=21323"},"modified":"2026-02-20T17:22:43","modified_gmt":"2026-02-20T14:22:43","slug":"semanurun-dunyasi-sema-ipek","status":"publish","type":"product","link":"https:\/\/kutluyayinevi.com\/magaza\/urun\/semanurun-dunyasi-sema-ipek\/","title":{"rendered":"Semanur&#8217;un D\u00fcnyas\u0131 &#8211; Sema \u0130pek"},"content":{"rendered":"<p>Hayat bana hi\u00e7 \u0131\u015f\u0131k yakmad\u0131. Ben hep kendi \u0131\u015f\u0131\u011f\u0131mda ilerledim, kendi \u0131\u015f\u0131\u011f\u0131m\u0131 ben yaratt\u0131m&#8230; O yolda y\u00fcr\u00fcd\u00fcm.<\/p>\n","protected":false},"excerpt":{"rendered":"<p>Hayat bana hi\u00e7 \u0131\u015f\u0131k yakmad\u0131. Ben hep kendi \u0131\u015f\u0131\u011f\u0131mda ilerledim, kendi \u0131\u015f\u0131\u011f\u0131m\u0131 ben yaratt\u0131m&#8230; O yolda y\u00fcr\u00fcd\u00fcm.<\/p>\n","protected":false},"featured_media":21324,"comment_status":"closed","ping_status":"closed","template":"","meta":[],"product_brand":[],"product_cat":[26],"product_tag":[],"class_list":{"0":"post-21323","1":"product","2":"type-product","3":"status-publish","4":"has-post-thumbnail","6":"product_cat-deneme","8":"first","9":"instock","10":"sale","11":"shipping-taxable","12":"purchasable","13":"product-type-simple"},"_links":{"self":[{"href":"https:\/\/kutluyayinevi.com\/magaza\/wp-json\/wp\/v2\/product\/21323","targetHints":{"allow":["GET"]}}],"collection":[{"href":"https:\/\/kutluyayinevi.com\/magaza\/wp-json\/wp\/v2\/product"}],"about":[{"href":"https:\/\/kutluyayinevi.com\/magaza\/wp-json\/wp\/v2\/types\/product"}],"replies":[{"embeddable":true,"href":"https:\/\/kutluyayinevi.com\/magaza\/wp-json\/wp\/v2\/comments?post=21323"}],"wp:featuredmedia":[{"embeddable":true,"href":"https:\/\/kutluyayinevi.com\/magaza\/wp-json\/wp\/v2\/media\/21324"}],"wp:attachment":[{"href":"https:\/\/kutluyayinevi.com\/magaza\/wp-json\/wp\/v2\/media?parent=21323"}],"wp:term":[{"taxonomy":"product_brand","embeddable":true,"href":"https:\/\/kutluyayinevi.com\/magaza\/wp-json\/wp\/v2\/product_brand?post=21323"},{"taxonomy":"product_cat","embeddable":true,"href":"https:\/\/kutluyayinevi.com\/magaza\/wp-json\/wp\/v2\/product_cat?post=21323"},{"taxonomy":"product_tag","embeddable":true,"href":"https:\/\/kutluyayinevi.com\/magaza\/wp-json\/wp\/v2\/product_tag?post=21323"}],"curies":[{"name":"wp","href":"https:\/\/api.w.org\/{rel}","templated":true}]}}