{"id":21342,"date":"2022-05-06T12:22:59","date_gmt":"2022-05-06T09:22:59","guid":{"rendered":"https:\/\/kutluyayinevi.com\/magaza\/?post_type=product&#038;p=21342"},"modified":"2025-02-05T14:12:00","modified_gmt":"2025-02-05T11:12:00","slug":"tuhaf-bir-kadin-banu-ormanli","status":"publish","type":"product","link":"https:\/\/kutluyayinevi.com\/magaza\/urun\/tuhaf-bir-kadin-banu-ormanli\/","title":{"rendered":"Tuhaf Bir Kad\u0131n &#8211; Banu Ormanl\u0131"},"content":{"rendered":"<p>&#8220;Silahlar durmaks\u0131z\u0131n ate\u015f al\u0131yor ses ve g\u00f6r\u00fcnt\u00fcler gittik\u00e7e duyulmaz ve g\u00f6r\u00fclmez bir noktaya geliyordu. \u0130\u015fte olmu\u015ftu, yaz\u0131lm\u0131\u015f senaryomun sonuna yakla\u015fm\u0131\u015ft\u0131m. \u0130\u00e7ime d\u00fc\u015fm\u00fc\u015f bir ate\u015f par\u00e7as\u0131 ruhumu ve b\u00fct\u00fcn benli\u011fimi benden ay\u0131r\u0131p bir daha hi\u00e7 ula\u015famayaca\u011f\u0131m bir noktaya ta\u015f\u0131yordu.<\/p>\n<p>G\u00f6z\u00fcm\u00fcn \u00f6n\u00fcnde u\u00e7u\u015fan karanl\u0131k g\u00f6lgeler \u00fczerime do\u011fru h\u0131zla bir e\u011fime ge\u00e7ti\u011finde g\u00f6z kapaklar\u0131m a\u011f\u0131rla\u015fm\u0131\u015f ve \u00e7oktan bilinmeyen bir d\u00fcnyan\u0131n, hi\u00e7 bilemeyece\u011fim kap\u0131lar\u0131ndan ge\u00e7mek \u00fczere yolculu\u011fuma u\u011furlanm\u0131\u015ft\u0131m.&#8221;<\/p>\n<p>Baz\u0131 sonlar\u0131n ba\u015flang\u0131\u00e7, baz\u0131 ba\u015flang\u0131\u00e7lar\u0131n ise son oldu\u011fu bir hayat \u00e7izgisi \u00fczerinde yol al\u0131p birbirine tutunmaya \u00e7al\u0131\u015fan ikinin bir olma ihtimaline dair.<\/p>\n","protected":false},"excerpt":{"rendered":"<p>&#8220;Silahlar durmaks\u0131z\u0131n ate\u015f al\u0131yor ses ve g\u00f6r\u00fcnt\u00fcler gittik\u00e7e duyulmaz ve g\u00f6r\u00fclmez bir noktaya geliyordu. \u0130\u015fte olmu\u015ftu, yaz\u0131lm\u0131\u015f senaryomun sonuna yakla\u015fm\u0131\u015ft\u0131m. \u0130\u00e7ime d\u00fc\u015fm\u00fc\u015f bir ate\u015f par\u00e7as\u0131 ruhumu ve b\u00fct\u00fcn benli\u011fimi benden ay\u0131r\u0131p bir daha hi\u00e7 ula\u015famayaca\u011f\u0131m bir noktaya ta\u015f\u0131yordu. G\u00f6z\u00fcm\u00fcn \u00f6n\u00fcnde u\u00e7u\u015fan karanl\u0131k g\u00f6lgeler \u00fczerime do\u011fru h\u0131zla bir e\u011fime ge\u00e7ti\u011finde g\u00f6z kapaklar\u0131m a\u011f\u0131rla\u015fm\u0131\u015f ve \u00e7oktan bilinmeyen [&hellip;]<\/p>\n","protected":false},"featured_media":21343,"comment_status":"closed","ping_status":"closed","template":"","meta":[],"product_brand":[],"product_cat":[24],"product_tag":[],"class_list":{"0":"post-21342","1":"product","2":"type-product","3":"status-publish","4":"has-post-thumbnail","6":"product_cat-roman","8":"first","9":"instock","10":"sale","11":"shipping-taxable","12":"purchasable","13":"product-type-simple"},"_links":{"self":[{"href":"https:\/\/kutluyayinevi.com\/magaza\/wp-json\/wp\/v2\/product\/21342","targetHints":{"allow":["GET"]}}],"collection":[{"href":"https:\/\/kutluyayinevi.com\/magaza\/wp-json\/wp\/v2\/product"}],"about":[{"href":"https:\/\/kutluyayinevi.com\/magaza\/wp-json\/wp\/v2\/types\/product"}],"replies":[{"embeddable":true,"href":"https:\/\/kutluyayinevi.com\/magaza\/wp-json\/wp\/v2\/comments?post=21342"}],"wp:featuredmedia":[{"embeddable":true,"href":"https:\/\/kutluyayinevi.com\/magaza\/wp-json\/wp\/v2\/media\/21343"}],"wp:attachment":[{"href":"https:\/\/kutluyayinevi.com\/magaza\/wp-json\/wp\/v2\/media?parent=21342"}],"wp:term":[{"taxonomy":"product_brand","embeddable":true,"href":"https:\/\/kutluyayinevi.com\/magaza\/wp-json\/wp\/v2\/product_brand?post=21342"},{"taxonomy":"product_cat","embeddable":true,"href":"https:\/\/kutluyayinevi.com\/magaza\/wp-json\/wp\/v2\/product_cat?post=21342"},{"taxonomy":"product_tag","embeddable":true,"href":"https:\/\/kutluyayinevi.com\/magaza\/wp-json\/wp\/v2\/product_tag?post=21342"}],"curies":[{"name":"wp","href":"https:\/\/api.w.org\/{rel}","templated":true}]}}