{"id":21393,"date":"2022-05-23T16:14:06","date_gmt":"2022-05-23T13:14:06","guid":{"rendered":"https:\/\/kutluyayinevi.com\/magaza\/?post_type=product&#038;p=21393"},"modified":"2026-02-20T09:38:47","modified_gmt":"2026-02-20T06:38:47","slug":"ey-deniz-golgen-yok-mu-senin-saadet-s-koldas","status":"publish","type":"product","link":"https:\/\/kutluyayinevi.com\/magaza\/urun\/ey-deniz-golgen-yok-mu-senin-saadet-s-koldas\/","title":{"rendered":"Ey Deniz G\u00f6lgen Yok mu Senin? &#8211; Saadet S. Kolda\u015f"},"content":{"rendered":"<p>Sevgi bir \u015fiirdi, hayalde kald\u0131<br \/>\nHayat bir \u015fairdi, \u00fc\u00e7 dize yazd\u0131<br \/>\nAnnemin karn\u0131nda<br \/>\n\u0130lk nefes almamda<br \/>\nSon nefes vermemde&#8230;<\/p>\n","protected":false},"excerpt":{"rendered":"<p>Sevgi bir \u015fiirdi, hayalde kald\u0131 Hayat bir \u015fairdi, \u00fc\u00e7 dize yazd\u0131 Annemin karn\u0131nda \u0130lk nefes almamda Son nefes vermemde&#8230;<\/p>\n","protected":false},"featured_media":21394,"comment_status":"closed","ping_status":"closed","template":"","meta":[],"product_brand":[],"product_cat":[22],"product_tag":[],"class_list":{"0":"post-21393","1":"product","2":"type-product","3":"status-publish","4":"has-post-thumbnail","6":"product_cat-siir","8":"first","9":"instock","10":"sale","11":"shipping-taxable","12":"purchasable","13":"product-type-simple"},"_links":{"self":[{"href":"https:\/\/kutluyayinevi.com\/magaza\/wp-json\/wp\/v2\/product\/21393","targetHints":{"allow":["GET"]}}],"collection":[{"href":"https:\/\/kutluyayinevi.com\/magaza\/wp-json\/wp\/v2\/product"}],"about":[{"href":"https:\/\/kutluyayinevi.com\/magaza\/wp-json\/wp\/v2\/types\/product"}],"replies":[{"embeddable":true,"href":"https:\/\/kutluyayinevi.com\/magaza\/wp-json\/wp\/v2\/comments?post=21393"}],"wp:featuredmedia":[{"embeddable":true,"href":"https:\/\/kutluyayinevi.com\/magaza\/wp-json\/wp\/v2\/media\/21394"}],"wp:attachment":[{"href":"https:\/\/kutluyayinevi.com\/magaza\/wp-json\/wp\/v2\/media?parent=21393"}],"wp:term":[{"taxonomy":"product_brand","embeddable":true,"href":"https:\/\/kutluyayinevi.com\/magaza\/wp-json\/wp\/v2\/product_brand?post=21393"},{"taxonomy":"product_cat","embeddable":true,"href":"https:\/\/kutluyayinevi.com\/magaza\/wp-json\/wp\/v2\/product_cat?post=21393"},{"taxonomy":"product_tag","embeddable":true,"href":"https:\/\/kutluyayinevi.com\/magaza\/wp-json\/wp\/v2\/product_tag?post=21393"}],"curies":[{"name":"wp","href":"https:\/\/api.w.org\/{rel}","templated":true}]}}