{"id":21490,"date":"2022-06-24T16:46:06","date_gmt":"2022-06-24T13:46:06","guid":{"rendered":"https:\/\/kutluyayinevi.com\/magaza\/?post_type=product&#038;p=21490"},"modified":"2025-02-05T14:23:13","modified_gmt":"2025-02-05T11:23:13","slug":"dan-yoksun-yakaris-sumeyye-akdemir","status":"publish","type":"product","link":"https:\/\/kutluyayinevi.com\/magaza\/urun\/dan-yoksun-yakaris-sumeyye-akdemir\/","title":{"rendered":"&#8216;dan Yoksun Yakar\u0131\u015f &#8211; S\u00fcmeyye Akdemir"},"content":{"rendered":"<p>Akl\u0131m f\u00fctursuzca me\u015frebinden saparsa \u015fayet<br \/>\nBu dilim bir zamanda olsa anmaz seni s\u00fb-i zann<br \/>\nE\u011fer \u015fa\u015f\u0131p anacak olursa \u015fayet<br \/>\nM\u00fcsterih ol, bu g\u00f6zler sana vecd y\u00fcrekse ruh-\u00fb revan<\/p>\n","protected":false},"excerpt":{"rendered":"<p>Akl\u0131m f\u00fctursuzca me\u015frebinden saparsa \u015fayet Bu dilim bir zamanda olsa anmaz seni s\u00fb-i zann E\u011fer \u015fa\u015f\u0131p anacak olursa \u015fayet M\u00fcsterih ol, bu g\u00f6zler sana vecd y\u00fcrekse ruh-\u00fb revan<\/p>\n","protected":false},"featured_media":21491,"comment_status":"closed","ping_status":"closed","template":"","meta":[],"product_brand":[],"product_cat":[22],"product_tag":[],"class_list":{"0":"post-21490","1":"product","2":"type-product","3":"status-publish","4":"has-post-thumbnail","6":"product_cat-siir","8":"first","9":"instock","10":"sale","11":"shipping-taxable","12":"purchasable","13":"product-type-simple"},"_links":{"self":[{"href":"https:\/\/kutluyayinevi.com\/magaza\/wp-json\/wp\/v2\/product\/21490","targetHints":{"allow":["GET"]}}],"collection":[{"href":"https:\/\/kutluyayinevi.com\/magaza\/wp-json\/wp\/v2\/product"}],"about":[{"href":"https:\/\/kutluyayinevi.com\/magaza\/wp-json\/wp\/v2\/types\/product"}],"replies":[{"embeddable":true,"href":"https:\/\/kutluyayinevi.com\/magaza\/wp-json\/wp\/v2\/comments?post=21490"}],"wp:featuredmedia":[{"embeddable":true,"href":"https:\/\/kutluyayinevi.com\/magaza\/wp-json\/wp\/v2\/media\/21491"}],"wp:attachment":[{"href":"https:\/\/kutluyayinevi.com\/magaza\/wp-json\/wp\/v2\/media?parent=21490"}],"wp:term":[{"taxonomy":"product_brand","embeddable":true,"href":"https:\/\/kutluyayinevi.com\/magaza\/wp-json\/wp\/v2\/product_brand?post=21490"},{"taxonomy":"product_cat","embeddable":true,"href":"https:\/\/kutluyayinevi.com\/magaza\/wp-json\/wp\/v2\/product_cat?post=21490"},{"taxonomy":"product_tag","embeddable":true,"href":"https:\/\/kutluyayinevi.com\/magaza\/wp-json\/wp\/v2\/product_tag?post=21490"}],"curies":[{"name":"wp","href":"https:\/\/api.w.org\/{rel}","templated":true}]}}