{"id":22206,"date":"2023-03-29T10:13:10","date_gmt":"2023-03-29T07:13:10","guid":{"rendered":"https:\/\/kutluyayinevi.com\/magaza\/?post_type=product&#038;p=22206"},"modified":"2026-02-20T13:23:19","modified_gmt":"2026-02-20T10:23:19","slug":"martilar-sahit-engin-akkaya","status":"publish","type":"product","link":"https:\/\/kutluyayinevi.com\/magaza\/urun\/martilar-sahit-engin-akkaya\/","title":{"rendered":"Mart\u0131lar \u015eahit &#8211; Engin Akkaya"},"content":{"rendered":"<p>15 Mart 1963 y\u0131l\u0131nda Eski\u015fehir\u2019de do\u011fdum. \u0130lkokulu \u0130zmir Mehmet Akif Ersoy \u0130lkokulu\u2019nda, ortaokulu \u0130zmir G\u00fczelyal\u0131 Ortaokulu\u2019nda ve liseyi de \u0130zmir \u0130n\u00f6n\u00fc Lisesi\u2019nde tamamlad\u0131m. 1982-1986 y\u0131llar\u0131 aras\u0131nda Dokuz Eyl\u00fcl \u00dcniversitesi E\u011fitim Fak\u00fcltesi Beden E\u011fitimi ve Spor B\u00f6l\u00fcm\u00fc\u2019nden mezun oldum. 1987 y\u0131l\u0131nda \u00f6\u011fretmenlik mesle\u011fine Batman ili Sason il\u00e7esindeki Sason Lisesi\u2019nde ba\u015flad\u0131m ve 2013 y\u0131l\u0131 sonuna kadar 27 y\u0131l boyunca \u00f6\u011fretmen ve y\u00f6netici olarak e\u011fitim \u00f6\u011fretim sekt\u00f6r\u00fcnde farkl\u0131 kademelerde g\u00f6rev yapt\u0131m. 2013-2015 y\u0131llar\u0131 aras\u0131nda Narl\u0131dere Halk E\u011fitim Merkezi\u2019nde mas\u00f6r mas\u00f6z usta \u00f6\u011freticili\u011fi kurslar\u0131nda sa\u011fl\u0131k ve turizm sekt\u00f6r\u00fcne profesyoneller yeti\u015ftirdim ve ayn\u0131 kurumda Aile Birli\u011fi Ba\u015fkanl\u0131\u011f\u0131 yapt\u0131m. 2015-2016 \u00f6\u011fretim y\u0131l\u0131nda Birtanesi anaokulu m\u00fcd\u00fcrl\u00fc\u011f\u00fc g\u00f6revini \u00fcstlendim ve ayn\u0131 okulun mar\u015f\u0131n\u0131 yazd\u0131m. 2016 y\u0131l\u0131ndan itibaren Anadolu Otizm Vakf\u0131 Okul M\u00fcd\u00fcrl\u00fc\u011f\u00fc \u00d6zel E\u011fitim Kurumu\u2019nda m\u00fcd\u00fcr olarak g\u00f6rev yapmaktay\u0131m. Bu s\u00fcre\u00e7te Anadolu \u00dcniversitesi Sosyal Hizmetler B\u00f6l\u00fcm\u00fc\u2019n\u00fc bitirdim ve halen \u0130stanbul \u00dcniversitesi \u00c7ocuk Geli\u015fimi B\u00f6l\u00fcm\u00fc\u2019nde \u00f6\u011frenimime devam ediyorum.<\/p>\n<p>\u015eiire olan ilgi ve merak\u0131m, rahmetli babam Rasim Akkaya\u2019n\u0131n \u015fiire olan sevgisiyle ba\u015flad\u0131. Annem Cemile Akkaya 1999, babam ise 2006 y\u0131l\u0131nda vefat etti. 1990 y\u0131l\u0131nda k\u0131z\u0131m Ya\u011fmur d\u00fcnyaya geldi. Bir ablam ve bir k\u0131z karde\u015fimle birlikte \u00fc\u00e7 karde\u015fiz. 53 \u015fiirden olu\u015fan \u015fiirlerimi ilk kitab\u0131mda bir araya getirme karar\u0131 ald\u0131m. 2012 y\u0131l\u0131nda k\u0131sa film festivalinde \u201cLubbeyi Bekleyenler\u201d belgeselinde seslendirme yapt\u0131m ve belgesel finalist olmaya hak kazand\u0131. D\u00f6nemin B\u00fcy\u00fck\u015fehir Belediye Ba\u015fkan\u0131 Aziz Kocao\u011flu taraf\u0131ndan \u00f6d\u00fcle lay\u0131k g\u00f6r\u00fcld\u00fc. Ayr\u0131ca meslek hayat\u0131m s\u00fcresince 10 Kas\u0131m Atat\u00fcrk\u2019\u00fc Anma, 18 Mart \u00c7anakkale Zaferi programlar\u0131nda defalarca oratoryolarda Narl\u0131dere K\u00fclt\u00fcr ve Sanat Merkezi\u2019nde Mustafa Kemal Atat\u00fcrk\u2019\u00fc seslendirdim. \u00d6\u011frencilik y\u0131llar\u0131mdan beri \u015fiir hep ilgi alan\u0131m oldu.<\/p>\n<p>Ayr\u0131ca, edebiyat ve \u015fiir alan\u0131nda da \u00e7al\u0131\u015fmalar y\u00fcr\u00fctmekteyim, \u015eiir kitab\u0131m i\u00e7eri\u011finde hayat\u0131n \u00e7e\u015fitli alanlar\u0131na dair duygu ve d\u00fc\u015f\u00fcncelerimi yans\u0131tmaktay\u0131m.<\/p>\n","protected":false},"excerpt":{"rendered":"<p>15 Mart 1963 y\u0131l\u0131nda Eski\u015fehir\u2019de do\u011fdum. \u0130lkokulu \u0130zmir Mehmet Akif Ersoy \u0130lkokulu\u2019nda, ortaokulu \u0130zmir G\u00fczelyal\u0131 Ortaokulu\u2019nda ve liseyi de \u0130zmir \u0130n\u00f6n\u00fc Lisesi\u2019nde tamamlad\u0131m. 1982-1986 y\u0131llar\u0131 aras\u0131nda Dokuz Eyl\u00fcl \u00dcniversitesi E\u011fitim Fak\u00fcltesi Beden E\u011fitimi ve Spor B\u00f6l\u00fcm\u00fc\u2019nden mezun oldum. 1987 y\u0131l\u0131nda \u00f6\u011fretmenlik mesle\u011fine Batman ili Sason il\u00e7esindeki Sason Lisesi\u2019nde ba\u015flad\u0131m ve 2013 y\u0131l\u0131 sonuna kadar 27 [&hellip;]<\/p>\n","protected":false},"featured_media":22207,"comment_status":"closed","ping_status":"closed","template":"","meta":[],"product_brand":[],"product_cat":[22],"product_tag":[],"class_list":{"0":"post-22206","1":"product","2":"type-product","3":"status-publish","4":"has-post-thumbnail","6":"product_cat-siir","8":"first","9":"instock","10":"sale","11":"shipping-taxable","12":"purchasable","13":"product-type-simple"},"_links":{"self":[{"href":"https:\/\/kutluyayinevi.com\/magaza\/wp-json\/wp\/v2\/product\/22206","targetHints":{"allow":["GET"]}}],"collection":[{"href":"https:\/\/kutluyayinevi.com\/magaza\/wp-json\/wp\/v2\/product"}],"about":[{"href":"https:\/\/kutluyayinevi.com\/magaza\/wp-json\/wp\/v2\/types\/product"}],"replies":[{"embeddable":true,"href":"https:\/\/kutluyayinevi.com\/magaza\/wp-json\/wp\/v2\/comments?post=22206"}],"wp:featuredmedia":[{"embeddable":true,"href":"https:\/\/kutluyayinevi.com\/magaza\/wp-json\/wp\/v2\/media\/22207"}],"wp:attachment":[{"href":"https:\/\/kutluyayinevi.com\/magaza\/wp-json\/wp\/v2\/media?parent=22206"}],"wp:term":[{"taxonomy":"product_brand","embeddable":true,"href":"https:\/\/kutluyayinevi.com\/magaza\/wp-json\/wp\/v2\/product_brand?post=22206"},{"taxonomy":"product_cat","embeddable":true,"href":"https:\/\/kutluyayinevi.com\/magaza\/wp-json\/wp\/v2\/product_cat?post=22206"},{"taxonomy":"product_tag","embeddable":true,"href":"https:\/\/kutluyayinevi.com\/magaza\/wp-json\/wp\/v2\/product_tag?post=22206"}],"curies":[{"name":"wp","href":"https:\/\/api.w.org\/{rel}","templated":true}]}}