{"id":22317,"date":"2023-05-25T15:09:30","date_gmt":"2023-05-25T12:09:30","guid":{"rendered":"https:\/\/kutluyayinevi.com\/magaza\/?post_type=product&#038;p=22317"},"modified":"2025-02-06T14:39:56","modified_gmt":"2025-02-06T11:39:56","slug":"kalem-benim-mugla-benim-zulkuf-ozcepik","status":"publish","type":"product","link":"https:\/\/kutluyayinevi.com\/magaza\/urun\/kalem-benim-mugla-benim-zulkuf-ozcepik\/","title":{"rendered":"Kalem Benim Mu\u011fla Benim &#8211; Z\u00fclk\u00fcf \u00d6z\u00e7epik"},"content":{"rendered":"<p>Adeta bir masal diyar\u0131, mavi ve ye\u015filin her tonunu bar\u0131nd\u0131ran, tarifsiz g\u00fczellikteki Mu\u011fla&#8217;m\u0131z\u0131 \u015eehit Er G\u00fcrsel \u00c7elik Ortaokulu \u015eiir Ailesi olarak gezdik,g\u00f6rd\u00fck, ara\u015ft\u0131rd\u0131k.\u00d6\u011frendiklerimizi, g\u00f6rd\u00fcklerimizi ve duygular\u0131m\u0131z\u0131, dilimiz d\u00f6nd\u00fc\u011f\u00fcnce siz sevgili okuyucular\u0131m\u0131z i\u00e7in dizelere d\u00f6kmeye \u00e7al\u0131\u015ft\u0131k. Be\u011fenerek okuman\u0131z dile\u011fiyle, y\u00fcrekten selamlar ve sevgiler hepinize&#8230;<\/p>\n<p style=\"text-align: center;\"><strong>YAZARLAR<\/strong><\/p>\n<p style=\"text-align: center;\">Ebral Uysal<\/p>\n<p style=\"text-align: center;\">Ay\u015fe Sema Kocaba\u015f<\/p>\n<p style=\"text-align: center;\">Zeynep Ar\u0131c\u0131<\/p>\n<p style=\"text-align: center;\">Kerem Y\u00fcksel<\/p>\n<p style=\"text-align: center;\">Sudenaz \u015een<\/p>\n<p style=\"text-align: center;\">Azat Mesti<\/p>\n<p style=\"text-align: center;\">Neslihan Y\u00f6r\u00fck<\/p>\n<p style=\"text-align: center;\">Sevgi Akkurt<\/p>\n<p style=\"text-align: center;\">Ada \u00c7ak\u0131r<\/p>\n<p style=\"text-align: center;\">Hira Ay\u015fe Durukan<\/p>\n<p style=\"text-align: center;\">\u0130rem Apan<\/p>\n<p style=\"text-align: center;\">Zeynep Sena Kocaba\u015f<\/p>\n<p style=\"text-align: center;\">Sevim Nazl\u0131 Horzum<\/p>\n<p style=\"text-align: center;\">\u015eevval Akkurt<\/p>\n<p style=\"text-align: center;\">Meryem Sahra Oklu<\/p>\n<table width=\"100%\">\n<tbody>\n<tr>\n<td>&nbsp;<\/td>\n<\/tr>\n<\/tbody>\n<\/table>\n<p>&nbsp;<\/p>\n","protected":false},"excerpt":{"rendered":"<p>Adeta bir masal diyar\u0131, mavi ve ye\u015filin her tonunu bar\u0131nd\u0131ran, tarifsiz g\u00fczellikteki Mu\u011fla&#8217;m\u0131z\u0131 \u015eehit Er G\u00fcrsel \u00c7elik Ortaokulu \u015eiir Ailesi olarak gezdik,g\u00f6rd\u00fck, ara\u015ft\u0131rd\u0131k.\u00d6\u011frendiklerimizi, g\u00f6rd\u00fcklerimizi ve duygular\u0131m\u0131z\u0131, dilimiz d\u00f6nd\u00fc\u011f\u00fcnce siz sevgili okuyucular\u0131m\u0131z i\u00e7in dizelere d\u00f6kmeye \u00e7al\u0131\u015ft\u0131k. Be\u011fenerek okuman\u0131z dile\u011fiyle, y\u00fcrekten selamlar ve sevgiler hepinize&#8230; YAZARLAR Ebral Uysal Ay\u015fe Sema Kocaba\u015f Zeynep Ar\u0131c\u0131 Kerem Y\u00fcksel Sudenaz \u015een [&hellip;]<\/p>\n","protected":false},"featured_media":22318,"comment_status":"closed","ping_status":"closed","template":"","meta":[],"product_brand":[],"product_cat":[22],"product_tag":[],"class_list":{"0":"post-22317","1":"product","2":"type-product","3":"status-publish","4":"has-post-thumbnail","6":"product_cat-siir","8":"first","9":"instock","10":"sale","11":"shipping-taxable","12":"purchasable","13":"product-type-simple"},"_links":{"self":[{"href":"https:\/\/kutluyayinevi.com\/magaza\/wp-json\/wp\/v2\/product\/22317","targetHints":{"allow":["GET"]}}],"collection":[{"href":"https:\/\/kutluyayinevi.com\/magaza\/wp-json\/wp\/v2\/product"}],"about":[{"href":"https:\/\/kutluyayinevi.com\/magaza\/wp-json\/wp\/v2\/types\/product"}],"replies":[{"embeddable":true,"href":"https:\/\/kutluyayinevi.com\/magaza\/wp-json\/wp\/v2\/comments?post=22317"}],"wp:featuredmedia":[{"embeddable":true,"href":"https:\/\/kutluyayinevi.com\/magaza\/wp-json\/wp\/v2\/media\/22318"}],"wp:attachment":[{"href":"https:\/\/kutluyayinevi.com\/magaza\/wp-json\/wp\/v2\/media?parent=22317"}],"wp:term":[{"taxonomy":"product_brand","embeddable":true,"href":"https:\/\/kutluyayinevi.com\/magaza\/wp-json\/wp\/v2\/product_brand?post=22317"},{"taxonomy":"product_cat","embeddable":true,"href":"https:\/\/kutluyayinevi.com\/magaza\/wp-json\/wp\/v2\/product_cat?post=22317"},{"taxonomy":"product_tag","embeddable":true,"href":"https:\/\/kutluyayinevi.com\/magaza\/wp-json\/wp\/v2\/product_tag?post=22317"}],"curies":[{"name":"wp","href":"https:\/\/api.w.org\/{rel}","templated":true}]}}