{"id":22365,"date":"2023-06-08T11:23:33","date_gmt":"2023-06-08T08:23:33","guid":{"rendered":"https:\/\/kutluyayinevi.com\/magaza\/?post_type=product&#038;p=22365"},"modified":"2024-05-08T18:54:44","modified_gmt":"2024-05-08T15:54:44","slug":"gecmisin-izleri-peyman-kapukaya","status":"publish","type":"product","link":"https:\/\/kutluyayinevi.com\/magaza\/urun\/gecmisin-izleri-peyman-kapukaya\/","title":{"rendered":"Ge\u00e7mi\u015fin \u0130zleri &#8211; Peyman Kapukaya"},"content":{"rendered":"<p>\u015eair \u015fiirlerine ya\u015fad\u0131klar\u0131 t\u00fcm ac\u0131, h\u00fcz\u00fcn, g\u00f6zya\u015f\u0131, hasret dolu duygular\u0131n\u0131 yans\u0131t\u0131r, bende y\u0131llard\u0131r \u00f6zlemini \u00e7ekti\u011fim, i\u00e7imde bir yara olarak kalm\u0131\u015f bi hayalimi ger\u00e7ekle\u015ftirmek i\u00e7in bu yola \u00e7\u0131kt\u0131m, y\u0131llar boyu ya\u015fad\u0131\u011f\u0131m, nefes al\u0131p verdi\u011fim her an\u0131m da hissetti\u011fim duygular\u0131m\u0131 kendimle ba\u015fba\u015fa kald\u0131\u011f\u0131m zamanlarda ka\u011f\u0131da d\u00f6kt\u00fcm, kimseyle payla\u015famayaca\u011f\u0131m kadar yabanc\u0131 olan insanlar\u0131n yerine, duygular\u0131ma her zaman ortak olan ka\u011f\u0131t ve kalemimde \u015fifay\u0131 buldum.<\/p>\n<p>\u00c7ocuklu\u011fumdan beri m\u00fczi\u011fe ve \u015fiire kar\u015f\u0131 hep ilgim vard\u0131, tabi her insan\u0131n yarad\u0131l\u0131\u015f bi\u00e7imi farkl\u0131, bu sebepten ruhumun yans\u0131mas\u0131 olan \u015fiirlerimle bu yola ilk ad\u0131m\u0131m\u0131 atm\u0131\u015f bulunmaktay\u0131m.<\/p>\n<p>Her insan kitapt\u0131r, okuduk\u00e7a tan\u0131r ve anlars\u0131n\u0131z, bi kitab\u0131 okumadan nas\u0131l ki bir fikre sahip olamazsan\u0131z, insan\u0131 tan\u0131madan da uzaktan \u00f6yle bakarak anlayamazs\u0131n\u0131z, bu sebepten siz de\u011ferli okuyucular\u0131m\u0131n, yazd\u0131\u011f\u0131m \u015fiirlerimle beni anlayabilece\u011finizi umuyorum.<\/p>\n","protected":false},"excerpt":{"rendered":"<p>\u015eair \u015fiirlerine ya\u015fad\u0131klar\u0131 t\u00fcm ac\u0131, h\u00fcz\u00fcn, g\u00f6zya\u015f\u0131, hasret dolu duygular\u0131n\u0131 yans\u0131t\u0131r, bende y\u0131llard\u0131r \u00f6zlemini \u00e7ekti\u011fim, i\u00e7imde bir yara olarak kalm\u0131\u015f bi hayalimi ger\u00e7ekle\u015ftirmek i\u00e7in bu yola \u00e7\u0131kt\u0131m, y\u0131llar boyu ya\u015fad\u0131\u011f\u0131m, nefes al\u0131p verdi\u011fim her an\u0131m da hissetti\u011fim duygular\u0131m\u0131 kendimle ba\u015fba\u015fa kald\u0131\u011f\u0131m zamanlarda ka\u011f\u0131da d\u00f6kt\u00fcm, kimseyle payla\u015famayaca\u011f\u0131m kadar yabanc\u0131 olan insanlar\u0131n yerine, duygular\u0131ma her zaman ortak [&hellip;]<\/p>\n","protected":false},"featured_media":22366,"comment_status":"closed","ping_status":"closed","template":"","meta":[],"product_brand":[],"product_cat":[22],"product_tag":[],"class_list":{"0":"post-22365","1":"product","2":"type-product","3":"status-publish","4":"has-post-thumbnail","6":"product_cat-siir","8":"first","9":"instock","10":"sale","11":"shipping-taxable","12":"purchasable","13":"product-type-simple"},"_links":{"self":[{"href":"https:\/\/kutluyayinevi.com\/magaza\/wp-json\/wp\/v2\/product\/22365","targetHints":{"allow":["GET"]}}],"collection":[{"href":"https:\/\/kutluyayinevi.com\/magaza\/wp-json\/wp\/v2\/product"}],"about":[{"href":"https:\/\/kutluyayinevi.com\/magaza\/wp-json\/wp\/v2\/types\/product"}],"replies":[{"embeddable":true,"href":"https:\/\/kutluyayinevi.com\/magaza\/wp-json\/wp\/v2\/comments?post=22365"}],"wp:featuredmedia":[{"embeddable":true,"href":"https:\/\/kutluyayinevi.com\/magaza\/wp-json\/wp\/v2\/media\/22366"}],"wp:attachment":[{"href":"https:\/\/kutluyayinevi.com\/magaza\/wp-json\/wp\/v2\/media?parent=22365"}],"wp:term":[{"taxonomy":"product_brand","embeddable":true,"href":"https:\/\/kutluyayinevi.com\/magaza\/wp-json\/wp\/v2\/product_brand?post=22365"},{"taxonomy":"product_cat","embeddable":true,"href":"https:\/\/kutluyayinevi.com\/magaza\/wp-json\/wp\/v2\/product_cat?post=22365"},{"taxonomy":"product_tag","embeddable":true,"href":"https:\/\/kutluyayinevi.com\/magaza\/wp-json\/wp\/v2\/product_tag?post=22365"}],"curies":[{"name":"wp","href":"https:\/\/api.w.org\/{rel}","templated":true}]}}