{"id":22404,"date":"2023-07-05T12:32:07","date_gmt":"2023-07-05T09:32:07","guid":{"rendered":"https:\/\/kutluyayinevi.com\/magaza\/?post_type=product&#038;p=22404"},"modified":"2026-02-20T09:42:13","modified_gmt":"2026-02-20T06:42:13","slug":"ey-yolcu-1-sairul-islam-yunus-kokan","status":"publish","type":"product","link":"https:\/\/kutluyayinevi.com\/magaza\/urun\/ey-yolcu-1-sairul-islam-yunus-kokan\/","title":{"rendered":"Ey Yolcu 1 &#8211; \u015e\u00e2ir&#8217;\u00fcl \u0130sl\u00e2m Y\u00fbnus Kokan"},"content":{"rendered":"<p>Ey yolcu! Yer arama, mek\u00e2n arama! Biz derg\u00e2h\u0131m\u0131z\u0131 g\u00f6n\u00fcllere kurar\u0131z.<\/p>\n<p>Ey yolcu! Bir davan yoksa, yoksun demektir.<\/p>\n<p>Ey yolcu! \u0130nsan kitap okur.<\/p>\n","protected":false},"excerpt":{"rendered":"<p>Ey yolcu! Yer arama, mek\u00e2n arama! Biz derg\u00e2h\u0131m\u0131z\u0131 g\u00f6n\u00fcllere kurar\u0131z. Ey yolcu! Bir davan yoksa, yoksun demektir. Ey yolcu! \u0130nsan kitap okur.<\/p>\n","protected":false},"featured_media":22405,"comment_status":"closed","ping_status":"closed","template":"","meta":[],"product_brand":[],"product_cat":[19],"product_tag":[],"class_list":{"0":"post-22404","1":"product","2":"type-product","3":"status-publish","4":"has-post-thumbnail","6":"product_cat-din-tasavvuf","8":"first","9":"instock","10":"sale","11":"shipping-taxable","12":"purchasable","13":"product-type-simple"},"_links":{"self":[{"href":"https:\/\/kutluyayinevi.com\/magaza\/wp-json\/wp\/v2\/product\/22404","targetHints":{"allow":["GET"]}}],"collection":[{"href":"https:\/\/kutluyayinevi.com\/magaza\/wp-json\/wp\/v2\/product"}],"about":[{"href":"https:\/\/kutluyayinevi.com\/magaza\/wp-json\/wp\/v2\/types\/product"}],"replies":[{"embeddable":true,"href":"https:\/\/kutluyayinevi.com\/magaza\/wp-json\/wp\/v2\/comments?post=22404"}],"wp:featuredmedia":[{"embeddable":true,"href":"https:\/\/kutluyayinevi.com\/magaza\/wp-json\/wp\/v2\/media\/22405"}],"wp:attachment":[{"href":"https:\/\/kutluyayinevi.com\/magaza\/wp-json\/wp\/v2\/media?parent=22404"}],"wp:term":[{"taxonomy":"product_brand","embeddable":true,"href":"https:\/\/kutluyayinevi.com\/magaza\/wp-json\/wp\/v2\/product_brand?post=22404"},{"taxonomy":"product_cat","embeddable":true,"href":"https:\/\/kutluyayinevi.com\/magaza\/wp-json\/wp\/v2\/product_cat?post=22404"},{"taxonomy":"product_tag","embeddable":true,"href":"https:\/\/kutluyayinevi.com\/magaza\/wp-json\/wp\/v2\/product_tag?post=22404"}],"curies":[{"name":"wp","href":"https:\/\/api.w.org\/{rel}","templated":true}]}}