{"id":22449,"date":"2023-08-16T20:45:05","date_gmt":"2023-08-16T17:45:05","guid":{"rendered":"https:\/\/kutluyayinevi.com\/magaza\/?post_type=product&#038;p=22449"},"modified":"2026-02-20T11:02:35","modified_gmt":"2026-02-20T08:02:35","slug":"ihtimaller-isiginda-merhabadan-hallice-emirhan-kara","status":"publish","type":"product","link":"https:\/\/kutluyayinevi.com\/magaza\/urun\/ihtimaller-isiginda-merhabadan-hallice-emirhan-kara\/","title":{"rendered":"\u0130htimaller I\u015f\u0131\u011f\u0131nda Merhabadan Hallice &#8211; Emirhan Kara"},"content":{"rendered":"<p><em>\u201cYeni neslin \u015fip\u015fak a\u015fklar\u0131na kar\u015f\u0131n nispet ve ge\u00e7mi\u015fe ayna tutan bir bak\u0131\u015f a\u00e7\u0131s\u0131yd\u0131 sanki bizimkisi, hikayelerin tesad\u00fcflere dayal\u0131 olarak bir araya, ayn\u0131 s\u0131n\u0131fta kar\u015f\u0131la\u015ft\u0131rd\u0131\u011f\u0131 iki insan, birbirlerine yava\u015f yava\u015f, yavru bir ceylanm\u0131\u015f\u00e7as\u0131na yakla\u015fmay\u0131 deniyordu, aman ne kadar kli\u015fe!<\/em><\/p>\n<p><em>Say\u0131s\u0131z kitaptan ve filmden ne gibi fark\u0131m\u0131z vard\u0131 ki.<\/em><\/p>\n<p><em>Er ya da ge\u00e7 bir \u015fekilde yak\u0131nla\u015f\u0131p sonra birbirimizden uzakla\u015facakt\u0131k. Devam\u0131nda araya arkada\u015flar\u0131m\u0131z girecekti ve kald\u0131\u011f\u0131m\u0131z yerden devam edecek, belki daha sonra evlenecek ve mutlu olacakt\u0131k, evet, muhtemelen bu \u015fekilde ilerleyecekti bizim hikayemiz, bunda \u015fa\u015f\u0131r\u0131lacak bir y\u00f6n yoktu, hayaller bile kurulurken olduk\u00e7a sade ve bir ekstra bar\u0131nd\u0131rmadan kuruluyordu \u015fayet darmada\u011f\u0131n oldu\u011funda ard\u0131nda k\u0131r\u0131k kalplerin kalmamas\u0131 da buna ba\u011fl\u0131.<\/em><\/p>\n<p><em>Bilirsin, ne kadar devasa hayal, o kadar a\u011f\u0131r ger\u00e7ek demektir, ad\u0131na hayat denilen, d\u00fcn, bug\u00fcn ve yar\u0131n aras\u0131nda gidip gelinen kameras\u0131 yaln\u0131zca tek ki\u015finin g\u00f6zlerinden ibaret olan filmlerde.\u201d<\/em><\/p>\n<p>Melis ve Levent\u2019in imk\u00e2ns\u0131z a\u015fk\u0131na, iki ruhun birbirini sessizce istemesine, a\u015fk\u0131n toyluk evresinden \u00e7\u0131k\u0131p yava\u015f yava\u015f ki\u015finin b\u00fcnyesinin tamam\u0131 haline geldi\u011fine tan\u0131k olaca\u011f\u0131n\u0131z bir hik\u00e2ye onlar\u0131n hikayesi. Sevmenin yetmedi\u011fi hikayelerden.<\/p>\n","protected":false},"excerpt":{"rendered":"<p>\u201cYeni neslin \u015fip\u015fak a\u015fklar\u0131na kar\u015f\u0131n nispet ve ge\u00e7mi\u015fe ayna tutan bir bak\u0131\u015f a\u00e7\u0131s\u0131yd\u0131 sanki bizimkisi, hikayelerin tesad\u00fcflere dayal\u0131 olarak bir araya, ayn\u0131 s\u0131n\u0131fta kar\u015f\u0131la\u015ft\u0131rd\u0131\u011f\u0131 iki insan, birbirlerine yava\u015f yava\u015f, yavru bir ceylanm\u0131\u015f\u00e7as\u0131na yakla\u015fmay\u0131 deniyordu, aman ne kadar kli\u015fe! Say\u0131s\u0131z kitaptan ve filmden ne gibi fark\u0131m\u0131z vard\u0131 ki. Er ya da ge\u00e7 bir \u015fekilde yak\u0131nla\u015f\u0131p sonra [&hellip;]<\/p>\n","protected":false},"featured_media":22451,"comment_status":"closed","ping_status":"closed","template":"","meta":[],"product_brand":[],"product_cat":[27,24],"product_tag":[],"class_list":{"0":"post-22449","1":"product","2":"type-product","3":"status-publish","4":"has-post-thumbnail","6":"product_cat-edebiyat","7":"product_cat-roman","9":"first","10":"instock","11":"sale","12":"shipping-taxable","13":"purchasable","14":"product-type-simple"},"_links":{"self":[{"href":"https:\/\/kutluyayinevi.com\/magaza\/wp-json\/wp\/v2\/product\/22449","targetHints":{"allow":["GET"]}}],"collection":[{"href":"https:\/\/kutluyayinevi.com\/magaza\/wp-json\/wp\/v2\/product"}],"about":[{"href":"https:\/\/kutluyayinevi.com\/magaza\/wp-json\/wp\/v2\/types\/product"}],"replies":[{"embeddable":true,"href":"https:\/\/kutluyayinevi.com\/magaza\/wp-json\/wp\/v2\/comments?post=22449"}],"wp:featuredmedia":[{"embeddable":true,"href":"https:\/\/kutluyayinevi.com\/magaza\/wp-json\/wp\/v2\/media\/22451"}],"wp:attachment":[{"href":"https:\/\/kutluyayinevi.com\/magaza\/wp-json\/wp\/v2\/media?parent=22449"}],"wp:term":[{"taxonomy":"product_brand","embeddable":true,"href":"https:\/\/kutluyayinevi.com\/magaza\/wp-json\/wp\/v2\/product_brand?post=22449"},{"taxonomy":"product_cat","embeddable":true,"href":"https:\/\/kutluyayinevi.com\/magaza\/wp-json\/wp\/v2\/product_cat?post=22449"},{"taxonomy":"product_tag","embeddable":true,"href":"https:\/\/kutluyayinevi.com\/magaza\/wp-json\/wp\/v2\/product_tag?post=22449"}],"curies":[{"name":"wp","href":"https:\/\/api.w.org\/{rel}","templated":true}]}}