{"id":22481,"date":"2023-08-26T18:15:11","date_gmt":"2023-08-26T15:15:11","guid":{"rendered":"https:\/\/kutluyayinevi.com\/magaza\/?post_type=product&#038;p=22481"},"modified":"2026-02-19T17:31:17","modified_gmt":"2026-02-19T14:31:17","slug":"egitim-bir-sihirli-degnek-huseyin-yorulmaz","status":"publish","type":"product","link":"https:\/\/kutluyayinevi.com\/magaza\/urun\/egitim-bir-sihirli-degnek-huseyin-yorulmaz\/","title":{"rendered":"E\u011fitim: Bir Sihirli De\u011fnek &#8211; H\u00fcseyin Yorulmaz"},"content":{"rendered":"<div class=\"comment-container\">\n<div class=\"action-comment can-view-video markeddown js-comment is-comments-rewrite\" dir=\"auto\">\n<div class=\"current-comment js-friendly-links js-open-card\">\n<p>Yar\u0131nlar\u0131n\u0131 merak ediyorsan bug\u00fcnk\u00fc e\u011fitim sistemine bakmal\u0131s\u0131n. Y\u0131llard\u0131r marjinal ideolojik gruplar\u0131n \u015famaro\u011flan\u0131na \u00e7evirdi\u011fi adeta fele\u011fini \u015fa\u015f\u0131rtt\u0131\u011f\u0131 bir e\u011fitim sistemi ile d\u00fcn\u00fcm\u00fcz ne ise bug\u00fcn\u00fcm\u00fcz de \u00f6yle olmu\u015ftur, bug\u00fcn\u00fcm\u00fcz nas\u0131lsa yar\u0131nlar\u0131m\u0131z da \u00f6yle olacakt\u0131r! B\u0131kt\u0131k art\u0131k de\u011fil, YETER ARTIK demenin tam da vaktidir. Siyasetten ba\u011f\u0131ms\u0131z, ortak bir fikir birli\u011finde planlanm\u0131\u015f e\u011fitim sistemi i\u00e7in toplumun t\u00fcm kesiminin sesi, yeri g\u00f6\u011f\u00fc inletmelidir. Kabul etmeliyiz ki E\u011e\u0130T\u0130M en \u00f6nemli BEKA meselemizdir. Milli E\u011fitim i\u00e7in Milli Bilin\u00e7 uyanmal\u0131d\u0131r art\u0131k.<\/p>\n<p>Teori\u2026Teori\u2026Teori\u2026 TEOR\u0130 \u00fczerine kurulmu\u015f, masallarla devam eden, s\u0131k\u0131c\u0131, bo\u011fucu, ezberci e\u011fitim anlay\u0131\u015f\u0131 beyinlerimizi yeterince k\u0131s\u0131rla\u015ft\u0131rmad\u0131 m\u0131?<\/p>\n<p>Beceri nerede, ak\u0131l y\u00fcr\u00fctme nerde kald\u0131? Kullanmamak \u00fczere beyinlere depolanan ezber bilgilerin; kime, ne zaman ve nas\u0131l faydas\u0131 olacak?<\/p>\n<p>Daha ilkokul s\u0131ralar\u0131nda; y\u00fcr\u00fcme becerisini, konu\u015fma, sosyalle\u015fme becerisini, okuma ve anlama becerisini hen\u00fcz kazanm\u0131\u015f \u00e7ocuklar\u0131m\u0131za e\u011fitim-\u00f6\u011fretim diyerek testler, s\u0131navlar dayat\u0131larak hayatlar\u0131n\u0131 \u00fc\u00e7 se\u00e7enek aras\u0131na s\u0131\u011fd\u0131rmaya \u00e7al\u0131\u015fmak hangi bilimle hangi pedagojik ilkelerle a\u00e7\u0131klanabilir?<\/p>\n<p>Ey Milletim; ger\u00e7ek e\u011fitimin, s\u0131nav kazand\u0131rmaya odakl\u0131 teori ve ezber \u00fczerine kurulmu\u015f bireyler yeti\u015ftirmek mi yoksa g\u00fc\u00e7l\u00fc karaktere sahip, mill\u00ee ve manevi de\u011ferlerini benimsemi\u015f, becerisi geli\u015fmi\u015f, sorgulayabilen, \u00fcretken bireyler yeti\u015ftirmek mi oldu\u011funu ay\u0131rt etmek zorunday\u0131z.<\/p>\n<p>T\u00fcrk Milleti olarak Milli E\u011fitim konusunu Milli Davam\u0131z olarak kabul edip bu konuda y\u00fcksek bilin\u00e7 seviyesinde olmal\u0131y\u0131z.<\/p>\n<p>\u015e\u00fcphesiz ki; geli\u015fmi\u015f ve g\u00fc\u00e7l\u00fc bir \u00fclke olman\u0131n tek yolu nitelikli bir e\u011fitim sistemine sahip olmaktan ge\u00e7er. Bunu ba\u015faramad\u0131\u011f\u0131m\u0131z s\u00fcrece yar\u0131nlara uyan\u0131\u015flar\u0131m\u0131z her zaman samimi bir g\u00fcnayd\u0131n sesiyle olmayacakt\u0131r!<\/p>\n<p><strong>Unutmayal\u0131m ki toplumlar\u0131n kaderi e\u011fitimle yaz\u0131l\u0131r.<\/strong><\/p>\n<\/div>\n<\/div>\n<\/div>\n","protected":false},"excerpt":{"rendered":"<p>Yar\u0131nlar\u0131n\u0131 merak ediyorsan bug\u00fcnk\u00fc e\u011fitim sistemine bakmal\u0131s\u0131n. Y\u0131llard\u0131r marjinal ideolojik gruplar\u0131n \u015famaro\u011flan\u0131na \u00e7evirdi\u011fi adeta fele\u011fini \u015fa\u015f\u0131rtt\u0131\u011f\u0131 bir e\u011fitim sistemi ile d\u00fcn\u00fcm\u00fcz ne ise bug\u00fcn\u00fcm\u00fcz de \u00f6yle olmu\u015ftur, bug\u00fcn\u00fcm\u00fcz nas\u0131lsa yar\u0131nlar\u0131m\u0131z da \u00f6yle olacakt\u0131r! B\u0131kt\u0131k art\u0131k de\u011fil, YETER ARTIK demenin tam da vaktidir. Siyasetten ba\u011f\u0131ms\u0131z, ortak bir fikir birli\u011finde planlanm\u0131\u015f e\u011fitim sistemi i\u00e7in toplumun t\u00fcm kesiminin [&hellip;]<\/p>\n","protected":false},"featured_media":22482,"comment_status":"closed","ping_status":"closed","template":"","meta":[],"product_brand":[],"product_cat":[28],"product_tag":[],"class_list":{"0":"post-22481","1":"product","2":"type-product","3":"status-publish","4":"has-post-thumbnail","6":"product_cat-aratirma-inceleme","8":"first","9":"instock","10":"sale","11":"shipping-taxable","12":"purchasable","13":"product-type-simple"},"_links":{"self":[{"href":"https:\/\/kutluyayinevi.com\/magaza\/wp-json\/wp\/v2\/product\/22481","targetHints":{"allow":["GET"]}}],"collection":[{"href":"https:\/\/kutluyayinevi.com\/magaza\/wp-json\/wp\/v2\/product"}],"about":[{"href":"https:\/\/kutluyayinevi.com\/magaza\/wp-json\/wp\/v2\/types\/product"}],"replies":[{"embeddable":true,"href":"https:\/\/kutluyayinevi.com\/magaza\/wp-json\/wp\/v2\/comments?post=22481"}],"wp:featuredmedia":[{"embeddable":true,"href":"https:\/\/kutluyayinevi.com\/magaza\/wp-json\/wp\/v2\/media\/22482"}],"wp:attachment":[{"href":"https:\/\/kutluyayinevi.com\/magaza\/wp-json\/wp\/v2\/media?parent=22481"}],"wp:term":[{"taxonomy":"product_brand","embeddable":true,"href":"https:\/\/kutluyayinevi.com\/magaza\/wp-json\/wp\/v2\/product_brand?post=22481"},{"taxonomy":"product_cat","embeddable":true,"href":"https:\/\/kutluyayinevi.com\/magaza\/wp-json\/wp\/v2\/product_cat?post=22481"},{"taxonomy":"product_tag","embeddable":true,"href":"https:\/\/kutluyayinevi.com\/magaza\/wp-json\/wp\/v2\/product_tag?post=22481"}],"curies":[{"name":"wp","href":"https:\/\/api.w.org\/{rel}","templated":true}]}}