{"id":22499,"date":"2023-09-13T14:40:39","date_gmt":"2023-09-13T11:40:39","guid":{"rendered":"https:\/\/kutluyayinevi.com\/magaza\/?post_type=product&#038;p=22499"},"modified":"2026-02-20T12:55:17","modified_gmt":"2026-02-20T09:55:17","slug":"kulturlerarasi-ask-%ec%82%ac%eb%9e%91-turkiye-guney-kore-ornegi-sema-nur-yilmaz","status":"publish","type":"product","link":"https:\/\/kutluyayinevi.com\/magaza\/urun\/kulturlerarasi-ask-%ec%82%ac%eb%9e%91-turkiye-guney-kore-ornegi-sema-nur-yilmaz\/","title":{"rendered":"K\u00fclt\u00fcrleraras\u0131 A\u015fk \uc0ac\ub791 (T\u00fcrkiye &#8211; G\u00fcney Kore \u00d6rne\u011fi) &#8211; Sema Nur Y\u0131lmaz"},"content":{"rendered":"<div class=\"comment-container\">\n<div class=\"action-comment can-view-video markeddown js-comment is-comments-rewrite\" dir=\"auto\">\n<div class=\"current-comment js-friendly-links js-open-card\">\n<p>G\u00fcney Kore son y\u0131llarda e\u011flence end\u00fcstrisi sayesinde pop\u00fclerli\u011fini art\u0131rm\u0131\u015f, izleyicilerin Kore \u00fclkesine ve k\u00fclt\u00fcr\u00fcne kar\u015f\u0131 merak duygusunu dinamik tutmay\u0131 ba\u015farm\u0131\u015ft\u0131r. Bu durum, sosyolojik sebeplerle evlenmenin gittik\u00e7e zorla\u015ft\u0131\u011f\u0131 G\u00fcney Kore\u2019de k\u00fclt\u00fcrleraras\u0131 ili\u015fkilerin \/ evliliklerin ger\u00e7ekle\u015fmesine etki etmi\u015ftir. Bu evliliklerden baz\u0131lar\u0131 T\u00fcrk kad\u0131nlar\u0131 ve G\u00fcney Koreli erkekler aras\u0131nda yap\u0131lm\u0131\u015ft\u0131r. \u00d6zellikle 8 bin km uzakl\u0131kta bulunan iki farkl\u0131 k\u00fclt\u00fcre sahip bu insanlar\u0131n, etkile\u015fimleri s\u0131ras\u0131nda hayatlar\u0131nda de\u011fi\u015fimler meydana gelmi\u015ftir. Kore\u2019de ya\u015fayan veya Koreli partneri olan T\u00fcrk kad\u0131nlar\u0131yla yapm\u0131\u015f oldu\u011fumuz bu bilimsel \u00e7al\u0131\u015fmada cevaplar\u0131n\u0131 tespit etti\u011fimiz baz\u0131 sorular \u015funlard\u0131r:<\/p>\n<p>\u1ca6 G\u00fcney Kore\u2019de yabanc\u0131 veya T\u00fcrk olmak ne hissettirmektedir?<\/p>\n<p>\u1ca6 G\u00fcney Kore\u2019de M\u00fcsl\u00fcman olarak ya\u015famak nas\u0131l de\u011ferlendirilmektedir?<\/p>\n<p>\u1ca6 G\u00fcney Kore ve T\u00fcrk k\u00fclt\u00fcr\u00fc aras\u0131ndaki benzerlikler ve farkl\u0131l\u0131klar nelerdir?<\/p>\n<p>\u1ca6 K-dramalar\u0131n\u0131n izleyicide olu\u015fturdu\u011fu imaj\u0131n ger\u00e7eklik pay\u0131 nedir?<\/p>\n<p>\u1ca6 Kore\u2019de \u00e7iftler ili\u015fkilerinde romantik unsurlar\u0131 m\u0131 tercih etmekte yoksa kapitalist d\u00fc\u015f\u00fcncenin etkisine g\u00f6re mi hareket etmektedir?<\/p>\n<p>\u1ca6 K\u00fclt\u00fcrleraras\u0131 evlili\u011fi tercih eden \u00e7iftleri, modernizm nas\u0131l etkilemektedir?<\/p>\n<p>\u1ca6 Koreli bireylerin din de\u011fi\u015fim s\u00fcrecinde neler ya\u015fanmaktad\u0131r?<\/p>\n<p>\u1ca6 T\u00fcrk aileleri, yabanc\u0131 damad\u0131 kabul etme s\u00fcrecinde hangi \u015fartlar\u0131 dile getirmektedir?<\/p>\n<p>\u1ca6 Kore ailelerinin T\u00fcrk gelinleri kabullenmede neden g\u00fczellik alg\u0131s\u0131 \u00f6n plana \u00e7\u0131kmaktad\u0131r?<\/p>\n<p>\u1ca6 Kore\u2019ye hangi sebeplerden \u00f6t\u00fcr\u00fc g\u00f6\u00e7 edilmektedir?<\/p>\n<p>Bu kitap; T\u00fcrkiye ve G\u00fcney Kore baz\u0131nda k\u00fclt\u00fcrleraras\u0131 ili\u015fki ya\u015fayan \u00e7iftlerde meydana gelen bireysel, k\u00fclt\u00fcrel ve dini de\u011fi\u015fimleri din sosyolojisi a\u00e7\u0131s\u0131ndan ele alan ilk \u00e7al\u0131\u015fmad\u0131r. Ayr\u0131ca Kore\u2019nin ger\u00e7ek sosyal ya\u015fam\u0131 ve ili\u015fki k\u00fclt\u00fcr\u00fc hakk\u0131nda da bilgi vermektedir.<\/p>\n<p>Birbirine kilometrelerce uzak olmas\u0131na ra\u011fmen yollar\u0131 kesi\u015fen iki farkl\u0131 k\u00fclt\u00fcr\u00fcn harmonisi\u2026<\/p>\n<\/div>\n<\/div>\n<\/div>\n","protected":false},"excerpt":{"rendered":"<p>G\u00fcney Kore son y\u0131llarda e\u011flence end\u00fcstrisi sayesinde pop\u00fclerli\u011fini art\u0131rm\u0131\u015f, izleyicilerin Kore \u00fclkesine ve k\u00fclt\u00fcr\u00fcne kar\u015f\u0131 merak duygusunu dinamik tutmay\u0131 ba\u015farm\u0131\u015ft\u0131r. Bu durum, sosyolojik sebeplerle evlenmenin gittik\u00e7e zorla\u015ft\u0131\u011f\u0131 G\u00fcney Kore\u2019de k\u00fclt\u00fcrleraras\u0131 ili\u015fkilerin \/ evliliklerin ger\u00e7ekle\u015fmesine etki etmi\u015ftir. Bu evliliklerden baz\u0131lar\u0131 T\u00fcrk kad\u0131nlar\u0131 ve G\u00fcney Koreli erkekler aras\u0131nda yap\u0131lm\u0131\u015ft\u0131r. \u00d6zellikle 8 bin km uzakl\u0131kta bulunan iki farkl\u0131 [&hellip;]<\/p>\n","protected":false},"featured_media":22500,"comment_status":"closed","ping_status":"closed","template":"","meta":[],"product_brand":[],"product_cat":[59],"product_tag":[],"class_list":{"0":"post-22499","1":"product","2":"type-product","3":"status-publish","4":"has-post-thumbnail","6":"product_cat-derleme","8":"first","9":"instock","10":"sale","11":"shipping-taxable","12":"purchasable","13":"product-type-simple"},"_links":{"self":[{"href":"https:\/\/kutluyayinevi.com\/magaza\/wp-json\/wp\/v2\/product\/22499","targetHints":{"allow":["GET"]}}],"collection":[{"href":"https:\/\/kutluyayinevi.com\/magaza\/wp-json\/wp\/v2\/product"}],"about":[{"href":"https:\/\/kutluyayinevi.com\/magaza\/wp-json\/wp\/v2\/types\/product"}],"replies":[{"embeddable":true,"href":"https:\/\/kutluyayinevi.com\/magaza\/wp-json\/wp\/v2\/comments?post=22499"}],"wp:featuredmedia":[{"embeddable":true,"href":"https:\/\/kutluyayinevi.com\/magaza\/wp-json\/wp\/v2\/media\/22500"}],"wp:attachment":[{"href":"https:\/\/kutluyayinevi.com\/magaza\/wp-json\/wp\/v2\/media?parent=22499"}],"wp:term":[{"taxonomy":"product_brand","embeddable":true,"href":"https:\/\/kutluyayinevi.com\/magaza\/wp-json\/wp\/v2\/product_brand?post=22499"},{"taxonomy":"product_cat","embeddable":true,"href":"https:\/\/kutluyayinevi.com\/magaza\/wp-json\/wp\/v2\/product_cat?post=22499"},{"taxonomy":"product_tag","embeddable":true,"href":"https:\/\/kutluyayinevi.com\/magaza\/wp-json\/wp\/v2\/product_tag?post=22499"}],"curies":[{"name":"wp","href":"https:\/\/api.w.org\/{rel}","templated":true}]}}