{"id":22571,"date":"2023-10-30T16:27:58","date_gmt":"2023-10-30T13:27:58","guid":{"rendered":"https:\/\/kutluyayinevi.com\/magaza\/?post_type=product&#038;p=22571"},"modified":"2024-02-09T12:15:11","modified_gmt":"2024-02-09T09:15:11","slug":"materyalist-kafa-serkan-silgir","status":"publish","type":"product","link":"https:\/\/kutluyayinevi.com\/magaza\/urun\/materyalist-kafa-serkan-silgir\/","title":{"rendered":"Materyalist Kafa &#8211; Serkan S\u0131lg\u0131r"},"content":{"rendered":"<p>Hayat\u0131mdan ald\u0131\u011f\u0131m deneyim, bilin\u00e7 ve tecr\u00fcbe ile \u015funu s\u00f6yleyebilirim ki:<br \/>\nGer\u00e7ek manada babalar, evlatlar\u0131ndan kopmamal\u0131, kopmamal\u0131d\u0131r, kopmamal\u0131yd\u0131.<br \/>\nBir insan ne kadar b\u00fcy\u00fcrse b\u00fcy\u00fcs\u00fcn ne kadar tecr\u00fcbe ederse etsin ne kadar kendini geli\u015ftirirse geli\u015ftirsin ger\u00e7ek manada kalbinin \u00e7o\u011fu \u00e7ocuk ruhludur.Babalar, evlatlar\u0131n\u0131n a\u00e7\u0131k ara kahraman\u0131d\u0131r; ona \u00f6zenir, onu taklit eder, ona benzemeye \u00e7al\u0131\u015f\u0131r ve ona kendini ispat etme \u00e7abas\u0131 i\u00e7inde olur daima. Bu kural \u00e7ok az sapmalar da olsa de\u011fi\u015fmez.<br \/>\nBabalar evlatlar\u0131n\u0131 b\u0131rakt\u0131lar; ilim, irfan, k\u00fclt\u00fcr, gelenek, g\u00f6renek, fen, din bilgisi konular\u0131nda inan\u00e7s\u0131zl\u0131\u011fa, karamsarl\u0131\u011fa, karanl\u0131\u011fa s\u00fcr\u00fcklediler. Evet s\u00fcr\u00fckleniyorlar.<br \/>\nB\u0131rak\u0131n\u0131z ey babalar! Evlatlar\u0131n\u0131z\u0131n kahraman\u0131 olunuz ve hep \u00f6yle kal\u0131n\u0131z, hat\u0131rlan\u0131n\u0131z.<\/p>\n","protected":false},"excerpt":{"rendered":"<p>Hayat\u0131mdan ald\u0131\u011f\u0131m deneyim, bilin\u00e7 ve tecr\u00fcbe ile \u015funu s\u00f6yleyebilirim ki: Ger\u00e7ek manada babalar, evlatlar\u0131ndan kopmamal\u0131, kopmamal\u0131d\u0131r, kopmamal\u0131yd\u0131. Bir insan ne kadar b\u00fcy\u00fcrse b\u00fcy\u00fcs\u00fcn ne kadar tecr\u00fcbe ederse etsin ne kadar kendini geli\u015ftirirse geli\u015ftirsin ger\u00e7ek manada kalbinin \u00e7o\u011fu \u00e7ocuk ruhludur.Babalar, evlatlar\u0131n\u0131n a\u00e7\u0131k ara kahraman\u0131d\u0131r; ona \u00f6zenir, onu taklit eder, ona benzemeye \u00e7al\u0131\u015f\u0131r ve ona kendini ispat [&hellip;]<\/p>\n","protected":false},"featured_media":22570,"comment_status":"closed","ping_status":"closed","template":"","meta":[],"product_brand":[],"product_cat":[26],"product_tag":[],"class_list":{"0":"post-22571","1":"product","2":"type-product","3":"status-publish","4":"has-post-thumbnail","6":"product_cat-deneme","8":"first","9":"outofstock","10":"sale","11":"shipping-taxable","12":"purchasable","13":"product-type-simple"},"_links":{"self":[{"href":"https:\/\/kutluyayinevi.com\/magaza\/wp-json\/wp\/v2\/product\/22571","targetHints":{"allow":["GET"]}}],"collection":[{"href":"https:\/\/kutluyayinevi.com\/magaza\/wp-json\/wp\/v2\/product"}],"about":[{"href":"https:\/\/kutluyayinevi.com\/magaza\/wp-json\/wp\/v2\/types\/product"}],"replies":[{"embeddable":true,"href":"https:\/\/kutluyayinevi.com\/magaza\/wp-json\/wp\/v2\/comments?post=22571"}],"wp:featuredmedia":[{"embeddable":true,"href":"https:\/\/kutluyayinevi.com\/magaza\/wp-json\/wp\/v2\/media\/22570"}],"wp:attachment":[{"href":"https:\/\/kutluyayinevi.com\/magaza\/wp-json\/wp\/v2\/media?parent=22571"}],"wp:term":[{"taxonomy":"product_brand","embeddable":true,"href":"https:\/\/kutluyayinevi.com\/magaza\/wp-json\/wp\/v2\/product_brand?post=22571"},{"taxonomy":"product_cat","embeddable":true,"href":"https:\/\/kutluyayinevi.com\/magaza\/wp-json\/wp\/v2\/product_cat?post=22571"},{"taxonomy":"product_tag","embeddable":true,"href":"https:\/\/kutluyayinevi.com\/magaza\/wp-json\/wp\/v2\/product_tag?post=22571"}],"curies":[{"name":"wp","href":"https:\/\/api.w.org\/{rel}","templated":true}]}}