{"id":22654,"date":"2023-12-06T13:17:48","date_gmt":"2023-12-06T10:17:48","guid":{"rendered":"https:\/\/kutluyayinevi.com\/magaza\/?post_type=product&#038;p=22654"},"modified":"2026-02-20T17:23:55","modified_gmt":"2026-02-20T14:23:55","slug":"senden-sana-gulnaz-calikoglu","status":"publish","type":"product","link":"https:\/\/kutluyayinevi.com\/magaza\/urun\/senden-sana-gulnaz-calikoglu\/","title":{"rendered":"Senden Sana &#8211; G\u00fclnaz \u00c7al\u0131ko\u011flu"},"content":{"rendered":"<div class=\"comment-container\">\n<div class=\"action-comment can-view-video markeddown js-comment is-comments-rewrite\" dir=\"auto\">\n<div class=\"current-comment js-friendly-links js-open-card\">\n<p>\u0130\u015fleyi\u015f sistemini \u00f6\u011frenerek yeniden ba\u015fla.<\/p>\n<p>Hayat\u0131m\u0131z\u0131 kendi yapt\u0131\u011f\u0131m\u0131z se\u00e7im ve davran\u0131\u015flar\u0131m\u0131z ile kendimiz in\u015fa ediyoruz.<\/p>\n<p>Genel i\u015fleyi\u015fi anlay\u0131p bilin\u00e7li ya\u015famak kendi elimizde.<\/p>\n<p>Bu yazm\u0131\u015f oldu\u011fum kitab\u0131mda sizlere huzura kavu\u015fman\u0131z i\u00e7in gereken t\u00fcm temel bilgileri sunuyorum.<\/p>\n<p>Kitapta yer verdi\u011fim bilgiler, bug\u00fcne kadar y\u0131llard\u0131r yapt\u0131\u011f\u0131m \u00e7al\u0131\u015fmalar\u0131mda bir\u00e7ok insana yard\u0131mc\u0131 oldu.<\/p>\n<p>Siz okuyucular\u0131ma da faydal\u0131 olaca\u011f\u0131na inan\u0131yorum.<\/p>\n<\/div>\n<\/div>\n<\/div>\n","protected":false},"excerpt":{"rendered":"<p>\u0130\u015fleyi\u015f sistemini \u00f6\u011frenerek yeniden ba\u015fla. Hayat\u0131m\u0131z\u0131 kendi yapt\u0131\u011f\u0131m\u0131z se\u00e7im ve davran\u0131\u015flar\u0131m\u0131z ile kendimiz in\u015fa ediyoruz. Genel i\u015fleyi\u015fi anlay\u0131p bilin\u00e7li ya\u015famak kendi elimizde. Bu yazm\u0131\u015f oldu\u011fum kitab\u0131mda sizlere huzura kavu\u015fman\u0131z i\u00e7in gereken t\u00fcm temel bilgileri sunuyorum. Kitapta yer verdi\u011fim bilgiler, bug\u00fcne kadar y\u0131llard\u0131r yapt\u0131\u011f\u0131m \u00e7al\u0131\u015fmalar\u0131mda bir\u00e7ok insana yard\u0131mc\u0131 oldu. Siz okuyucular\u0131ma da faydal\u0131 olaca\u011f\u0131na inan\u0131yorum.<\/p>\n","protected":false},"featured_media":22655,"comment_status":"closed","ping_status":"closed","template":"","meta":[],"product_brand":[],"product_cat":[32],"product_tag":[],"class_list":{"0":"post-22654","1":"product","2":"type-product","3":"status-publish","4":"has-post-thumbnail","6":"product_cat-kisisel-gelisim","8":"first","9":"instock","10":"sale","11":"shipping-taxable","12":"purchasable","13":"product-type-simple"},"_links":{"self":[{"href":"https:\/\/kutluyayinevi.com\/magaza\/wp-json\/wp\/v2\/product\/22654","targetHints":{"allow":["GET"]}}],"collection":[{"href":"https:\/\/kutluyayinevi.com\/magaza\/wp-json\/wp\/v2\/product"}],"about":[{"href":"https:\/\/kutluyayinevi.com\/magaza\/wp-json\/wp\/v2\/types\/product"}],"replies":[{"embeddable":true,"href":"https:\/\/kutluyayinevi.com\/magaza\/wp-json\/wp\/v2\/comments?post=22654"}],"wp:featuredmedia":[{"embeddable":true,"href":"https:\/\/kutluyayinevi.com\/magaza\/wp-json\/wp\/v2\/media\/22655"}],"wp:attachment":[{"href":"https:\/\/kutluyayinevi.com\/magaza\/wp-json\/wp\/v2\/media?parent=22654"}],"wp:term":[{"taxonomy":"product_brand","embeddable":true,"href":"https:\/\/kutluyayinevi.com\/magaza\/wp-json\/wp\/v2\/product_brand?post=22654"},{"taxonomy":"product_cat","embeddable":true,"href":"https:\/\/kutluyayinevi.com\/magaza\/wp-json\/wp\/v2\/product_cat?post=22654"},{"taxonomy":"product_tag","embeddable":true,"href":"https:\/\/kutluyayinevi.com\/magaza\/wp-json\/wp\/v2\/product_tag?post=22654"}],"curies":[{"name":"wp","href":"https:\/\/api.w.org\/{rel}","templated":true}]}}