{"id":22656,"date":"2023-12-06T13:20:05","date_gmt":"2023-12-06T10:20:05","guid":{"rendered":"https:\/\/kutluyayinevi.com\/magaza\/?post_type=product&#038;p=22656"},"modified":"2026-02-20T13:26:18","modified_gmt":"2026-02-20T10:26:18","slug":"mecburiyet-caddesi-orhan-tahiroglu","status":"publish","type":"product","link":"https:\/\/kutluyayinevi.com\/magaza\/urun\/mecburiyet-caddesi-orhan-tahiroglu\/","title":{"rendered":"Mecburiyet Caddesi &#8211; Orhan Tahiro\u011flu"},"content":{"rendered":"<p>Xwe\u015f\u00ee nema<br \/>\nJi ber zarokan<br \/>\n\u00c7\u00fcmk\u00ee zarok dimir\u00een<br \/>\nDayik digir\u00een\u2026<\/p>\n<p>Sanmaki rahat\u0131m.<br \/>\nKeyifler s\u00fcr\u00fcyorum.<br \/>\n\u0130\u00e7erisindeyim keyiflerin,<br \/>\nSen bu kadar yokken!<br \/>\nBen var olabilir miydim?<\/p>\n","protected":false},"excerpt":{"rendered":"<p>Xwe\u015f\u00ee nema Ji ber zarokan \u00c7\u00fcmk\u00ee zarok dimir\u00een Dayik digir\u00een\u2026 Sanmaki rahat\u0131m. Keyifler s\u00fcr\u00fcyorum. \u0130\u00e7erisindeyim keyiflerin, Sen bu kadar yokken! Ben var olabilir miydim?<\/p>\n","protected":false},"featured_media":22657,"comment_status":"closed","ping_status":"closed","template":"","meta":[],"product_brand":[],"product_cat":[22],"product_tag":[],"class_list":{"0":"post-22656","1":"product","2":"type-product","3":"status-publish","4":"has-post-thumbnail","6":"product_cat-siir","8":"first","9":"instock","10":"sale","11":"shipping-taxable","12":"purchasable","13":"product-type-simple"},"_links":{"self":[{"href":"https:\/\/kutluyayinevi.com\/magaza\/wp-json\/wp\/v2\/product\/22656","targetHints":{"allow":["GET"]}}],"collection":[{"href":"https:\/\/kutluyayinevi.com\/magaza\/wp-json\/wp\/v2\/product"}],"about":[{"href":"https:\/\/kutluyayinevi.com\/magaza\/wp-json\/wp\/v2\/types\/product"}],"replies":[{"embeddable":true,"href":"https:\/\/kutluyayinevi.com\/magaza\/wp-json\/wp\/v2\/comments?post=22656"}],"wp:featuredmedia":[{"embeddable":true,"href":"https:\/\/kutluyayinevi.com\/magaza\/wp-json\/wp\/v2\/media\/22657"}],"wp:attachment":[{"href":"https:\/\/kutluyayinevi.com\/magaza\/wp-json\/wp\/v2\/media?parent=22656"}],"wp:term":[{"taxonomy":"product_brand","embeddable":true,"href":"https:\/\/kutluyayinevi.com\/magaza\/wp-json\/wp\/v2\/product_brand?post=22656"},{"taxonomy":"product_cat","embeddable":true,"href":"https:\/\/kutluyayinevi.com\/magaza\/wp-json\/wp\/v2\/product_cat?post=22656"},{"taxonomy":"product_tag","embeddable":true,"href":"https:\/\/kutluyayinevi.com\/magaza\/wp-json\/wp\/v2\/product_tag?post=22656"}],"curies":[{"name":"wp","href":"https:\/\/api.w.org\/{rel}","templated":true}]}}