{"id":22661,"date":"2023-12-06T13:25:58","date_gmt":"2023-12-06T10:25:58","guid":{"rendered":"https:\/\/kutluyayinevi.com\/magaza\/?post_type=product&#038;p=22661"},"modified":"2026-02-20T15:39:16","modified_gmt":"2026-02-20T12:39:16","slug":"mpu-turkce-hazirlik-kitabi-gulnaz-calikoglu","status":"publish","type":"product","link":"https:\/\/kutluyayinevi.com\/magaza\/urun\/mpu-turkce-hazirlik-kitabi-gulnaz-calikoglu\/","title":{"rendered":"MPU T\u00fcrk\u00e7e Haz\u0131rl\u0131k Kitab\u0131 &#8211; G\u00fclnaz \u00c7al\u0131ko\u011flu"},"content":{"rendered":"<div class=\"comment-container\">\n<div class=\"action-comment can-view-video markeddown js-comment is-comments-rewrite\" dir=\"auto\">\n<div class=\"current-comment js-friendly-links js-open-card\">\n<p>Haz\u0131rlam\u0131\u015f oldu\u011fum \u201cMPU T\u00fcrk\u00e7e Haz\u0131rl\u0131k Kitab\u0131\u201dm\u0131z sizlere MPU S\u0131nav\u0131\u2019nda ba\u015far\u0131l\u0131 olman\u0131z i\u00e7in t\u00fcm gereken detayl\u0131 bilgileri, dikkat etmeniz gereken noktalar\u0131, k\u0131sacas\u0131 s\u0131nav i\u00e7in t\u00fcm gereken bilgileri i\u00e7ermektedir. Emin olun, en uygun ve do\u011fru yolu se\u00e7tiniz. \u015eimdiden sizlere ba\u015far\u0131lar diliyorum.<\/p>\n<\/div>\n<\/div>\n<\/div>\n","protected":false},"excerpt":{"rendered":"<p>Haz\u0131rlam\u0131\u015f oldu\u011fum \u201cMPU T\u00fcrk\u00e7e Haz\u0131rl\u0131k Kitab\u0131\u201dm\u0131z sizlere MPU S\u0131nav\u0131\u2019nda ba\u015far\u0131l\u0131 olman\u0131z i\u00e7in t\u00fcm gereken detayl\u0131 bilgileri, dikkat etmeniz gereken noktalar\u0131, k\u0131sacas\u0131 s\u0131nav i\u00e7in t\u00fcm gereken bilgileri i\u00e7ermektedir. Emin olun, en uygun ve do\u011fru yolu se\u00e7tiniz. \u015eimdiden sizlere ba\u015far\u0131lar diliyorum.<\/p>\n","protected":false},"featured_media":22662,"comment_status":"closed","ping_status":"closed","template":"","meta":[],"product_brand":[],"product_cat":[32],"product_tag":[],"class_list":{"0":"post-22661","1":"product","2":"type-product","3":"status-publish","4":"has-post-thumbnail","6":"product_cat-kisisel-gelisim","8":"first","9":"instock","10":"sale","11":"shipping-taxable","12":"purchasable","13":"product-type-simple"},"_links":{"self":[{"href":"https:\/\/kutluyayinevi.com\/magaza\/wp-json\/wp\/v2\/product\/22661","targetHints":{"allow":["GET"]}}],"collection":[{"href":"https:\/\/kutluyayinevi.com\/magaza\/wp-json\/wp\/v2\/product"}],"about":[{"href":"https:\/\/kutluyayinevi.com\/magaza\/wp-json\/wp\/v2\/types\/product"}],"replies":[{"embeddable":true,"href":"https:\/\/kutluyayinevi.com\/magaza\/wp-json\/wp\/v2\/comments?post=22661"}],"wp:featuredmedia":[{"embeddable":true,"href":"https:\/\/kutluyayinevi.com\/magaza\/wp-json\/wp\/v2\/media\/22662"}],"wp:attachment":[{"href":"https:\/\/kutluyayinevi.com\/magaza\/wp-json\/wp\/v2\/media?parent=22661"}],"wp:term":[{"taxonomy":"product_brand","embeddable":true,"href":"https:\/\/kutluyayinevi.com\/magaza\/wp-json\/wp\/v2\/product_brand?post=22661"},{"taxonomy":"product_cat","embeddable":true,"href":"https:\/\/kutluyayinevi.com\/magaza\/wp-json\/wp\/v2\/product_cat?post=22661"},{"taxonomy":"product_tag","embeddable":true,"href":"https:\/\/kutluyayinevi.com\/magaza\/wp-json\/wp\/v2\/product_tag?post=22661"}],"curies":[{"name":"wp","href":"https:\/\/api.w.org\/{rel}","templated":true}]}}