{"id":22663,"date":"2023-12-06T13:27:59","date_gmt":"2023-12-06T10:27:59","guid":{"rendered":"https:\/\/kutluyayinevi.com\/magaza\/?post_type=product&#038;p=22663"},"modified":"2026-02-20T09:54:48","modified_gmt":"2026-02-20T06:54:48","slug":"gizemli-saat-ece-pek","status":"publish","type":"product","link":"https:\/\/kutluyayinevi.com\/magaza\/urun\/gizemli-saat-ece-pek\/","title":{"rendered":"Gizemli Saat &#8211; Ece Pek"},"content":{"rendered":"<div class=\"comment-container\">\n<div class=\"action-comment can-view-video markeddown js-comment is-comments-rewrite\" dir=\"auto\">\n<div class=\"current-comment js-friendly-links js-open-card\">\n<p>Her \u015fey bir antika saatin k\u0131r\u0131lmas\u0131yla ba\u015flar. Jane ve gizemli arkada\u015f\u0131 ailevi meseleleri ve kendi sorunlar\u0131n\u0131 \u00e7\u00f6zmeye \u00e7al\u0131\u015f\u0131yorlard\u0131r. Gelecek, \u015fimdiki zaman ve ge\u00e7mi\u015f aras\u0131ndaki gizemli olaylar\u0131 ke\u015ffederler. Ailelerinin asl\u0131nda kim olduklar\u0131n\u0131 ortaya d\u00f6kerler. Kendileri i\u00e7in yepyeni bir d\u00fcnya yarat\u0131rlar. E\u011flenceli, yeti\u015fkinler i\u00e7in s\u0131k\u0131c\u0131 olabilecek baz\u0131 \u015feyler mevcuttur d\u00fcnyalar\u0131nda.<\/p>\n<\/div>\n<\/div>\n<\/div>\n","protected":false},"excerpt":{"rendered":"<p>Her \u015fey bir antika saatin k\u0131r\u0131lmas\u0131yla ba\u015flar. Jane ve gizemli arkada\u015f\u0131 ailevi meseleleri ve kendi sorunlar\u0131n\u0131 \u00e7\u00f6zmeye \u00e7al\u0131\u015f\u0131yorlard\u0131r. Gelecek, \u015fimdiki zaman ve ge\u00e7mi\u015f aras\u0131ndaki gizemli olaylar\u0131 ke\u015ffederler. Ailelerinin asl\u0131nda kim olduklar\u0131n\u0131 ortaya d\u00f6kerler. Kendileri i\u00e7in yepyeni bir d\u00fcnya yarat\u0131rlar. E\u011flenceli, yeti\u015fkinler i\u00e7in s\u0131k\u0131c\u0131 olabilecek baz\u0131 \u015feyler mevcuttur d\u00fcnyalar\u0131nda.<\/p>\n","protected":false},"featured_media":22664,"comment_status":"closed","ping_status":"closed","template":"","meta":[],"product_brand":[],"product_cat":[107],"product_tag":[],"class_list":{"0":"post-22663","1":"product","2":"type-product","3":"status-publish","4":"has-post-thumbnail","6":"product_cat-oyku","8":"first","9":"instock","10":"sale","11":"shipping-taxable","12":"purchasable","13":"product-type-simple"},"_links":{"self":[{"href":"https:\/\/kutluyayinevi.com\/magaza\/wp-json\/wp\/v2\/product\/22663","targetHints":{"allow":["GET"]}}],"collection":[{"href":"https:\/\/kutluyayinevi.com\/magaza\/wp-json\/wp\/v2\/product"}],"about":[{"href":"https:\/\/kutluyayinevi.com\/magaza\/wp-json\/wp\/v2\/types\/product"}],"replies":[{"embeddable":true,"href":"https:\/\/kutluyayinevi.com\/magaza\/wp-json\/wp\/v2\/comments?post=22663"}],"wp:featuredmedia":[{"embeddable":true,"href":"https:\/\/kutluyayinevi.com\/magaza\/wp-json\/wp\/v2\/media\/22664"}],"wp:attachment":[{"href":"https:\/\/kutluyayinevi.com\/magaza\/wp-json\/wp\/v2\/media?parent=22663"}],"wp:term":[{"taxonomy":"product_brand","embeddable":true,"href":"https:\/\/kutluyayinevi.com\/magaza\/wp-json\/wp\/v2\/product_brand?post=22663"},{"taxonomy":"product_cat","embeddable":true,"href":"https:\/\/kutluyayinevi.com\/magaza\/wp-json\/wp\/v2\/product_cat?post=22663"},{"taxonomy":"product_tag","embeddable":true,"href":"https:\/\/kutluyayinevi.com\/magaza\/wp-json\/wp\/v2\/product_tag?post=22663"}],"curies":[{"name":"wp","href":"https:\/\/api.w.org\/{rel}","templated":true}]}}