{"id":22667,"date":"2023-12-06T13:32:47","date_gmt":"2023-12-06T10:32:47","guid":{"rendered":"https:\/\/kutluyayinevi.com\/magaza\/?post_type=product&#038;p=22667"},"modified":"2026-02-19T17:05:08","modified_gmt":"2026-02-19T14:05:08","slug":"dilbilime-iliskin-kucurek-makaleler-yunus-bicer","status":"publish","type":"product","link":"https:\/\/kutluyayinevi.com\/magaza\/urun\/dilbilime-iliskin-kucurek-makaleler-yunus-bicer\/","title":{"rendered":"Dilbilime \u0130li\u015fkin K\u00fc\u00e7\u00fcrek Makaleler &#8211; Yunus Bi\u00e7er"},"content":{"rendered":"<div class=\"comment-container\">\n<div class=\"action-comment can-view-video markeddown js-comment is-comments-rewrite\" dir=\"auto\">\n<div class=\"current-comment js-friendly-links js-open-card\">\n<p>\u0130nsan t\u00fcr\u00fcn\u00fcn var oldu\u011fu ortamlarda kar\u015f\u0131la\u015ft\u0131\u011f\u0131 kavramlar\u0131n zihinsel boyutta fark\u0131na varmas\u0131, zihinsel d\u00fczlemde olgunlu\u011fa eri\u015fen bu kavramlar\u0131 i\u015faretleme, konu\u015fma, yazma gibi \u015fekillerde somutlayarak t\u00fcrl\u00fc yollarla ger\u00e7ek k\u0131lmas\u0131 ve ortaya \u00e7\u0131kan ger\u00e7ekle\u015fmeleri toplumsal uzla\u015f\u0131yla gelecek ku\u015faklara aktarmas\u0131yla birlikte mensubu oldu\u011fu t\u00fcr\u00fcn bireyleri aras\u0131nda bildiri\u015fimi sa\u011flayan yeg\u00e2ne ara\u00e7 olan D\u0130L olgusu do\u011fmaktad\u0131r. S\u00f6z konusu olgunun do\u011fumu, evrimi ve geli\u015fiminin ard\u0131ndaki b\u00fcy\u00fcl\u00fc ve gizemli bilinmezlikten esinlenerek yola \u00e7\u0131k\u0131lan bu \u00e7al\u0131\u015fmada T\u00fcrk toplumu tekelinde ilmek ilmek i\u015flenerek bug\u00fcnlere ula\u015fan T\u00fcrk dili, \u00e7a\u011fda\u015f dilbilimin ara\u015ft\u0131rma ilkeleri temel al\u0131narak t\u00fcrl\u00fc a\u00e7\u0131lardan irdelenmektedir. Ara\u015ft\u0131rma \u00fcr\u00fcn\u00fc olan D\u0130L olgusunun ya\u015fam\u0131n her alan\u0131na de\u011fen yap\u0131s\u0131 bak\u0131m\u0131ndan dilbilim alan\u0131, ara\u015ft\u0131rmac\u0131lara toplumbilimden say\u0131mbilime bir\u00e7ok bilim dal\u0131yla alanlararas\u0131 \u00e7al\u0131\u015fma olana\u011f\u0131 sunmaktad\u0131r. Bu bak\u0131mdan okur; bu \u00e7al\u0131\u015fman\u0131n i\u00e7eri\u011fini olu\u015fturan k\u00fc\u00e7\u00fcrek makaleleri okurken ayr\u0131ca toplumdilbilim, derlem dilbilim, \u00e7eviribilim gibi alanlara ili\u015fkin bilgiler de edinme f\u0131rsat\u0131 bulacakt\u0131r.<\/p>\n<\/div>\n<\/div>\n<\/div>\n","protected":false},"excerpt":{"rendered":"<p>\u0130nsan t\u00fcr\u00fcn\u00fcn var oldu\u011fu ortamlarda kar\u015f\u0131la\u015ft\u0131\u011f\u0131 kavramlar\u0131n zihinsel boyutta fark\u0131na varmas\u0131, zihinsel d\u00fczlemde olgunlu\u011fa eri\u015fen bu kavramlar\u0131 i\u015faretleme, konu\u015fma, yazma gibi \u015fekillerde somutlayarak t\u00fcrl\u00fc yollarla ger\u00e7ek k\u0131lmas\u0131 ve ortaya \u00e7\u0131kan ger\u00e7ekle\u015fmeleri toplumsal uzla\u015f\u0131yla gelecek ku\u015faklara aktarmas\u0131yla birlikte mensubu oldu\u011fu t\u00fcr\u00fcn bireyleri aras\u0131nda bildiri\u015fimi sa\u011flayan yeg\u00e2ne ara\u00e7 olan D\u0130L olgusu do\u011fmaktad\u0131r. S\u00f6z konusu olgunun do\u011fumu, evrimi [&hellip;]<\/p>\n","protected":false},"featured_media":22668,"comment_status":"closed","ping_status":"closed","template":"","meta":[],"product_brand":[],"product_cat":[28],"product_tag":[],"class_list":{"0":"post-22667","1":"product","2":"type-product","3":"status-publish","4":"has-post-thumbnail","6":"product_cat-aratirma-inceleme","8":"first","9":"instock","10":"sale","11":"shipping-taxable","12":"purchasable","13":"product-type-simple"},"_links":{"self":[{"href":"https:\/\/kutluyayinevi.com\/magaza\/wp-json\/wp\/v2\/product\/22667","targetHints":{"allow":["GET"]}}],"collection":[{"href":"https:\/\/kutluyayinevi.com\/magaza\/wp-json\/wp\/v2\/product"}],"about":[{"href":"https:\/\/kutluyayinevi.com\/magaza\/wp-json\/wp\/v2\/types\/product"}],"replies":[{"embeddable":true,"href":"https:\/\/kutluyayinevi.com\/magaza\/wp-json\/wp\/v2\/comments?post=22667"}],"wp:featuredmedia":[{"embeddable":true,"href":"https:\/\/kutluyayinevi.com\/magaza\/wp-json\/wp\/v2\/media\/22668"}],"wp:attachment":[{"href":"https:\/\/kutluyayinevi.com\/magaza\/wp-json\/wp\/v2\/media?parent=22667"}],"wp:term":[{"taxonomy":"product_brand","embeddable":true,"href":"https:\/\/kutluyayinevi.com\/magaza\/wp-json\/wp\/v2\/product_brand?post=22667"},{"taxonomy":"product_cat","embeddable":true,"href":"https:\/\/kutluyayinevi.com\/magaza\/wp-json\/wp\/v2\/product_cat?post=22667"},{"taxonomy":"product_tag","embeddable":true,"href":"https:\/\/kutluyayinevi.com\/magaza\/wp-json\/wp\/v2\/product_tag?post=22667"}],"curies":[{"name":"wp","href":"https:\/\/api.w.org\/{rel}","templated":true}]}}