{"id":22695,"date":"2023-12-21T12:23:49","date_gmt":"2023-12-21T09:23:49","guid":{"rendered":"https:\/\/kutluyayinevi.com\/magaza\/?post_type=product&#038;p=22695"},"modified":"2026-02-20T11:51:28","modified_gmt":"2026-02-20T08:51:28","slug":"kadin-din-ve-ilim-sevgi-yilmaz","status":"publish","type":"product","link":"https:\/\/kutluyayinevi.com\/magaza\/urun\/kadin-din-ve-ilim-sevgi-yilmaz\/","title":{"rendered":"Kad\u0131n, Din ve \u0130lim &#8211; Sevgi Y\u0131lmaz"},"content":{"rendered":"<p>Y\u0131llard\u0131r biz kad\u0131nlar dinimizi erkeklerden dinledik, \u00f6\u011frendik ve o bilgileri do\u011fru kabul ederek kendimize bir yol \u00e7izdik. Ancak do\u011fru bildi\u011fimiz yanl\u0131\u015flar hem kimli\u011fimizi hem de benli\u011fimizi zorla\u015ft\u0131rmaktan ileri gitmedi.<\/p>\n<p>Zaman zaman kendimizi dinden uzakla\u015ft\u0131rma iste\u011fi olu\u015ftu her birimizde. Kulaklar\u0131m\u0131zda \u00e7\u0131nlayan \u015fu s\u00f6zler h\u00e2l\u00e2 beynimizin b\u00fcy\u00fck bir k\u0131sm\u0131n\u0131 doldurmakta: \u201cSen M\u00fcsl\u00fcman bir k\u0131zs\u0131n\u2026\u201d<\/p>\n<p>Bu \u015fekilde ba\u015flayan c\u00fcmleler bazen kalbimizi k\u0131rd\u0131, bazen kimli\u011fimizi zedeledi, bazen de isyanlar ve bunal\u0131mlar i\u00e7erisinden soktu bizi.<\/p>\n<p>\u0130\u015fte t\u00fcm bu zorluklar\u0131 birer birer ya\u015fam\u0131\u015f bir anne, bir \u00f6\u011fretmen ama her \u015feyden \u00f6nce bir kad\u0131n olarak gelecek nesillerimizin k\u0131z veya erkek fark etmeksizin do\u011fru bilgiler \u0131\u015f\u0131\u011f\u0131nda Kur\u2019an ve s\u00fcnnet perspektifinde \u0130slam&#8217;\u0131 ve m\u00fckemmelli\u011fini, kad\u0131n dili ve d\u00fc\u015f\u00fcncesiyle kaleme ald\u0131m. Kitab\u0131mda kendinizden bir \u00e7ok \u015fey bulacak, belki hatalar\u0131m\u0131z\u0131 g\u00f6recek ve ger\u00e7eklerle \u00f6mr\u00fcm\u00fcz\u00fc ayd\u0131nlatacaks\u0131n\u0131z.<\/p>\n<p>Bu kitapla huzur dolu bir yolculu\u011fa haz\u0131r m\u0131s\u0131n\u0131z?<\/p>\n","protected":false},"excerpt":{"rendered":"<p>Y\u0131llard\u0131r biz kad\u0131nlar dinimizi erkeklerden dinledik, \u00f6\u011frendik ve o bilgileri do\u011fru kabul ederek kendimize bir yol \u00e7izdik. Ancak do\u011fru bildi\u011fimiz yanl\u0131\u015flar hem kimli\u011fimizi hem de benli\u011fimizi zorla\u015ft\u0131rmaktan ileri gitmedi. Zaman zaman kendimizi dinden uzakla\u015ft\u0131rma iste\u011fi olu\u015ftu her birimizde. Kulaklar\u0131m\u0131zda \u00e7\u0131nlayan \u015fu s\u00f6zler h\u00e2l\u00e2 beynimizin b\u00fcy\u00fck bir k\u0131sm\u0131n\u0131 doldurmakta: \u201cSen M\u00fcsl\u00fcman bir k\u0131zs\u0131n\u2026\u201d Bu \u015fekilde ba\u015flayan [&hellip;]<\/p>\n","protected":false},"featured_media":22696,"comment_status":"closed","ping_status":"closed","template":"","meta":[],"product_brand":[],"product_cat":[28],"product_tag":[],"class_list":{"0":"post-22695","1":"product","2":"type-product","3":"status-publish","4":"has-post-thumbnail","6":"product_cat-aratirma-inceleme","8":"first","9":"instock","10":"sale","11":"shipping-taxable","12":"purchasable","13":"product-type-simple"},"_links":{"self":[{"href":"https:\/\/kutluyayinevi.com\/magaza\/wp-json\/wp\/v2\/product\/22695","targetHints":{"allow":["GET"]}}],"collection":[{"href":"https:\/\/kutluyayinevi.com\/magaza\/wp-json\/wp\/v2\/product"}],"about":[{"href":"https:\/\/kutluyayinevi.com\/magaza\/wp-json\/wp\/v2\/types\/product"}],"replies":[{"embeddable":true,"href":"https:\/\/kutluyayinevi.com\/magaza\/wp-json\/wp\/v2\/comments?post=22695"}],"wp:featuredmedia":[{"embeddable":true,"href":"https:\/\/kutluyayinevi.com\/magaza\/wp-json\/wp\/v2\/media\/22696"}],"wp:attachment":[{"href":"https:\/\/kutluyayinevi.com\/magaza\/wp-json\/wp\/v2\/media?parent=22695"}],"wp:term":[{"taxonomy":"product_brand","embeddable":true,"href":"https:\/\/kutluyayinevi.com\/magaza\/wp-json\/wp\/v2\/product_brand?post=22695"},{"taxonomy":"product_cat","embeddable":true,"href":"https:\/\/kutluyayinevi.com\/magaza\/wp-json\/wp\/v2\/product_cat?post=22695"},{"taxonomy":"product_tag","embeddable":true,"href":"https:\/\/kutluyayinevi.com\/magaza\/wp-json\/wp\/v2\/product_tag?post=22695"}],"curies":[{"name":"wp","href":"https:\/\/api.w.org\/{rel}","templated":true}]}}