{"id":22697,"date":"2023-12-21T12:26:56","date_gmt":"2023-12-21T09:26:56","guid":{"rendered":"https:\/\/kutluyayinevi.com\/magaza\/?post_type=product&#038;p=22697"},"modified":"2026-02-20T10:41:06","modified_gmt":"2026-02-20T07:41:06","slug":"haci-ramazan-efendinin-tasavvufi-dusunceleri-ridvan-gecgel","status":"publish","type":"product","link":"https:\/\/kutluyayinevi.com\/magaza\/urun\/haci-ramazan-efendinin-tasavvufi-dusunceleri-ridvan-gecgel\/","title":{"rendered":"Hac\u0131 Ramazan Efendi&#8217;nin Tasavvufi D\u00fc\u015f\u00fcnceleri &#8211; R\u0131dvan Ge\u00e7gel"},"content":{"rendered":"<p>\u201cKur\u2019an-\u0131 Kerim Allah-u Te\u00e2l\u00e2\u2019n\u0131n bizimle konu\u015fmas\u0131d\u0131r der \u00fcstat. Peki, bizimle konu\u015fan Allah-u Te\u00e2l\u00e2 ile nas\u0131l ileti\u015fim kurabilir ve O&#8217;nun s\u00f6zlerini nas\u0131l anlayabiliriz? \u00dcstat, Allah ile konu\u015fman\u0131n sadece s\u00f6zl\u00fc ileti\u015fim olmad\u0131\u011f\u0131n\u0131 ifade eder. Ayet-i Kerime&#8217;de, &#8220;Bal ar\u0131s\u0131na vahyetti.&#8221; denir, yani Allah, bal ar\u0131s\u0131yla konu\u015fmu\u015ftur. Allah&#8217;\u0131n bal ar\u0131s\u0131yla konu\u015fmas\u0131, O&#8217;nun seninle konu\u015fmamas\u0131 anlam\u0131na gelir mi? Allah-u Te\u00e2l\u00e2&#8217;n\u0131n konu\u015fma \u015fekli nas\u0131ld\u0131r?<\/p>\n<p>\u0130\u015faret dilinde, kelimeler yerine i\u015faretler kullan\u0131l\u0131r ve bu dil kullan\u0131ld\u0131\u011f\u0131nda, kar\u015f\u0131ndaki ki\u015finin ne demek istedi\u011fini anlayabilirsin. Konu\u015fma sadece kelimelerle s\u0131n\u0131rl\u0131 de\u011fildir, der \u00fcstat. &#8220;Susam\u0131\u015fs\u0131nd\u0131r, bu zaten duand\u0131r. Su bulup i\u00e7ti\u011finde de duan\u0131n kabul oldu\u011funu anlars\u0131n.&#8221; der.\u201d<\/p>\n","protected":false},"excerpt":{"rendered":"<p>\u201cKur\u2019an-\u0131 Kerim Allah-u Te\u00e2l\u00e2\u2019n\u0131n bizimle konu\u015fmas\u0131d\u0131r der \u00fcstat. Peki, bizimle konu\u015fan Allah-u Te\u00e2l\u00e2 ile nas\u0131l ileti\u015fim kurabilir ve O&#8217;nun s\u00f6zlerini nas\u0131l anlayabiliriz? \u00dcstat, Allah ile konu\u015fman\u0131n sadece s\u00f6zl\u00fc ileti\u015fim olmad\u0131\u011f\u0131n\u0131 ifade eder. Ayet-i Kerime&#8217;de, &#8220;Bal ar\u0131s\u0131na vahyetti.&#8221; denir, yani Allah, bal ar\u0131s\u0131yla konu\u015fmu\u015ftur. Allah&#8217;\u0131n bal ar\u0131s\u0131yla konu\u015fmas\u0131, O&#8217;nun seninle konu\u015fmamas\u0131 anlam\u0131na gelir mi? Allah-u Te\u00e2l\u00e2&#8217;n\u0131n [&hellip;]<\/p>\n","protected":false},"featured_media":22698,"comment_status":"closed","ping_status":"closed","template":"","meta":[],"product_brand":[],"product_cat":[19],"product_tag":[],"class_list":{"0":"post-22697","1":"product","2":"type-product","3":"status-publish","4":"has-post-thumbnail","6":"product_cat-din-tasavvuf","8":"first","9":"instock","10":"sale","11":"shipping-taxable","12":"purchasable","13":"product-type-simple"},"_links":{"self":[{"href":"https:\/\/kutluyayinevi.com\/magaza\/wp-json\/wp\/v2\/product\/22697","targetHints":{"allow":["GET"]}}],"collection":[{"href":"https:\/\/kutluyayinevi.com\/magaza\/wp-json\/wp\/v2\/product"}],"about":[{"href":"https:\/\/kutluyayinevi.com\/magaza\/wp-json\/wp\/v2\/types\/product"}],"replies":[{"embeddable":true,"href":"https:\/\/kutluyayinevi.com\/magaza\/wp-json\/wp\/v2\/comments?post=22697"}],"wp:featuredmedia":[{"embeddable":true,"href":"https:\/\/kutluyayinevi.com\/magaza\/wp-json\/wp\/v2\/media\/22698"}],"wp:attachment":[{"href":"https:\/\/kutluyayinevi.com\/magaza\/wp-json\/wp\/v2\/media?parent=22697"}],"wp:term":[{"taxonomy":"product_brand","embeddable":true,"href":"https:\/\/kutluyayinevi.com\/magaza\/wp-json\/wp\/v2\/product_brand?post=22697"},{"taxonomy":"product_cat","embeddable":true,"href":"https:\/\/kutluyayinevi.com\/magaza\/wp-json\/wp\/v2\/product_cat?post=22697"},{"taxonomy":"product_tag","embeddable":true,"href":"https:\/\/kutluyayinevi.com\/magaza\/wp-json\/wp\/v2\/product_tag?post=22697"}],"curies":[{"name":"wp","href":"https:\/\/api.w.org\/{rel}","templated":true}]}}

Hacı Ramazan Efendi&#8217;nin Tasavvufi Düşünceleri &#8211; Rıdvan Geçgel

<p>“Kur’an-ı Kerim Allah-u Teâlâ’nın bizimle konuşmasıdır der üstat. Peki, bizimle konuşan Allah-u Teâlâ ile nasıl iletişim kurabilir ve O&#8217;nun sözlerini nasıl anlayabiliriz? Üstat, Allah ile konuşmanın sadece sözlü iletişim olmadığını ifade eder. Ayet-i Kerime&#8217;de, &#8220;Bal arısına vahyetti.&#8221; denir, yani Allah, bal arısıyla konuşmuştur. Allah&#8217;ın bal arısıyla konuşması, O&#8217;nun seninle konuşmaması anlamına gelir mi? Allah-u Teâlâ&#8217;nın konuşma şekli nasıldır?</p>
<p>İşaret dilinde, kelimeler yerine işaretler kullanılır ve bu dil kullanıldığında, karşındaki kişinin ne demek istediğini anlayabilirsin. Konuşma sadece kelimelerle sınırlı değildir, der üstat. &#8220;Susamışsındır, bu zaten duandır. Su bulup içtiğinde de duanın kabul olduğunu anlarsın.&#8221; der.”</p>

<p>“Kur’an-ı Kerim Allah-u Teâlâ’nın bizimle konuşmasıdır der üstat. Peki, bizimle konuşan Allah-u Teâlâ ile nasıl iletişim kurabilir ve O&#8217;nun sözlerini nasıl anlayabiliriz? Üstat, Allah ile konuşmanın sadece sözlü iletişim olmadığını ifade eder. Ayet-i Kerime&#8217;de, &#8220;Bal arısına vahyetti.&#8221; denir, yani Allah, bal arısıyla konuşmuştur. Allah&#8217;ın bal arısıyla konuşması, O&#8217;nun seninle konuşmaması anlamına gelir mi? Allah-u Teâlâ&#8217;nın [&hellip;]</p>
