{"id":22761,"date":"2024-01-16T12:12:52","date_gmt":"2024-01-16T09:12:52","guid":{"rendered":"https:\/\/kutluyayinevi.com\/magaza\/?post_type=product&#038;p=22761"},"modified":"2026-02-19T16:12:46","modified_gmt":"2026-02-19T13:12:46","slug":"cikolatali-sutlu-kahve-haci-luy","status":"publish","type":"product","link":"https:\/\/kutluyayinevi.com\/magaza\/urun\/cikolatali-sutlu-kahve-haci-luy\/","title":{"rendered":"\u00c7ikolatal\u0131 S\u00fctl\u00fc Kahve &#8211; Hac\u0131 L\u00fcy"},"content":{"rendered":"<p><strong>H A C I L \u00dc Y<\/strong>\u00a0\u2013 1955 y\u0131l\u0131nda K\u0131r\u0131kkale\u2019de do\u011fdu. \u0130lk, orta, lise tahsilini K\u0131r\u0131kkale\u2019de yapt\u0131. Ege \u00dcniversitesi Fen Fak\u00fcltesi biyoloji b\u00f6l\u00fcm\u00fcnden mezun oldu. Erciyes \u00dcniversitesi T\u0131p Fak\u00fcltesinde anatomi ihtisas\u0131 yapt\u0131.<\/p>\n<p>\u0130nsan V\u00fccudunda Azami Tasarruf Prensibi, Kar\u0131n \u0130\u00e7i Polisi (Omentum Majus), Kar\u0131n \u00d6n Duvar Kaslar\u0131, Anestezi Nimeti gibi uzmanl\u0131k alan\u0131yla alakal\u0131 yaz\u0131lar\u0131 ve M\u00fcze \u015eehir Edirne, Fabrikalar Diyar\u0131 K\u0131r\u0131kkale, Batum\u2019dan Geliyorum, Ba\u015ftanba\u015fa Balkanlar, Tarsus\u2019tan Silifke\u2019ye, Avrupa\u2019da On Be\u015f g\u00fcn\u2026 gibi gezi yaz\u0131lar\u0131 de\u011fi\u015fik dergilerde ve gazetelerde yay\u0131nland\u0131, televizyon programlar\u0131na davet edildi.<\/p>\n<p>18 Mart, \u00c7anakkale Zaferinin y\u0131l d\u00f6n\u00fcmlerinde sahnelenmesi i\u00e7in \u201c\u00c7anakkale Gazileri\u201d isimli tiyatro eserini yazd\u0131. Bu eseri Milli E\u011fitim Bakanl\u0131\u011f\u0131 taraf\u0131ndan yay\u0131nland\u0131 (2009), de\u011fi\u015fik illerde, il\u00e7elerde sahnelendi. \u201c\u0130stiklal Mar\u015f\u0131 ile ilgili tiyatronuz var m\u0131?\u201d diye s\u0131k\u00e7a sorulmas\u0131 \u00fczerine \u0130stiklal Mar\u015f\u0131m\u0131z\u0131n T\u00fcrkiye B\u00fcy\u00fck Millet Meclisinde kabul y\u0131l d\u00f6n\u00fcmlerinde sahnelenmesi i\u00e7in \u201cMilletimin Y\u0131ld\u0131z\u0131 \u0130stiklal Mar\u015f\u0131\u201d ad\u0131yla bir tiyatro yazd\u0131. Bu eseri de Milli E\u011fitim Bakanl\u0131\u011f\u0131 taraf\u0131ndan yay\u0131nland\u0131 (2013). Yazar evli ve iki \u00e7ocuk babas\u0131d\u0131r.<\/p>\n","protected":false},"excerpt":{"rendered":"<p>H A C I L \u00dc Y\u00a0\u2013 1955 y\u0131l\u0131nda K\u0131r\u0131kkale\u2019de do\u011fdu. \u0130lk, orta, lise tahsilini K\u0131r\u0131kkale\u2019de yapt\u0131. Ege \u00dcniversitesi Fen Fak\u00fcltesi biyoloji b\u00f6l\u00fcm\u00fcnden mezun oldu. Erciyes \u00dcniversitesi T\u0131p Fak\u00fcltesinde anatomi ihtisas\u0131 yapt\u0131. \u0130nsan V\u00fccudunda Azami Tasarruf Prensibi, Kar\u0131n \u0130\u00e7i Polisi (Omentum Majus), Kar\u0131n \u00d6n Duvar Kaslar\u0131, Anestezi Nimeti gibi uzmanl\u0131k alan\u0131yla alakal\u0131 yaz\u0131lar\u0131 ve M\u00fcze [&hellip;]<\/p>\n","protected":false},"featured_media":22762,"comment_status":"closed","ping_status":"closed","template":"","meta":[],"product_brand":[],"product_cat":[24],"product_tag":[],"class_list":{"0":"post-22761","1":"product","2":"type-product","3":"status-publish","4":"has-post-thumbnail","6":"product_cat-roman","8":"first","9":"instock","10":"sale","11":"shipping-taxable","12":"purchasable","13":"product-type-simple"},"_links":{"self":[{"href":"https:\/\/kutluyayinevi.com\/magaza\/wp-json\/wp\/v2\/product\/22761","targetHints":{"allow":["GET"]}}],"collection":[{"href":"https:\/\/kutluyayinevi.com\/magaza\/wp-json\/wp\/v2\/product"}],"about":[{"href":"https:\/\/kutluyayinevi.com\/magaza\/wp-json\/wp\/v2\/types\/product"}],"replies":[{"embeddable":true,"href":"https:\/\/kutluyayinevi.com\/magaza\/wp-json\/wp\/v2\/comments?post=22761"}],"wp:featuredmedia":[{"embeddable":true,"href":"https:\/\/kutluyayinevi.com\/magaza\/wp-json\/wp\/v2\/media\/22762"}],"wp:attachment":[{"href":"https:\/\/kutluyayinevi.com\/magaza\/wp-json\/wp\/v2\/media?parent=22761"}],"wp:term":[{"taxonomy":"product_brand","embeddable":true,"href":"https:\/\/kutluyayinevi.com\/magaza\/wp-json\/wp\/v2\/product_brand?post=22761"},{"taxonomy":"product_cat","embeddable":true,"href":"https:\/\/kutluyayinevi.com\/magaza\/wp-json\/wp\/v2\/product_cat?post=22761"},{"taxonomy":"product_tag","embeddable":true,"href":"https:\/\/kutluyayinevi.com\/magaza\/wp-json\/wp\/v2\/product_tag?post=22761"}],"curies":[{"name":"wp","href":"https:\/\/api.w.org\/{rel}","templated":true}]}}