{"id":22794,"date":"2024-01-26T12:23:14","date_gmt":"2024-01-26T09:23:14","guid":{"rendered":"https:\/\/kutluyayinevi.com\/magaza\/?post_type=product&#038;p=22794"},"modified":"2026-02-20T12:52:01","modified_gmt":"2026-02-20T09:52:01","slug":"kucuk-kalp-emirhan-kalhan","status":"publish","type":"product","link":"https:\/\/kutluyayinevi.com\/magaza\/urun\/kucuk-kalp-emirhan-kalhan\/","title":{"rendered":"K\u00fc\u00e7\u00fck Kalp &#8211; Emirhan Kalhan"},"content":{"rendered":"<p>Feridun Bey yan\u0131m\u0131za geldi. Ba\u015f\u0131m\u0131 ok\u015farken; \u201cAylard\u0131r Cahide\u2019nin akan g\u00f6z ya\u015flar\u0131na ortak oldun \u00d6mer. Karde\u015f olmak bunu gerektirir. O k\u00fc\u00e7\u00fcc\u00fck y\u00fcre\u011findeki karde\u015f sevgisi hi\u00e7bir zaman eksilmesin.\u201d dedi.<\/p>\n<p>Bir s\u00fcre karde\u015fimin yan\u0131nda kald\u0131m. Minicik eliyle elimi tuttu ve hi\u00e7 b\u0131rakmad\u0131. Ayr\u0131lma vakti geldi ve ben yine g\u00f6z ya\u015flar\u0131ma engel olamad\u0131m. Feridun Bey, Cahide\u2019yi s\u0131k s\u0131k g\u00f6rmeye gelebilece\u011fimi s\u00f6yledi. B\u00fcy\u00fckbabam da bana s\u00f6z verdi. \u00c7\u00fcnk\u00fc \u00f6\u011fretmeni de Cahide\u2019nin ilk kez bug\u00fcn g\u00fcl\u00fcmsedi\u011fini s\u00f6yledi. Ben ise o an karde\u015fimde annemin o s\u0131cac\u0131k g\u00fcl\u00fc\u015f\u00fcn\u00fc hissediyordum.<\/p>\n<p>Karde\u015fimden b\u00fcy\u00fck bir h\u00fcz\u00fcnle ayr\u0131ld\u0131m, lakin bir g\u00fcn hi\u00e7 ayr\u0131lmamak \u00fczere kavu\u015faca\u011f\u0131m\u0131z\u0131, karde\u015fimin tekrardan konu\u015faca\u011f\u0131n\u0131 ve birlikte g\u00fczel vakitler ge\u00e7irece\u011fimizi d\u00fc\u015f\u00fcn\u00fcyordum. Bunu d\u00fc\u015f\u00fcn\u00fcrken annemin \u015fu s\u00f6z\u00fc akl\u0131ma geldi;<\/p>\n<p><em>\u2018Cahide senin di\u011fer bir yar\u0131n. Sen onun a\u011fabeysisin. Her d\u00fc\u015ft\u00fc\u011f\u00fcnde onu kald\u0131r tatl\u0131m. Ona \u015fefkatle yakla\u015f, onu hep sev. Varl\u0131\u011f\u0131n\u0131 ona hissettir ve her daim onun yan\u0131nda ol!\u2019<\/em><\/p>\n","protected":false},"excerpt":{"rendered":"<p>Feridun Bey yan\u0131m\u0131za geldi. Ba\u015f\u0131m\u0131 ok\u015farken; \u201cAylard\u0131r Cahide\u2019nin akan g\u00f6z ya\u015flar\u0131na ortak oldun \u00d6mer. Karde\u015f olmak bunu gerektirir. O k\u00fc\u00e7\u00fcc\u00fck y\u00fcre\u011findeki karde\u015f sevgisi hi\u00e7bir zaman eksilmesin.\u201d dedi. Bir s\u00fcre karde\u015fimin yan\u0131nda kald\u0131m. Minicik eliyle elimi tuttu ve hi\u00e7 b\u0131rakmad\u0131. Ayr\u0131lma vakti geldi ve ben yine g\u00f6z ya\u015flar\u0131ma engel olamad\u0131m. Feridun Bey, Cahide\u2019yi s\u0131k s\u0131k g\u00f6rmeye [&hellip;]<\/p>\n","protected":false},"featured_media":22795,"comment_status":"closed","ping_status":"closed","template":"","meta":[],"product_brand":[],"product_cat":[107],"product_tag":[],"class_list":{"0":"post-22794","1":"product","2":"type-product","3":"status-publish","4":"has-post-thumbnail","6":"product_cat-oyku","8":"first","9":"instock","10":"sale","11":"shipping-taxable","12":"purchasable","13":"product-type-simple"},"_links":{"self":[{"href":"https:\/\/kutluyayinevi.com\/magaza\/wp-json\/wp\/v2\/product\/22794","targetHints":{"allow":["GET"]}}],"collection":[{"href":"https:\/\/kutluyayinevi.com\/magaza\/wp-json\/wp\/v2\/product"}],"about":[{"href":"https:\/\/kutluyayinevi.com\/magaza\/wp-json\/wp\/v2\/types\/product"}],"replies":[{"embeddable":true,"href":"https:\/\/kutluyayinevi.com\/magaza\/wp-json\/wp\/v2\/comments?post=22794"}],"wp:featuredmedia":[{"embeddable":true,"href":"https:\/\/kutluyayinevi.com\/magaza\/wp-json\/wp\/v2\/media\/22795"}],"wp:attachment":[{"href":"https:\/\/kutluyayinevi.com\/magaza\/wp-json\/wp\/v2\/media?parent=22794"}],"wp:term":[{"taxonomy":"product_brand","embeddable":true,"href":"https:\/\/kutluyayinevi.com\/magaza\/wp-json\/wp\/v2\/product_brand?post=22794"},{"taxonomy":"product_cat","embeddable":true,"href":"https:\/\/kutluyayinevi.com\/magaza\/wp-json\/wp\/v2\/product_cat?post=22794"},{"taxonomy":"product_tag","embeddable":true,"href":"https:\/\/kutluyayinevi.com\/magaza\/wp-json\/wp\/v2\/product_tag?post=22794"}],"curies":[{"name":"wp","href":"https:\/\/api.w.org\/{rel}","templated":true}]}}