{"id":22881,"date":"2024-02-28T12:22:43","date_gmt":"2024-02-28T09:22:43","guid":{"rendered":"https:\/\/kutluyayinevi.com\/magaza\/?post_type=product&#038;p=22881"},"modified":"2026-02-19T12:20:06","modified_gmt":"2026-02-19T09:20:06","slug":"1283-ataturk-berke-turk","status":"publish","type":"product","link":"https:\/\/kutluyayinevi.com\/magaza\/urun\/1283-ataturk-berke-turk\/","title":{"rendered":"1283 &#8211; Atat\u00fcrk &#8211; Berke T\u00fcrk"},"content":{"rendered":"<div class=\"phenom-desc\">\n<div class=\"comment-container\">\n<div class=\"action-comment can-view-video markeddown js-comment is-comments-rewrite\" dir=\"auto\">\n<div class=\"current-comment js-friendly-links js-open-card\">\n<p>Eserin amac\u0131, 2024 y\u0131l\u0131 i\u00e7erisinde, elimizdeki g\u00fcncel bilgilerle tekrardan bir tarih analizi yapmak ve g\u00fcncel tart\u0131\u015fmalara \u0131\u015f\u0131k tutmakt\u0131r. Ayr\u0131ca Atat\u00fcrk hakk\u0131nda do\u011fru bilinen yanl\u0131\u015flar\u0131, yanl\u0131\u015f bilinen do\u011frular\u0131 g\u00f6stermek istedim. Elinizdeki kitapta, Atat\u00fcrk\u2019\u00fcn do\u011fumundan 19 May\u0131s 1919\u2019da Samsun\u2019a \u00e7\u0131kmas\u0131na kadar ge\u00e7en s\u00fcre ele al\u0131nm\u0131\u015ft\u0131r. Mustafa Kemal\u2019in, 1283 apolet numaras\u0131yla olan o sa\u011flam ba\u011f\u0131n\u0131 anlayacaks\u0131n\u0131z. Bu eseri Atat\u00fcrk\u2019\u00fcn yazd\u0131klar\u0131yla, \u00e7izdikleriyle, s\u00f6yledikleriyle ve yapt\u0131klar\u0131yla her detay\u0131yla derleseydim on binlerce sayfa ederdi ancak al\u0131nt\u0131 yapt\u0131\u011f\u0131m eserlere sayg\u0131 g\u00f6stermeli, hem de her ya\u015ftan bireylerin okuyabilmesini sa\u011flayabilmeliydim.<\/p>\n<\/div>\n<\/div>\n<\/div>\n<\/div>\n","protected":false},"excerpt":{"rendered":"<p>Eserin amac\u0131, 2024 y\u0131l\u0131 i\u00e7erisinde, elimizdeki g\u00fcncel bilgilerle tekrardan bir tarih analizi yapmak ve g\u00fcncel tart\u0131\u015fmalara \u0131\u015f\u0131k tutmakt\u0131r. Ayr\u0131ca Atat\u00fcrk hakk\u0131nda do\u011fru bilinen yanl\u0131\u015flar\u0131, yanl\u0131\u015f bilinen do\u011frular\u0131 g\u00f6stermek istedim. Elinizdeki kitapta, Atat\u00fcrk\u2019\u00fcn do\u011fumundan 19 May\u0131s 1919\u2019da Samsun\u2019a \u00e7\u0131kmas\u0131na kadar ge\u00e7en s\u00fcre ele al\u0131nm\u0131\u015ft\u0131r. Mustafa Kemal\u2019in, 1283 apolet numaras\u0131yla olan o sa\u011flam ba\u011f\u0131n\u0131 anlayacaks\u0131n\u0131z. Bu eseri [&hellip;]<\/p>\n","protected":false},"featured_media":22882,"comment_status":"closed","ping_status":"closed","template":"","meta":[],"product_brand":[],"product_cat":[28],"product_tag":[],"class_list":{"0":"post-22881","1":"product","2":"type-product","3":"status-publish","4":"has-post-thumbnail","6":"product_cat-aratirma-inceleme","8":"first","9":"instock","10":"sale","11":"shipping-taxable","12":"purchasable","13":"product-type-simple"},"_links":{"self":[{"href":"https:\/\/kutluyayinevi.com\/magaza\/wp-json\/wp\/v2\/product\/22881","targetHints":{"allow":["GET"]}}],"collection":[{"href":"https:\/\/kutluyayinevi.com\/magaza\/wp-json\/wp\/v2\/product"}],"about":[{"href":"https:\/\/kutluyayinevi.com\/magaza\/wp-json\/wp\/v2\/types\/product"}],"replies":[{"embeddable":true,"href":"https:\/\/kutluyayinevi.com\/magaza\/wp-json\/wp\/v2\/comments?post=22881"}],"wp:featuredmedia":[{"embeddable":true,"href":"https:\/\/kutluyayinevi.com\/magaza\/wp-json\/wp\/v2\/media\/22882"}],"wp:attachment":[{"href":"https:\/\/kutluyayinevi.com\/magaza\/wp-json\/wp\/v2\/media?parent=22881"}],"wp:term":[{"taxonomy":"product_brand","embeddable":true,"href":"https:\/\/kutluyayinevi.com\/magaza\/wp-json\/wp\/v2\/product_brand?post=22881"},{"taxonomy":"product_cat","embeddable":true,"href":"https:\/\/kutluyayinevi.com\/magaza\/wp-json\/wp\/v2\/product_cat?post=22881"},{"taxonomy":"product_tag","embeddable":true,"href":"https:\/\/kutluyayinevi.com\/magaza\/wp-json\/wp\/v2\/product_tag?post=22881"}],"curies":[{"name":"wp","href":"https:\/\/api.w.org\/{rel}","templated":true}]}}