{"id":22986,"date":"2024-04-04T11:39:57","date_gmt":"2024-04-04T08:39:57","guid":{"rendered":"https:\/\/kutluyayinevi.com\/magaza\/?post_type=product&#038;p=22986"},"modified":"2026-02-20T15:39:47","modified_gmt":"2026-02-20T12:39:47","slug":"muallim-adem-gelgec","status":"publish","type":"product","link":"https:\/\/kutluyayinevi.com\/magaza\/urun\/muallim-adem-gelgec\/","title":{"rendered":"Muallim &#8211; Adem Gelge\u00e7"},"content":{"rendered":"<p>Bu hayatta size inanmayan, bir \u015feyi ba\u015faramayaca\u011f\u0131n\u0131z\u0131 d\u00fc\u015f\u00fcnen oldu mu hi\u00e7?<\/p>\n<p>Ailenizden, akrabalar\u0131n\u0131zdan, arkada\u015flar\u0131n\u0131zdan veyahut \u00e7evrenizden biri mutlaka olmu\u015ftur.<\/p>\n<p>Peki siz ne yapt\u0131n\u0131z?<\/p>\n<p>Hayata dair inanc\u0131n\u0131 yitirmi\u015f herkesin umutlar\u0131n\u0131n tekrardan bir filiz gibi ye\u015fermesi dile\u011fiyle.<\/p>\n","protected":false},"excerpt":{"rendered":"<p>Bu hayatta size inanmayan, bir \u015feyi ba\u015faramayaca\u011f\u0131n\u0131z\u0131 d\u00fc\u015f\u00fcnen oldu mu hi\u00e7? Ailenizden, akrabalar\u0131n\u0131zdan, arkada\u015flar\u0131n\u0131zdan veyahut \u00e7evrenizden biri mutlaka olmu\u015ftur. Peki siz ne yapt\u0131n\u0131z? Hayata dair inanc\u0131n\u0131 yitirmi\u015f herkesin umutlar\u0131n\u0131n tekrardan bir filiz gibi ye\u015fermesi dile\u011fiyle.<\/p>\n","protected":false},"featured_media":22987,"comment_status":"closed","ping_status":"closed","template":"","meta":[],"product_brand":[],"product_cat":[24],"product_tag":[],"class_list":{"0":"post-22986","1":"product","2":"type-product","3":"status-publish","4":"has-post-thumbnail","6":"product_cat-roman","8":"first","9":"instock","10":"sale","11":"shipping-taxable","12":"purchasable","13":"product-type-simple"},"_links":{"self":[{"href":"https:\/\/kutluyayinevi.com\/magaza\/wp-json\/wp\/v2\/product\/22986","targetHints":{"allow":["GET"]}}],"collection":[{"href":"https:\/\/kutluyayinevi.com\/magaza\/wp-json\/wp\/v2\/product"}],"about":[{"href":"https:\/\/kutluyayinevi.com\/magaza\/wp-json\/wp\/v2\/types\/product"}],"replies":[{"embeddable":true,"href":"https:\/\/kutluyayinevi.com\/magaza\/wp-json\/wp\/v2\/comments?post=22986"}],"wp:featuredmedia":[{"embeddable":true,"href":"https:\/\/kutluyayinevi.com\/magaza\/wp-json\/wp\/v2\/media\/22987"}],"wp:attachment":[{"href":"https:\/\/kutluyayinevi.com\/magaza\/wp-json\/wp\/v2\/media?parent=22986"}],"wp:term":[{"taxonomy":"product_brand","embeddable":true,"href":"https:\/\/kutluyayinevi.com\/magaza\/wp-json\/wp\/v2\/product_brand?post=22986"},{"taxonomy":"product_cat","embeddable":true,"href":"https:\/\/kutluyayinevi.com\/magaza\/wp-json\/wp\/v2\/product_cat?post=22986"},{"taxonomy":"product_tag","embeddable":true,"href":"https:\/\/kutluyayinevi.com\/magaza\/wp-json\/wp\/v2\/product_tag?post=22986"}],"curies":[{"name":"wp","href":"https:\/\/api.w.org\/{rel}","templated":true}]}}