{"id":22999,"date":"2024-04-19T13:14:52","date_gmt":"2024-04-19T10:14:52","guid":{"rendered":"https:\/\/kutluyayinevi.com\/magaza\/?post_type=product&#038;p=22999"},"modified":"2026-02-23T11:18:58","modified_gmt":"2026-02-23T08:18:58","slug":"yildiz-tozlari-nilgun-nart","status":"publish","type":"product","link":"https:\/\/kutluyayinevi.com\/magaza\/urun\/yildiz-tozlari-nilgun-nart\/","title":{"rendered":"Y\u0131ld\u0131z Tozlar\u0131 &#8211; Nilg\u00fcn Nart"},"content":{"rendered":"<p>Tohum d\u00fc\u015ft\u00fc\u011f\u00fcnde topra\u011fa<\/p>\n<p>San\u0131r ki a\u011fa\u00e7 oldum<\/p>\n<p>Topra\u011fa d\u00fc\u015fmek de bir meseledir<\/p>\n<p>Ba\u015flang\u0131\u00e7t\u0131r sona varan<\/p>\n<p>S\u00fcrecin ismi olmu\u015f ya\u015fam<\/p>\n<p>Y\u00fckselmek i\u00e7in d\u00fc\u015fmek<\/p>\n<p>Ba\u015flamak i\u00e7in sonlanmak<\/p>\n<p>Ve inan<\/p>\n<p>Aradan \u00e7\u0131k\u0131lacak, a\u011fac\u0131n yapraklar\u0131ndan semaya<\/p>\n<p>Topra\u011fa d\u00fc\u015ft\u00fc\u011f\u00fcnde a\u011fa\u00e7 olma umudun yoksa<\/p>\n<p>Cennetten hi\u00e7 kovulmam\u0131\u015fs\u0131nd\u0131r,<\/p>\n<p>Uyanmad\u0131n m\u0131 r\u00fcyandan\u2026?<\/p>\n<p>\u015eimdi sevgili<\/p>\n<p>G\u00f6nl\u00fcm ezelden bahtiyar<\/p>\n<p>G\u00f6zlerimdir beni yan\u0131ltan<\/p>\n<p>Hakikatime,<\/p>\n<p>Ki nas\u0131l bir tohumun hayali ise a\u011fa\u00e7 olmak<\/p>\n<p>Ve ger\u00e7ekten hayalse dal\u0131nda meyveleri bir a\u011faca varmak,<\/p>\n<p>D\u00fc\u015flerimde g\u00f6zlerim asal\u0131na uzanan<\/p>\n<p>Yolum \u00fczre g\u00f6nl\u00fcm sevgili ve sevgidendir<\/p>\n<p>Yenmeyen ve i\u00e7ilmeyen topra\u011fa tohum eki\u015fim<\/p>\n<p>Ve a\u011fac\u0131 hayal edi\u015fim,<\/p>\n<p>Ki o g\u00fczelli\u011fin hakikatidir a\u011fac\u0131n olu\u015fu<\/p>\n<p>Ne ise o Kendisine yol alan<\/p>\n","protected":false},"excerpt":{"rendered":"<p>Tohum d\u00fc\u015ft\u00fc\u011f\u00fcnde topra\u011fa San\u0131r ki a\u011fa\u00e7 oldum Topra\u011fa d\u00fc\u015fmek de bir meseledir Ba\u015flang\u0131\u00e7t\u0131r sona varan S\u00fcrecin ismi olmu\u015f ya\u015fam Y\u00fckselmek i\u00e7in d\u00fc\u015fmek Ba\u015flamak i\u00e7in sonlanmak Ve inan Aradan \u00e7\u0131k\u0131lacak, a\u011fac\u0131n yapraklar\u0131ndan semaya Topra\u011fa d\u00fc\u015ft\u00fc\u011f\u00fcnde a\u011fa\u00e7 olma umudun yoksa Cennetten hi\u00e7 kovulmam\u0131\u015fs\u0131nd\u0131r, Uyanmad\u0131n m\u0131 r\u00fcyandan\u2026? \u015eimdi sevgili G\u00f6nl\u00fcm ezelden bahtiyar G\u00f6zlerimdir beni yan\u0131ltan Hakikatime, Ki nas\u0131l [&hellip;]<\/p>\n","protected":false},"featured_media":23000,"comment_status":"closed","ping_status":"closed","template":"","meta":[],"product_brand":[],"product_cat":[26],"product_tag":[],"class_list":{"0":"post-22999","1":"product","2":"type-product","3":"status-publish","4":"has-post-thumbnail","6":"product_cat-deneme","8":"first","9":"instock","10":"sale","11":"shipping-taxable","12":"purchasable","13":"product-type-simple"},"_links":{"self":[{"href":"https:\/\/kutluyayinevi.com\/magaza\/wp-json\/wp\/v2\/product\/22999","targetHints":{"allow":["GET"]}}],"collection":[{"href":"https:\/\/kutluyayinevi.com\/magaza\/wp-json\/wp\/v2\/product"}],"about":[{"href":"https:\/\/kutluyayinevi.com\/magaza\/wp-json\/wp\/v2\/types\/product"}],"replies":[{"embeddable":true,"href":"https:\/\/kutluyayinevi.com\/magaza\/wp-json\/wp\/v2\/comments?post=22999"}],"wp:featuredmedia":[{"embeddable":true,"href":"https:\/\/kutluyayinevi.com\/magaza\/wp-json\/wp\/v2\/media\/23000"}],"wp:attachment":[{"href":"https:\/\/kutluyayinevi.com\/magaza\/wp-json\/wp\/v2\/media?parent=22999"}],"wp:term":[{"taxonomy":"product_brand","embeddable":true,"href":"https:\/\/kutluyayinevi.com\/magaza\/wp-json\/wp\/v2\/product_brand?post=22999"},{"taxonomy":"product_cat","embeddable":true,"href":"https:\/\/kutluyayinevi.com\/magaza\/wp-json\/wp\/v2\/product_cat?post=22999"},{"taxonomy":"product_tag","embeddable":true,"href":"https:\/\/kutluyayinevi.com\/magaza\/wp-json\/wp\/v2\/product_tag?post=22999"}],"curies":[{"name":"wp","href":"https:\/\/api.w.org\/{rel}","templated":true}]}}