{"id":23001,"date":"2024-04-19T13:17:36","date_gmt":"2024-04-19T10:17:36","guid":{"rendered":"https:\/\/kutluyayinevi.com\/magaza\/?post_type=product&#038;p=23001"},"modified":"2026-02-20T17:13:48","modified_gmt":"2026-02-20T14:13:48","slug":"rus-imparatorluk-stratejisi-ve-jeopolitigi-icinde-putin-bulent-kursat-kirca-fehmi-yucesoy","status":"publish","type":"product","link":"https:\/\/kutluyayinevi.com\/magaza\/urun\/rus-imparatorluk-stratejisi-ve-jeopolitigi-icinde-putin-bulent-kursat-kirca-fehmi-yucesoy\/","title":{"rendered":"Rus \u0130mparatorluk Stratejisi ve Jeopoliti\u011fi \u0130\u00e7inde Putin &#8211; B\u00fclent K\u00fcr\u015fat K\u0131rca (Fehmi Y\u00fccesoy)"},"content":{"rendered":"<p>BAKI\u015e<\/p>\n<p>Tarih bilimi iki ayak \u00fczerine oturmu\u015ftur. Bu ayaklardan biri ZAMAN di\u011feri de MEKANDIR. Bu iki d\u00fczlem i\u00e7inde elbette \u0130NSAN denilen varl\u0131\u011f\u0131n yeri \u00e7ok \u00f6zeldir. \u0130nsan denilen varl\u0131k tarihin \u00f6znesidir, ruhudur. \u00d6rg\u00fctlenmi\u015f belli ama\u00e7 ve ruhla bir araya gelen ve zamanla ULUSLA\u015eMA s\u00fcreci ya\u015fayan bu halklar, birbirleri ile temas kurmak ve birlikte ya\u015famak zorundad\u0131rlar.<br \/>\nAncak tarihi ve be\u015feri co\u011frafyan\u0131n uluslara dayatt\u0131\u011f\u0131 HAYAT SAHASI ger\u00e7e\u011fi, bu farkl\u0131 halklar\u0131 ister istemez rakip, d\u00fc\u015fman haline de getirecektir.<br \/>\nTarih boyunca ATA DEDELER\u0130M\u0130Z, ne kuzeye ne de do\u011fuya y\u00fcr\u00fcmediler. G\u00f6zleri hep bat\u0131dayd\u0131. Ancak \u00f6nlerinde bu co\u011frafyan\u0131n RUS K\u0130ML\u0130\u011e\u0130 alt\u0131nda olu\u015fan bir ulus vard\u0131. Bu ulus da co\u011frafyalar\u0131n\u0131n kurban\u0131 oldular. \u0130klim ve ya\u015fam ko\u015fullar\u0131 onlar\u0131 daha s\u0131cak, \u0131l\u0131k ve her \u015feyden \u00f6nce \u201c SICAK DEN\u0130ZLERE\u201d do\u011fru y\u00f6nlendiriyordu.<br \/>\nO halde son analizde, tarih ve co\u011frafya bu iki ulusu birbirine neredeyse mahkum etti. ALTINORDA\u2019n\u0131n da\u011f\u0131lmas\u0131, bo\u015flu\u011fu MOSKOVA KNEZL\u0130\u011e\u0130\u2019N\u0130N doldurmas\u0131, KIRIM HANLI\u011eI\u2019NIN d\u00fc\u015fmesi, art\u0131k MOSKOVA ve \u0130STANBULU do\u011frudan temas\u0131 ile sonu\u00e7lanmas\u0131 demekti.<br \/>\nElinizde tuttu\u011funuz \u00e7al\u0131\u015fma e\u015fim FEHM\u0130 Y\u00dcCESOY\u2019un, sab\u0131rla kaleme ald\u0131\u011f\u0131 \u00e7al\u0131\u015fmalardan biridir.<\/p>\n<p>AY\u015eE AL\u0130 Y\u00dcCESOY<\/p>\n","protected":false},"excerpt":{"rendered":"<p>BAKI\u015e Tarih bilimi iki ayak \u00fczerine oturmu\u015ftur. Bu ayaklardan biri ZAMAN di\u011feri de MEKANDIR. Bu iki d\u00fczlem i\u00e7inde elbette \u0130NSAN denilen varl\u0131\u011f\u0131n yeri \u00e7ok \u00f6zeldir. \u0130nsan denilen varl\u0131k tarihin \u00f6znesidir, ruhudur. \u00d6rg\u00fctlenmi\u015f belli ama\u00e7 ve ruhla bir araya gelen ve zamanla ULUSLA\u015eMA s\u00fcreci ya\u015fayan bu halklar, birbirleri ile temas kurmak ve birlikte ya\u015famak zorundad\u0131rlar. Ancak [&hellip;]<\/p>\n","protected":false},"featured_media":23002,"comment_status":"closed","ping_status":"closed","template":"","meta":[],"product_brand":[],"product_cat":[28],"product_tag":[],"class_list":{"0":"post-23001","1":"product","2":"type-product","3":"status-publish","4":"has-post-thumbnail","6":"product_cat-aratirma-inceleme","8":"first","9":"instock","10":"sale","11":"shipping-taxable","12":"purchasable","13":"product-type-simple"},"_links":{"self":[{"href":"https:\/\/kutluyayinevi.com\/magaza\/wp-json\/wp\/v2\/product\/23001","targetHints":{"allow":["GET"]}}],"collection":[{"href":"https:\/\/kutluyayinevi.com\/magaza\/wp-json\/wp\/v2\/product"}],"about":[{"href":"https:\/\/kutluyayinevi.com\/magaza\/wp-json\/wp\/v2\/types\/product"}],"replies":[{"embeddable":true,"href":"https:\/\/kutluyayinevi.com\/magaza\/wp-json\/wp\/v2\/comments?post=23001"}],"wp:featuredmedia":[{"embeddable":true,"href":"https:\/\/kutluyayinevi.com\/magaza\/wp-json\/wp\/v2\/media\/23002"}],"wp:attachment":[{"href":"https:\/\/kutluyayinevi.com\/magaza\/wp-json\/wp\/v2\/media?parent=23001"}],"wp:term":[{"taxonomy":"product_brand","embeddable":true,"href":"https:\/\/kutluyayinevi.com\/magaza\/wp-json\/wp\/v2\/product_brand?post=23001"},{"taxonomy":"product_cat","embeddable":true,"href":"https:\/\/kutluyayinevi.com\/magaza\/wp-json\/wp\/v2\/product_cat?post=23001"},{"taxonomy":"product_tag","embeddable":true,"href":"https:\/\/kutluyayinevi.com\/magaza\/wp-json\/wp\/v2\/product_tag?post=23001"}],"curies":[{"name":"wp","href":"https:\/\/api.w.org\/{rel}","templated":true}]}}