{"id":23032,"date":"2024-05-06T13:14:25","date_gmt":"2024-05-06T10:14:25","guid":{"rendered":"https:\/\/kutluyayinevi.com\/magaza\/?post_type=product&#038;p=23032"},"modified":"2026-02-20T13:01:14","modified_gmt":"2026-02-20T10:01:14","slug":"la-vie-est-ailleurs-omer-f-ozen","status":"publish","type":"product","link":"https:\/\/kutluyayinevi.com\/magaza\/urun\/la-vie-est-ailleurs-omer-f-ozen\/","title":{"rendered":"La Vie Est Ailleurs &#8211; \u00d6mer F. \u00d6zen"},"content":{"rendered":"<p>Dans \u00ab La vie est ailleurs \u00bb, \u00d6mer F. \u00d6zen unit les soci\u00e9t\u00e9s turque et qu\u00e9b\u00e9coise ; cela va plus loin et nous fait vivre avec un d\u00e9sir universel de paix. Tout en donnant des exemples tir\u00e9s de la vie publique et priv\u00e9e, il fait sentir \u00e0 ses lecteurs et lectrices que la vie qui nous manque est ailleurs, en nous, sans pour autant \u00eatre \u00e9cras\u00e9s sous le poids de ce que nous vivons.<\/p>\n<p>\u200c<\/p>\n<p>Lisez-le, vous ressentirez vous aussi ce sentiment et le recommanderez \u00e0 vos amiEs&#8230;<\/p>\n<p>La vie est ailleurs ; en nous&#8230;<\/p>\n<p>\u200c<\/p>\n<p>***<\/p>\n<p>\u200c<\/p>\n<p>\u00abLa vie est ailleurs\u00bb\u2019de \u00d6mer F. \u00d6zen T\u00fcrk ve Kebek toplumunu birle\u015ftiriyor; daha da ileri gidiyor ve evrensel bir bar\u0131\u015f \u00f6zlemiyle ya\u015fam\u0131n i\u00e7ine sokuyor bizi. Genel ve \u00f6zel ya\u015famlardan \u00f6rnekler verirken, ya\u015fad\u0131klar\u0131m\u0131z\u0131n a\u011f\u0131rl\u0131\u011f\u0131 alt\u0131nda ezilmeden, \u00f6zlemi\u015f oldu\u011fumuz bir ya\u015fam\u0131n ba\u015fka bir yerde, i\u00e7imizde oldu\u011funu okurlar\u0131na duyumsat\u0131yor.<\/p>\n<p>\u200c<\/p>\n<p>Okuyun, siz de bu duyguyu tadacak ve dostlar\u0131n\u0131za da \u00f6nereceksiniz&#8230;<\/p>\n<p>Ya\u015fam ba\u015fka yerde; i\u00e7imizde&#8230;<\/p>\n","protected":false},"excerpt":{"rendered":"<p>Dans \u00ab La vie est ailleurs \u00bb, \u00d6mer F. \u00d6zen unit les soci\u00e9t\u00e9s turque et qu\u00e9b\u00e9coise ; cela va plus loin et nous fait vivre avec un d\u00e9sir universel de paix. Tout en donnant des exemples tir\u00e9s de la vie publique et priv\u00e9e, il fait sentir \u00e0 ses lecteurs et lectrices que la vie qui [&hellip;]<\/p>\n","protected":false},"featured_media":23033,"comment_status":"closed","ping_status":"closed","template":"","meta":[],"product_brand":[],"product_cat":[26],"product_tag":[],"class_list":{"0":"post-23032","1":"product","2":"type-product","3":"status-publish","4":"has-post-thumbnail","6":"product_cat-deneme","8":"first","9":"instock","10":"sale","11":"shipping-taxable","12":"purchasable","13":"product-type-simple"},"_links":{"self":[{"href":"https:\/\/kutluyayinevi.com\/magaza\/wp-json\/wp\/v2\/product\/23032","targetHints":{"allow":["GET"]}}],"collection":[{"href":"https:\/\/kutluyayinevi.com\/magaza\/wp-json\/wp\/v2\/product"}],"about":[{"href":"https:\/\/kutluyayinevi.com\/magaza\/wp-json\/wp\/v2\/types\/product"}],"replies":[{"embeddable":true,"href":"https:\/\/kutluyayinevi.com\/magaza\/wp-json\/wp\/v2\/comments?post=23032"}],"wp:featuredmedia":[{"embeddable":true,"href":"https:\/\/kutluyayinevi.com\/magaza\/wp-json\/wp\/v2\/media\/23033"}],"wp:attachment":[{"href":"https:\/\/kutluyayinevi.com\/magaza\/wp-json\/wp\/v2\/media?parent=23032"}],"wp:term":[{"taxonomy":"product_brand","embeddable":true,"href":"https:\/\/kutluyayinevi.com\/magaza\/wp-json\/wp\/v2\/product_brand?post=23032"},{"taxonomy":"product_cat","embeddable":true,"href":"https:\/\/kutluyayinevi.com\/magaza\/wp-json\/wp\/v2\/product_cat?post=23032"},{"taxonomy":"product_tag","embeddable":true,"href":"https:\/\/kutluyayinevi.com\/magaza\/wp-json\/wp\/v2\/product_tag?post=23032"}],"curies":[{"name":"wp","href":"https:\/\/api.w.org\/{rel}","templated":true}]}}