{"id":23041,"date":"2024-05-10T13:44:17","date_gmt":"2024-05-10T10:44:17","guid":{"rendered":"https:\/\/kutluyayinevi.com\/magaza\/?post_type=product&#038;p=23041"},"modified":"2026-02-19T15:31:37","modified_gmt":"2026-02-19T12:31:37","slug":"borsa-istanbul-ve-adaptif-piyasa-hipotezi-sermet-dogan","status":"publish","type":"product","link":"https:\/\/kutluyayinevi.com\/magaza\/urun\/borsa-istanbul-ve-adaptif-piyasa-hipotezi-sermet-dogan\/","title":{"rendered":"Borsa \u0130stanbul ve Adaptif Piyasa Hipotezi &#8211; Sermet Do\u011fan"},"content":{"rendered":"<p>Borsa \u0130stanbul ve Adaptif Piyasa Hipotezi<br \/>\nPiyasalar\u0131n \u201cetkin\u201d ya da \u201cetkin olmay\u0131\u015f\u0131\u201d bir yat\u0131r\u0131mc\u0131 i\u00e7in ne ifade etmelidir? Etkin bir piyasada, analiz ara\u00e7lar\u0131n\u0131 kullanarak fiyat\u0131n ya da getirinin ne olaca\u011f\u0131 tahmin edilebilir mi?<br \/>\nBorsaya yat\u0131r\u0131m yapmadan \u00f6nce bir\u00e7ok insan, genellikle \u00f6nce kendi ara\u015ft\u0131rmas\u0131n\u0131 yapar ve kararlar\u0131n\u0131 kendileri verirler. Bu yolculu\u011fa \u00e7\u0131kanlar, daha \u00f6nce hi\u00e7 duymad\u0131\u011f\u0131 terimler ve ayr\u0131nt\u0131lar ile kar\u015f\u0131la\u015f\u0131rlar. \u00c7o\u011funun atlad\u0131\u011f\u0131 ilk nokta ise \u00f6ncelikle piyasalar\u0131n nas\u0131l \u00e7al\u0131\u015ft\u0131\u011f\u0131, hangi dinamikler ile y\u00f6n buldu\u011fu konusunda bilgi birikimi yapmakt\u0131r. Oysa ki, piyasa ekosisteminin yap\u0131s\u0131n\u0131, matemati\u011fini ve i\u015fleyi\u015fini bilmek, di\u011fer analiz ve tahmin y\u00f6ntemlerinin yan\u0131nda yat\u0131r\u0131mc\u0131ya \u00f6nemli avantajlar sa\u011flayabilmektedir.<br \/>\nElinizdeki bu kitapta, tahmin metotlar\u0131n\u0131n, \u00f6zellikle de son y\u0131llarda daha pop\u00fcler hale gelen teknik analiz konusunun, ne zaman i\u015flevsel, ne zaman yarars\u0131z olabilece\u011fi konusunda \u00e7\u0131kar\u0131mlar yapman\u0131z\u0131 sa\u011flayacak bilgiler bulunmakta ve sermaye piyasalar\u0131n\u0131 daha iyi anlaman\u0131z\u0131 sa\u011flayacak notlara yer verilmektedir.<\/p>\n","protected":false},"excerpt":{"rendered":"<p>Borsa \u0130stanbul ve Adaptif Piyasa Hipotezi Piyasalar\u0131n \u201cetkin\u201d ya da \u201cetkin olmay\u0131\u015f\u0131\u201d bir yat\u0131r\u0131mc\u0131 i\u00e7in ne ifade etmelidir? Etkin bir piyasada, analiz ara\u00e7lar\u0131n\u0131 kullanarak fiyat\u0131n ya da getirinin ne olaca\u011f\u0131 tahmin edilebilir mi? Borsaya yat\u0131r\u0131m yapmadan \u00f6nce bir\u00e7ok insan, genellikle \u00f6nce kendi ara\u015ft\u0131rmas\u0131n\u0131 yapar ve kararlar\u0131n\u0131 kendileri verirler. Bu yolculu\u011fa \u00e7\u0131kanlar, daha \u00f6nce hi\u00e7 duymad\u0131\u011f\u0131 [&hellip;]<\/p>\n","protected":false},"featured_media":23042,"comment_status":"closed","ping_status":"closed","template":"","meta":[],"product_brand":[],"product_cat":[28],"product_tag":[],"class_list":{"0":"post-23041","1":"product","2":"type-product","3":"status-publish","4":"has-post-thumbnail","6":"product_cat-aratirma-inceleme","8":"first","9":"instock","10":"sale","11":"shipping-taxable","12":"purchasable","13":"product-type-simple"},"_links":{"self":[{"href":"https:\/\/kutluyayinevi.com\/magaza\/wp-json\/wp\/v2\/product\/23041","targetHints":{"allow":["GET"]}}],"collection":[{"href":"https:\/\/kutluyayinevi.com\/magaza\/wp-json\/wp\/v2\/product"}],"about":[{"href":"https:\/\/kutluyayinevi.com\/magaza\/wp-json\/wp\/v2\/types\/product"}],"replies":[{"embeddable":true,"href":"https:\/\/kutluyayinevi.com\/magaza\/wp-json\/wp\/v2\/comments?post=23041"}],"wp:featuredmedia":[{"embeddable":true,"href":"https:\/\/kutluyayinevi.com\/magaza\/wp-json\/wp\/v2\/media\/23042"}],"wp:attachment":[{"href":"https:\/\/kutluyayinevi.com\/magaza\/wp-json\/wp\/v2\/media?parent=23041"}],"wp:term":[{"taxonomy":"product_brand","embeddable":true,"href":"https:\/\/kutluyayinevi.com\/magaza\/wp-json\/wp\/v2\/product_brand?post=23041"},{"taxonomy":"product_cat","embeddable":true,"href":"https:\/\/kutluyayinevi.com\/magaza\/wp-json\/wp\/v2\/product_cat?post=23041"},{"taxonomy":"product_tag","embeddable":true,"href":"https:\/\/kutluyayinevi.com\/magaza\/wp-json\/wp\/v2\/product_tag?post=23041"}],"curies":[{"name":"wp","href":"https:\/\/api.w.org\/{rel}","templated":true}]}}