{"id":23055,"date":"2024-05-15T14:09:38","date_gmt":"2024-05-15T11:09:38","guid":{"rendered":"https:\/\/kutluyayinevi.com\/magaza\/?post_type=product&#038;p=23055"},"modified":"2026-02-20T09:43:14","modified_gmt":"2026-02-20T06:43:14","slug":"farkli-bir-evrende-tutku-semerciler","status":"publish","type":"product","link":"https:\/\/kutluyayinevi.com\/magaza\/urun\/farkli-bir-evrende-tutku-semerciler\/","title":{"rendered":"Farkl\u0131 Bir Evrende &#8211; Tutku Semerciler"},"content":{"rendered":"<div class=\"phenom-desc\">\n<div class=\"comment-container\">\n<div class=\"action-comment can-view-video markeddown js-comment is-comments-rewrite\" dir=\"auto\">\n<div class=\"current-comment js-friendly-links js-open-card\">\n<p>Paralel evrenlerin kesi\u015fti\u011fi noktalar ve karakterlerin ba\u015f\u0131na gelen olaylar\u2026 Evrenler aras\u0131 a\u00e7\u0131lan kap\u0131lar\u2026 Bu kap\u0131lar sonsuza dek a\u00e7\u0131k kalabilecek mi? Yoksa evrenler aras\u0131 ge\u00e7i\u015fi sa\u011flayan bu kap\u0131lar\u0131n her zaman kapal\u0131 m\u0131 olmas\u0131 gerekiyor?<\/p>\n<\/div>\n<\/div>\n<\/div>\n<\/div>\n","protected":false},"excerpt":{"rendered":"<p>Paralel evrenlerin kesi\u015fti\u011fi noktalar ve karakterlerin ba\u015f\u0131na gelen olaylar\u2026 Evrenler aras\u0131 a\u00e7\u0131lan kap\u0131lar\u2026 Bu kap\u0131lar sonsuza dek a\u00e7\u0131k kalabilecek mi? Yoksa evrenler aras\u0131 ge\u00e7i\u015fi sa\u011flayan bu kap\u0131lar\u0131n her zaman kapal\u0131 m\u0131 olmas\u0131 gerekiyor?<\/p>\n","protected":false},"featured_media":23057,"comment_status":"closed","ping_status":"closed","template":"","meta":[],"product_brand":[],"product_cat":[107],"product_tag":[],"class_list":{"0":"post-23055","1":"product","2":"type-product","3":"status-publish","4":"has-post-thumbnail","6":"product_cat-oyku","8":"first","9":"instock","10":"sale","11":"shipping-taxable","12":"purchasable","13":"product-type-simple"},"_links":{"self":[{"href":"https:\/\/kutluyayinevi.com\/magaza\/wp-json\/wp\/v2\/product\/23055","targetHints":{"allow":["GET"]}}],"collection":[{"href":"https:\/\/kutluyayinevi.com\/magaza\/wp-json\/wp\/v2\/product"}],"about":[{"href":"https:\/\/kutluyayinevi.com\/magaza\/wp-json\/wp\/v2\/types\/product"}],"replies":[{"embeddable":true,"href":"https:\/\/kutluyayinevi.com\/magaza\/wp-json\/wp\/v2\/comments?post=23055"}],"wp:featuredmedia":[{"embeddable":true,"href":"https:\/\/kutluyayinevi.com\/magaza\/wp-json\/wp\/v2\/media\/23057"}],"wp:attachment":[{"href":"https:\/\/kutluyayinevi.com\/magaza\/wp-json\/wp\/v2\/media?parent=23055"}],"wp:term":[{"taxonomy":"product_brand","embeddable":true,"href":"https:\/\/kutluyayinevi.com\/magaza\/wp-json\/wp\/v2\/product_brand?post=23055"},{"taxonomy":"product_cat","embeddable":true,"href":"https:\/\/kutluyayinevi.com\/magaza\/wp-json\/wp\/v2\/product_cat?post=23055"},{"taxonomy":"product_tag","embeddable":true,"href":"https:\/\/kutluyayinevi.com\/magaza\/wp-json\/wp\/v2\/product_tag?post=23055"}],"curies":[{"name":"wp","href":"https:\/\/api.w.org\/{rel}","templated":true}]}}