{"id":23138,"date":"2024-06-04T12:43:07","date_gmt":"2024-06-04T09:43:07","guid":{"rendered":"https:\/\/kutluyayinevi.com\/magaza\/?post_type=product&#038;p=23138"},"modified":"2026-02-23T11:22:22","modified_gmt":"2026-02-23T08:22:22","slug":"yuzme-psikolojisi-cengizhan-cebi-duygu-ozdemir","status":"publish","type":"product","link":"https:\/\/kutluyayinevi.com\/magaza\/urun\/yuzme-psikolojisi-cengizhan-cebi-duygu-ozdemir\/","title":{"rendered":"Y\u00fczme Psikolojisi &#8211; Cengizhan \u00c7ebi &#8211; Duygu \u00d6zdemir"},"content":{"rendered":"<div class=\"phenom-desc\">\n<div class=\"comment-container\">\n<div class=\"action-comment can-view-video markeddown js-comment is-comments-rewrite\" dir=\"auto\">\n<div class=\"current-comment js-friendly-links js-open-card\">\n<p>Y\u00fczme bran\u015f\u0131nda geli\u015fim ve ba\u015far\u0131 s\u00fcreci \u00f6zveri ve bilimsel bir sistem gerektirir. Sporcu, antren\u00f6r, velilerden, yard\u0131mc\u0131 sa\u011fl\u0131k ekibine kadar bir tak\u0131m \u00e7al\u0131\u015fmas\u0131na ihtiya\u00e7 duyar. Y\u00fczme psikolojisi eseri, y\u00fczme bran\u015f\u0131n\u0131n psikolojisine multidisipliner bir bak\u0131\u015f a\u00e7\u0131s\u0131yla spor bilimi ve psikoloji bilimlerini sentezleyerek y\u00fczme antren\u00f6r\u00fc ve psikolog g\u00f6z\u00fcyle yazd\u0131\u011f\u0131m\u0131z bir eserdir. Y\u00fczme camias\u0131na faydal\u0131 olmas\u0131 dile\u011fiyle\u2026<\/p>\n<\/div>\n<\/div>\n<\/div>\n<\/div>\n","protected":false},"excerpt":{"rendered":"<p>Y\u00fczme bran\u015f\u0131nda geli\u015fim ve ba\u015far\u0131 s\u00fcreci \u00f6zveri ve bilimsel bir sistem gerektirir. Sporcu, antren\u00f6r, velilerden, yard\u0131mc\u0131 sa\u011fl\u0131k ekibine kadar bir tak\u0131m \u00e7al\u0131\u015fmas\u0131na ihtiya\u00e7 duyar. Y\u00fczme psikolojisi eseri, y\u00fczme bran\u015f\u0131n\u0131n psikolojisine multidisipliner bir bak\u0131\u015f a\u00e7\u0131s\u0131yla spor bilimi ve psikoloji bilimlerini sentezleyerek y\u00fczme antren\u00f6r\u00fc ve psikolog g\u00f6z\u00fcyle yazd\u0131\u011f\u0131m\u0131z bir eserdir. Y\u00fczme camias\u0131na faydal\u0131 olmas\u0131 dile\u011fiyle\u2026<\/p>\n","protected":false},"featured_media":23139,"comment_status":"closed","ping_status":"closed","template":"","meta":[],"product_brand":[],"product_cat":[28],"product_tag":[],"class_list":{"0":"post-23138","1":"product","2":"type-product","3":"status-publish","4":"has-post-thumbnail","6":"product_cat-aratirma-inceleme","8":"first","9":"instock","10":"sale","11":"shipping-taxable","12":"purchasable","13":"product-type-simple"},"_links":{"self":[{"href":"https:\/\/kutluyayinevi.com\/magaza\/wp-json\/wp\/v2\/product\/23138","targetHints":{"allow":["GET"]}}],"collection":[{"href":"https:\/\/kutluyayinevi.com\/magaza\/wp-json\/wp\/v2\/product"}],"about":[{"href":"https:\/\/kutluyayinevi.com\/magaza\/wp-json\/wp\/v2\/types\/product"}],"replies":[{"embeddable":true,"href":"https:\/\/kutluyayinevi.com\/magaza\/wp-json\/wp\/v2\/comments?post=23138"}],"wp:featuredmedia":[{"embeddable":true,"href":"https:\/\/kutluyayinevi.com\/magaza\/wp-json\/wp\/v2\/media\/23139"}],"wp:attachment":[{"href":"https:\/\/kutluyayinevi.com\/magaza\/wp-json\/wp\/v2\/media?parent=23138"}],"wp:term":[{"taxonomy":"product_brand","embeddable":true,"href":"https:\/\/kutluyayinevi.com\/magaza\/wp-json\/wp\/v2\/product_brand?post=23138"},{"taxonomy":"product_cat","embeddable":true,"href":"https:\/\/kutluyayinevi.com\/magaza\/wp-json\/wp\/v2\/product_cat?post=23138"},{"taxonomy":"product_tag","embeddable":true,"href":"https:\/\/kutluyayinevi.com\/magaza\/wp-json\/wp\/v2\/product_tag?post=23138"}],"curies":[{"name":"wp","href":"https:\/\/api.w.org\/{rel}","templated":true}]}}