{"id":23143,"date":"2024-06-04T12:52:40","date_gmt":"2024-06-04T09:52:40","guid":{"rendered":"https:\/\/kutluyayinevi.com\/magaza\/?post_type=product&#038;p=23143"},"modified":"2025-02-10T14:54:23","modified_gmt":"2025-02-10T11:54:23","slug":"leh-aleyh-burak-sen","status":"publish","type":"product","link":"https:\/\/kutluyayinevi.com\/magaza\/urun\/leh-aleyh-burak-sen\/","title":{"rendered":"Leh &#038; Aleyh &#8211; Burak \u015een"},"content":{"rendered":"<p>Leh ve Aleyh&#8230; Yani hem taraf\u0131mdayd\u0131 \u015fiirler gibi, hem kar\u015f\u0131mda&#8230;<br \/>\nMevzubahis bu duruma ithafendi.<br \/>\nHem sevindirir hem \u00fczerdi edebiyat gibi.<br \/>\n\u0130\u015fte bu sat\u0131rlar b\u00f6ylesi bir \u00e7eli\u015fkinin neticesi&#8230;<\/p>\n","protected":false},"excerpt":{"rendered":"<p>Leh ve Aleyh&#8230; Yani hem taraf\u0131mdayd\u0131 \u015fiirler gibi, hem kar\u015f\u0131mda&#8230; Mevzubahis bu duruma ithafendi. Hem sevindirir hem \u00fczerdi edebiyat gibi. \u0130\u015fte bu sat\u0131rlar b\u00f6ylesi bir \u00e7eli\u015fkinin neticesi&#8230;<\/p>\n","protected":false},"featured_media":23144,"comment_status":"closed","ping_status":"closed","template":"","meta":[],"product_brand":[],"product_cat":[22],"product_tag":[],"class_list":{"0":"post-23143","1":"product","2":"type-product","3":"status-publish","4":"has-post-thumbnail","6":"product_cat-siir","8":"first","9":"instock","10":"sale","11":"shipping-taxable","12":"purchasable","13":"product-type-simple"},"_links":{"self":[{"href":"https:\/\/kutluyayinevi.com\/magaza\/wp-json\/wp\/v2\/product\/23143","targetHints":{"allow":["GET"]}}],"collection":[{"href":"https:\/\/kutluyayinevi.com\/magaza\/wp-json\/wp\/v2\/product"}],"about":[{"href":"https:\/\/kutluyayinevi.com\/magaza\/wp-json\/wp\/v2\/types\/product"}],"replies":[{"embeddable":true,"href":"https:\/\/kutluyayinevi.com\/magaza\/wp-json\/wp\/v2\/comments?post=23143"}],"wp:featuredmedia":[{"embeddable":true,"href":"https:\/\/kutluyayinevi.com\/magaza\/wp-json\/wp\/v2\/media\/23144"}],"wp:attachment":[{"href":"https:\/\/kutluyayinevi.com\/magaza\/wp-json\/wp\/v2\/media?parent=23143"}],"wp:term":[{"taxonomy":"product_brand","embeddable":true,"href":"https:\/\/kutluyayinevi.com\/magaza\/wp-json\/wp\/v2\/product_brand?post=23143"},{"taxonomy":"product_cat","embeddable":true,"href":"https:\/\/kutluyayinevi.com\/magaza\/wp-json\/wp\/v2\/product_cat?post=23143"},{"taxonomy":"product_tag","embeddable":true,"href":"https:\/\/kutluyayinevi.com\/magaza\/wp-json\/wp\/v2\/product_tag?post=23143"}],"curies":[{"name":"wp","href":"https:\/\/api.w.org\/{rel}","templated":true}]}}