{"id":23221,"date":"2024-07-23T13:07:40","date_gmt":"2024-07-23T10:07:40","guid":{"rendered":"https:\/\/kutluyayinevi.com\/magaza\/?post_type=product&#038;p=23221"},"modified":"2026-02-20T09:35:55","modified_gmt":"2026-02-20T06:35:55","slug":"evliliklerde-neden-ayriliyoruz-gulnaz-calikoglu","status":"publish","type":"product","link":"https:\/\/kutluyayinevi.com\/magaza\/urun\/evliliklerde-neden-ayriliyoruz-gulnaz-calikoglu\/","title":{"rendered":"Evliliklerde Neden Ayr\u0131l\u0131yoruz? &#8211; G\u00fclnaz \u00c7al\u0131ko\u011flu"},"content":{"rendered":"<p>Hayat yolumuzu yaln\u0131z y\u00fcr\u00fcmemek ad\u0131na bir evlilik yaparak bir ba\u015flang\u0131\u00e7 yapar\u0131z. B\u00fct\u00fcn evliliklerde oldu\u011fu gibi bir hayat kurma i\u015fine bir ki\u015fi olarak karar<br \/>\nveremedi\u011fimiz gibi s\u00fcrd\u00fcrmek i\u00e7in de sadece bir ki\u015finin<br \/>\n\u00e7abas\u0131 yetmez.\u0130ki ki\u015fin uyum i\u00e7inde olmas\u0131 gereken bir anlay\u0131\u015f gerekir. Evlilikte ben kelimesi ne kadar kullan\u0131l\u0131yor ise o kadar sorun kayna\u011f\u0131 var demektir.Ben ve sen olarak de\u011fil, beraber biz olmay\u0131 ba\u015farmak gerekiyor.B\u00fct\u00fcn ili\u015fkilerde oldu\u011fu gibi \u00f6zellikle evlilikte kar\u015f\u0131l\u0131kl\u0131 anlay\u0131\u015f temeline oturtmak evlili\u011fi sa\u011flamla\u015ft\u0131racak ve uzun \u00f6m\u00fcrl\u00fc olmas\u0131n\u0131 sa\u011flayacakt\u0131r. \u0130li\u015fkilerde temel ta\u015flar \u00e7ok \u00f6nemli. Sen, ben de\u011fil!<br \/>\nBiz kural\u0131 !!!<br \/>\nEvliliklerde kar\u015f\u0131l\u0131kl\u0131 anlay\u0131\u015f ve \u00e7aba \u015fartt\u0131r .<br \/>\nAma zorlama ile olmayacak bir \u00e7aba gerektirir . Mutlu bir yuvan\u0131n temelini sa\u011flam temellere oturtmak i\u00e7in temel \u015fartlardan olan kar\u015f\u0131l\u0131kl\u0131 ileti\u015fim \u00e7abas\u0131 \u015fartt\u0131r, ve kural\u0131 hep hat\u0131rlamak, ben, sen de\u011fil !!! Biz kural\u0131\u2026<\/p>\n","protected":false},"excerpt":{"rendered":"<p>Hayat yolumuzu yaln\u0131z y\u00fcr\u00fcmemek ad\u0131na bir evlilik yaparak bir ba\u015flang\u0131\u00e7 yapar\u0131z. B\u00fct\u00fcn evliliklerde oldu\u011fu gibi bir hayat kurma i\u015fine bir ki\u015fi olarak karar veremedi\u011fimiz gibi s\u00fcrd\u00fcrmek i\u00e7in de sadece bir ki\u015finin \u00e7abas\u0131 yetmez.\u0130ki ki\u015fin uyum i\u00e7inde olmas\u0131 gereken bir anlay\u0131\u015f gerekir. Evlilikte ben kelimesi ne kadar kullan\u0131l\u0131yor ise o kadar sorun kayna\u011f\u0131 var demektir.Ben ve [&hellip;]<\/p>\n","protected":false},"featured_media":23222,"comment_status":"closed","ping_status":"closed","template":"","meta":[],"product_brand":[],"product_cat":[32],"product_tag":[],"class_list":{"0":"post-23221","1":"product","2":"type-product","3":"status-publish","4":"has-post-thumbnail","6":"product_cat-kisisel-gelisim","8":"first","9":"instock","10":"sale","11":"shipping-taxable","12":"purchasable","13":"product-type-simple"},"_links":{"self":[{"href":"https:\/\/kutluyayinevi.com\/magaza\/wp-json\/wp\/v2\/product\/23221","targetHints":{"allow":["GET"]}}],"collection":[{"href":"https:\/\/kutluyayinevi.com\/magaza\/wp-json\/wp\/v2\/product"}],"about":[{"href":"https:\/\/kutluyayinevi.com\/magaza\/wp-json\/wp\/v2\/types\/product"}],"replies":[{"embeddable":true,"href":"https:\/\/kutluyayinevi.com\/magaza\/wp-json\/wp\/v2\/comments?post=23221"}],"wp:featuredmedia":[{"embeddable":true,"href":"https:\/\/kutluyayinevi.com\/magaza\/wp-json\/wp\/v2\/media\/23222"}],"wp:attachment":[{"href":"https:\/\/kutluyayinevi.com\/magaza\/wp-json\/wp\/v2\/media?parent=23221"}],"wp:term":[{"taxonomy":"product_brand","embeddable":true,"href":"https:\/\/kutluyayinevi.com\/magaza\/wp-json\/wp\/v2\/product_brand?post=23221"},{"taxonomy":"product_cat","embeddable":true,"href":"https:\/\/kutluyayinevi.com\/magaza\/wp-json\/wp\/v2\/product_cat?post=23221"},{"taxonomy":"product_tag","embeddable":true,"href":"https:\/\/kutluyayinevi.com\/magaza\/wp-json\/wp\/v2\/product_tag?post=23221"}],"curies":[{"name":"wp","href":"https:\/\/api.w.org\/{rel}","templated":true}]}}