{"id":23236,"date":"2024-08-07T10:00:13","date_gmt":"2024-08-07T07:00:13","guid":{"rendered":"https:\/\/kutluyayinevi.com\/magaza\/?post_type=product&#038;p=23236"},"modified":"2026-02-23T10:11:29","modified_gmt":"2026-02-23T07:11:29","slug":"siirim-siirin-olsun-omer-duman","status":"publish","type":"product","link":"https:\/\/kutluyayinevi.com\/magaza\/urun\/siirim-siirin-olsun-omer-duman\/","title":{"rendered":"\u015eiirim \u015eiirin Olsun &#8211; \u00d6mer Duman"},"content":{"rendered":"<p>\u201c\u015eiirim \u015eiirin Olsun\u201d kitab\u0131 \u2018Ya\u015famadan olmaz\u2019 d\u00fc\u015f\u00fcncesinin m\u0131sralara yans\u0131mas\u0131d\u0131r.<\/p>\n<p>G\u00fcnler h\u0131zla ge\u00e7erken arkas\u0131nda yorgun y\u00fcrekler b\u0131rak\u0131yordu. Ne duyular ne de duygular i\u015fe yar\u0131yordu; zaman ac\u0131madan ilerlerken.<\/p>\n<p>\u0130nsano\u011flu umutla an\u0131lar biriktiriyordu. Bu da ge\u00e7ti dedi\u011fimiz ka\u00e7 an\u0131m\u0131z\u0131 unutabildik, g\u00f6m\u00fcl\u00fcp gidenler bile hayallerimizde ya\u015farken\u2026<\/p>\n<p>Bug\u00fcnk\u00fc duygu ve d\u00fc\u015f\u00fcnce d\u00fcnyam\u0131n, ge\u00e7mi\u015fin zengin an\u0131lar\u0131yla mayaland\u0131\u011f\u0131n\u0131 d\u00fc\u015f\u00fcn\u00fcyorum. \u201cYa\u015famadan olmaz\u201d diyerek kaleme ald\u0131\u011f\u0131m bu eserde siz de mutlaka kalbinize dokunacak bir \u015fiirle kar\u015f\u0131la\u015facaks\u0131n\u0131z.<\/p>\n<p>Y\u00fcre\u011fim \u015fiirlerime akt\u0131, \u015fiirlerim y\u00fcre\u011finize aks\u0131n\u2026<\/p>\n","protected":false},"excerpt":{"rendered":"<p>\u201c\u015eiirim \u015eiirin Olsun\u201d kitab\u0131 \u2018Ya\u015famadan olmaz\u2019 d\u00fc\u015f\u00fcncesinin m\u0131sralara yans\u0131mas\u0131d\u0131r. G\u00fcnler h\u0131zla ge\u00e7erken arkas\u0131nda yorgun y\u00fcrekler b\u0131rak\u0131yordu. Ne duyular ne de duygular i\u015fe yar\u0131yordu; zaman ac\u0131madan ilerlerken. \u0130nsano\u011flu umutla an\u0131lar biriktiriyordu. Bu da ge\u00e7ti dedi\u011fimiz ka\u00e7 an\u0131m\u0131z\u0131 unutabildik, g\u00f6m\u00fcl\u00fcp gidenler bile hayallerimizde ya\u015farken\u2026 Bug\u00fcnk\u00fc duygu ve d\u00fc\u015f\u00fcnce d\u00fcnyam\u0131n, ge\u00e7mi\u015fin zengin an\u0131lar\u0131yla mayaland\u0131\u011f\u0131n\u0131 d\u00fc\u015f\u00fcn\u00fcyorum. \u201cYa\u015famadan olmaz\u201d diyerek [&hellip;]<\/p>\n","protected":false},"featured_media":23237,"comment_status":"closed","ping_status":"closed","template":"","meta":[],"product_brand":[],"product_cat":[22],"product_tag":[],"class_list":{"0":"post-23236","1":"product","2":"type-product","3":"status-publish","4":"has-post-thumbnail","6":"product_cat-siir","8":"first","9":"instock","10":"sale","11":"shipping-taxable","12":"purchasable","13":"product-type-simple"},"_links":{"self":[{"href":"https:\/\/kutluyayinevi.com\/magaza\/wp-json\/wp\/v2\/product\/23236","targetHints":{"allow":["GET"]}}],"collection":[{"href":"https:\/\/kutluyayinevi.com\/magaza\/wp-json\/wp\/v2\/product"}],"about":[{"href":"https:\/\/kutluyayinevi.com\/magaza\/wp-json\/wp\/v2\/types\/product"}],"replies":[{"embeddable":true,"href":"https:\/\/kutluyayinevi.com\/magaza\/wp-json\/wp\/v2\/comments?post=23236"}],"wp:featuredmedia":[{"embeddable":true,"href":"https:\/\/kutluyayinevi.com\/magaza\/wp-json\/wp\/v2\/media\/23237"}],"wp:attachment":[{"href":"https:\/\/kutluyayinevi.com\/magaza\/wp-json\/wp\/v2\/media?parent=23236"}],"wp:term":[{"taxonomy":"product_brand","embeddable":true,"href":"https:\/\/kutluyayinevi.com\/magaza\/wp-json\/wp\/v2\/product_brand?post=23236"},{"taxonomy":"product_cat","embeddable":true,"href":"https:\/\/kutluyayinevi.com\/magaza\/wp-json\/wp\/v2\/product_cat?post=23236"},{"taxonomy":"product_tag","embeddable":true,"href":"https:\/\/kutluyayinevi.com\/magaza\/wp-json\/wp\/v2\/product_tag?post=23236"}],"curies":[{"name":"wp","href":"https:\/\/api.w.org\/{rel}","templated":true}]}}