{"id":23247,"date":"2024-08-13T09:19:05","date_gmt":"2024-08-13T06:19:05","guid":{"rendered":"https:\/\/kutluyayinevi.com\/magaza\/?post_type=product&#038;p=23247"},"modified":"2026-02-23T11:24:16","modified_gmt":"2026-02-23T08:24:16","slug":"zayifligin-golgesinde-gucun-yukselisi-serkan-silgir","status":"publish","type":"product","link":"https:\/\/kutluyayinevi.com\/magaza\/urun\/zayifligin-golgesinde-gucun-yukselisi-serkan-silgir\/","title":{"rendered":"Zay\u0131fl\u0131\u011f\u0131n G\u00f6lgesinde G\u00fcc\u00fcn Y\u00fckseli\u015fi &#8211; Serkan S\u0131lg\u0131r"},"content":{"rendered":"<p>Tahsin, hayat\u0131n\u0131 kendi ayaklar\u0131 \u00fczerinde duran, yaln\u0131z bir gen\u00e7 olarak s\u00fcrd\u00fcrmektedir. Her zamanki gibi bir g\u00fcne uyan\u0131rken, onu sarsacak bir not bulur. Bu not, s\u0131radan g\u00f6r\u00fcnen hayat\u0131n\u0131n alt\u0131nda yatan b\u00fcy\u00fck bir s\u0131rr\u0131 ortaya \u00e7\u0131karacakt\u0131r. Tahsin, kendini bir anda heyecan ve macera dolu bir yolculu\u011fun i\u00e7inde bulur. Pe\u015fine d\u00fc\u015ft\u00fc\u011f\u00fc not, onu g\u00fc\u00e7l\u00fc ve k\u00f6kleri \u00e7ok eskiye dayanan bir ailenin tek erkek varisi oldu\u011funu \u00f6\u011frenmeye y\u00f6nlendirecektir. Ge\u00e7mi\u015fin karanl\u0131k s\u0131rlar\u0131n\u0131 ke\u015ffederken, Tahsin asl\u0131nda zay\u0131fl\u0131\u011f\u0131n g\u00f6lgesinde saklanan b\u00fcy\u00fck bir g\u00fcce sahip oldu\u011funu fark eder. Aile s\u0131rlar\u0131n\u0131 a\u00e7\u0131\u011fa \u00e7\u0131karan Tahsin, kaderin ona \u00e7izdi\u011fi yolda ilerlerken, zay\u0131fl\u0131klar\u0131ndan g\u00fc\u00e7 kazanmay\u0131 ve ailesini y\u00f6netmeyi \u00f6\u011frenir. Heyecan ve g\u00fc\u00e7l\u00fc bir d\u00f6n\u00fc\u015f\u00fcm hikayesiyle &#8220;Zay\u0131fl\u0131\u011f\u0131n G\u00f6lgesinde G\u00fcc\u00fcn Y\u00fckseli\u015fi&#8221;, okuyucuyu s\u0131radan bir gen\u00e7ten b\u00fcy\u00fck bir lidere d\u00f6n\u00fc\u015fen Tahsin\u2019in d\u00fcnyas\u0131na davet ediyor&#8230;<\/p>\n","protected":false},"excerpt":{"rendered":"<p>Tahsin, hayat\u0131n\u0131 kendi ayaklar\u0131 \u00fczerinde duran, yaln\u0131z bir gen\u00e7 olarak s\u00fcrd\u00fcrmektedir. Her zamanki gibi bir g\u00fcne uyan\u0131rken, onu sarsacak bir not bulur. Bu not, s\u0131radan g\u00f6r\u00fcnen hayat\u0131n\u0131n alt\u0131nda yatan b\u00fcy\u00fck bir s\u0131rr\u0131 ortaya \u00e7\u0131karacakt\u0131r. Tahsin, kendini bir anda heyecan ve macera dolu bir yolculu\u011fun i\u00e7inde bulur. Pe\u015fine d\u00fc\u015ft\u00fc\u011f\u00fc not, onu g\u00fc\u00e7l\u00fc ve k\u00f6kleri \u00e7ok eskiye [&hellip;]<\/p>\n","protected":false},"featured_media":23248,"comment_status":"closed","ping_status":"closed","template":"","meta":[],"product_brand":[],"product_cat":[24],"product_tag":[],"class_list":{"0":"post-23247","1":"product","2":"type-product","3":"status-publish","4":"has-post-thumbnail","6":"product_cat-roman","8":"first","9":"instock","10":"sale","11":"shipping-taxable","12":"purchasable","13":"product-type-simple"},"_links":{"self":[{"href":"https:\/\/kutluyayinevi.com\/magaza\/wp-json\/wp\/v2\/product\/23247","targetHints":{"allow":["GET"]}}],"collection":[{"href":"https:\/\/kutluyayinevi.com\/magaza\/wp-json\/wp\/v2\/product"}],"about":[{"href":"https:\/\/kutluyayinevi.com\/magaza\/wp-json\/wp\/v2\/types\/product"}],"replies":[{"embeddable":true,"href":"https:\/\/kutluyayinevi.com\/magaza\/wp-json\/wp\/v2\/comments?post=23247"}],"wp:featuredmedia":[{"embeddable":true,"href":"https:\/\/kutluyayinevi.com\/magaza\/wp-json\/wp\/v2\/media\/23248"}],"wp:attachment":[{"href":"https:\/\/kutluyayinevi.com\/magaza\/wp-json\/wp\/v2\/media?parent=23247"}],"wp:term":[{"taxonomy":"product_brand","embeddable":true,"href":"https:\/\/kutluyayinevi.com\/magaza\/wp-json\/wp\/v2\/product_brand?post=23247"},{"taxonomy":"product_cat","embeddable":true,"href":"https:\/\/kutluyayinevi.com\/magaza\/wp-json\/wp\/v2\/product_cat?post=23247"},{"taxonomy":"product_tag","embeddable":true,"href":"https:\/\/kutluyayinevi.com\/magaza\/wp-json\/wp\/v2\/product_tag?post=23247"}],"curies":[{"name":"wp","href":"https:\/\/api.w.org\/{rel}","templated":true}]}}